2020: Jan | Feb | Mar | Apr | May | Jun | Jul | Aug | Sep | Oct | Nov | Dec 
2019: Jan | Feb | Mar | Apr | May | Jun | Jul | Aug | Sep | Oct | Nov | Dec 
2018: Jan | Feb | Mar | Apr | May | Jun | Jul | Aug | Sep | Oct | Nov | Dec 
2017: Jan | Feb | Mar | Apr | May | Jun | Jul | Aug | Sep | Oct | Nov | Dec 
2016: Jan | Feb | Mar | Apr | May | Jun | Jul | Aug | Sep | Oct | Nov | Dec 
2015: Jan | Feb | Mar | Apr | May | Jun | Jul | Aug | Sep | Oct | Nov | Dec 
2014: Jan | Feb | Mar | Apr | May | Jun | Jul | Aug | Sep | Oct | Nov | Dec 
2013: Jan | Feb | Mar | Apr | May | Jun | Jul | Aug | Sep | Oct | Nov | Dec 
2012: Jan | Feb | Mar | Apr | May | Jun | Jul | Aug | Sep | Oct | Nov | Dec 
2011: Jan | Feb | Mar | Apr | May | Jun | Jul | Aug | Sep | Oct | Nov | Dec 
2010: Jan | Feb | Mar | Apr | May | Jun | Jul | Aug | Sep | Oct | Nov | Dec 
2009: Jan | Feb | Mar | Apr | May | Jun | Jul | Aug | Sep | Oct | Nov | Dec 
2008: Jan | Feb | Mar | Apr | May | Jun | Jul | Aug | Sep | Oct | Nov | Dec 
2007: Jan | Feb | Mar | Apr | May | Jun | Jul | Aug | Sep | Oct | Nov | Dec 

Report for 2020 01
MONTHLY CLIMATOLOGICAL SUMMARY for JAN. 2020 NAME: VantagePro2 CITY: Urswick STATE: Cumbria ELEV: 128 ft LAT: 54 09' 33" N LONG: 3 07' 24" W TEMPERATURE (C), RAIN (mm), WIND SPEED (mph) HEAT COOL AVG MEAN DEG DEG WIND DOM DAY TEMP HIGH TIME LOW TIME DAYS DAYS RAIN SPEED HIGH TIME DIR ------------------------------------------------------------------------------------ 1 4.3 6.2 16:00 0.4 9:15 13.9 0.0 0.0 0.0 0.0 --- --- 2 6.5 9.6 22:55 2.5 6:20 11.8 0.0 6.8 0.0 13.0 19:45 SE 3 6.2 9.4 0:05 3.9 5:30 12.1 0.0 0.2 0.0 14.0 2:25 NNW 4 7.4 8.5 12:30 6.6 0:40 10.9 0.0 0.0 0.0 7.0 3:25 SE 5 8.3 9.5 12:45 6.7 00:00 10.0 0.0 0.8 0.1 22.0 12:40 SE 6 7.2 8.7 14:45 5.8 0:30 11.1 0.0 8.0 0.0 6.0 10:45 SE 7 8.5 10.9 15:10 5.7 0:45 9.8 0.0 4.4 0.1 14.0 15:55 SE 8 7.0 10.4 0:20 3.6 19:45 11.3 0.0 3.4 0.0 10.0 0:10 SE 9 4.1 5.7 9:05 0.2 00:00 14.2 0.0 19.2 0.0 4.0 10:50 NNE 10 2.9 8.1 00:00 -2.1 6:20 15.4 0.0 2.2 0.0 11.0 00:00 SE 11 9.2 10.7 11:40 7.9 00:00 9.1 0.0 5.6 0.4 21.0 15:05 SSE 12 5.9 7.9 0:05 4.1 21:45 12.4 0.0 3.0 0.0 5.0 11:40 NNW 13 5.9 7.5 22:35 3.6 8:25 12.4 0.0 8.0 0.2 23.0 20:20 SE 14 5.8 7.1 0:05 4.7 17:45 12.5 0.0 11.8 0.1 20.0 0:10 SSE 15 6.8 8.4 13:45 5.3 00:00 11.4 0.0 0.0 0.3 18.0 4:00 SSE 16 7.2 9.5 16:35 4.9 0:30 11.1 0.0 3.8 0.0 10.0 16:10 SE 17 5.4 7.4 0:05 3.5 19:35 12.8 0.0 15.0 0.0 8.0 22:45 NW 18 3.8 6.2 13:00 -1.4 00:00 14.5 0.0 0.2 0.0 16.0 0:45 NW 19 0.2 3.9 13:45 -4.0 6:50 18.1 0.0 0.2 0.0 0.0 --- --- 20 4.2 7.1 23:45 -1.4 7:35 14.1 0.0 0.0 0.0 2.0 18:15 NNW 21 6.9 7.9 12:35 4.2 6:55 11.4 0.0 0.2 0.0 1.0 1:55 SW 22 7.9 10.0 13:20 7.1 9:05 10.4 0.0 0.2 0.0 1.0 5:25 N 23 6.9 7.9 13:20 4.7 16:40 11.4 0.0 0.4 0.0 0.0 --- --- 24 6.6 6.9 0:05 6.3 5:25 4.0 0.0 0.0 0.0 1.0 1:45 NW 25 26 27 28 29 30 31 ------------------------------------------------------------------------------------- 6.1 10.9 7 -4.0 19 286.2 0.0 93.4 0.1 23.0 13 SE Max >= 32.0: 0 Max <= 0.0: 0 Min <= 0.0: 4 Min <= -18.0: 0 Max Rain: 19.20 ON 09/01/20 Days of Rain: 19 (> .2 mm) 12 (> 2 mm) 0 (> 20 mm) Heat Base: 18.3 Cool Base: 18.3 Method: Integration