2020: Jan | Feb | Mar | Apr | May | Jun | Jul | Aug | Sep | Oct | Nov | Dec 
2019: Jan | Feb | Mar | Apr | May | Jun | Jul | Aug | Sep | Oct | Nov | Dec 
2018: Jan | Feb | Mar | Apr | May | Jun | Jul | Aug | Sep | Oct | Nov | Dec 
2017: Jan | Feb | Mar | Apr | May | Jun | Jul | Aug | Sep | Oct | Nov | Dec 
2016: Jan | Feb | Mar | Apr | May | Jun | Jul | Aug | Sep | Oct | Nov | Dec 
2015: Jan | Feb | Mar | Apr | May | Jun | Jul | Aug | Sep | Oct | Nov | Dec 
2014: Jan | Feb | Mar | Apr | May | Jun | Jul | Aug | Sep | Oct | Nov | Dec 
2013: Jan | Feb | Mar | Apr | May | Jun | Jul | Aug | Sep | Oct | Nov | Dec 
2012: Jan | Feb | Mar | Apr | May | Jun | Jul | Aug | Sep | Oct | Nov | Dec 
2011: Jan | Feb | Mar | Apr | May | Jun | Jul | Aug | Sep | Oct | Nov | Dec 
2010: Jan | Feb | Mar | Apr | May | Jun | Jul | Aug | Sep | Oct | Nov | Dec 
2009: Jan | Feb | Mar | Apr | May | Jun | Jul | Aug | Sep | Oct | Nov | Dec 
2008: Jan | Feb | Mar | Apr | May | Jun | Jul | Aug | Sep | Oct | Nov | Dec 
2007: Jan | Feb | Mar | Apr | May | Jun | Jul | Aug | Sep | Oct | Nov | Dec 

Report for 2007 03
MONTHLY CLIMATOLOGICAL SUMMARY for MAR. 2007 NAME: VantagePro2 CITY: Urswick STATE: Cumbria ELEV: 128 ft LAT: 54 09' 33" N LONG: 3 07' 24" W TEMPERATURE (C), RAIN (mm), WIND SPEED (mph) HEAT COOL AVG MEAN DEG DEG WIND DOM DAY TEMP HIGH TIME LOW TIME DAYS DAYS RAIN SPEED HIGH TIME DIR ------------------------------------------------------------------------------------ 1 2 3 4 5 6 7 8 9 10 11 12 13 14 15 16 8.8 8.8 23:40 8.7 22:30 1.4 0.0 0.0 4.8 15.0 21:00 NNW 17 9.1 10.3 8:15 7.7 14:30 9.3 0.0 8.2 6.9 27.0 19:10 NNW 18 4.5 9.8 0:05 1.2 19:15 13.8 0.0 5.8 11.0 40.0 7:55 NW 19 4.6 7.8 13:35 1.8 6:35 13.7 0.0 1.0 9.3 33.0 15:30 NNW 20 3.0 6.7 13:15 -0.4 22:20 15.3 0.0 0.0 4.4 21.0 1:30 NNE 21 2.5 6.9 13:40 -3.2 6:35 15.8 0.0 1.4 1.0 10.0 12:35 WSW 22 6.7 11.7 16:30 3.9 4:25 11.6 0.0 2.6 1.1 11.0 13:35 NE 23 6.9 12.6 13:50 2.6 4:30 11.4 0.0 0.0 1.9 15.0 11:40 ENE 24 6.4 12.6 14:05 0.1 3:25 11.9 0.0 0.0 1.4 11.0 17:40 ENE 25 9.1 13.3 16:25 5.6 3:15 8.9 0.0 0.0 3.2 19.0 12:25 ENE 26 9.5 16.8 15:50 4.7 6:30 8.8 0.0 0.0 2.0 12.0 13:40 ENE 27 10.1 17.4 16:25 2.6 7:00 8.2 0.0 0.0 0.8 10.0 1:45 E 28 7.8 12.4 12:30 2.9 6:55 10.5 0.0 0.0 2.0 16.0 14:45 NW 29 6.4 7.9 0:10 5.6 21:45 11.9 0.0 2.0 2.0 14.0 0:10 NW 30 9.1 13.8 16:00 5.9 1:50 9.2 0.0 0.0 3.3 16.0 23:30 ENE 31 8.9 14.2 15:50 5.2 23:40 9.4 0.0 0.0 4.4 18.0 12:25 NE ------------------------------------------------------------------------------------- 7.1 17.4 27 -3.2 21 171.0 0.0 21.0 3.7 40.0 18 ENE Max >= 32.0: 0 Max <= 0.0: 0 Min <= 0.0: 2 Min <= -18.0: 0 Max Rain: 8.20 ON 17/03/07 Days of Rain: 6 (> .2 mm) 4 (> 2 mm) 0 (> 20 mm) Heat Base: 18.3 Cool Base: 18.3 Method: Integration