2020: Jan | Feb | Mar | Apr | May | Jun | Jul | Aug | Sep | Oct | Nov | Dec 
2019: Jan | Feb | Mar | Apr | May | Jun | Jul | Aug | Sep | Oct | Nov | Dec 
2018: Jan | Feb | Mar | Apr | May | Jun | Jul | Aug | Sep | Oct | Nov | Dec 
2017: Jan | Feb | Mar | Apr | May | Jun | Jul | Aug | Sep | Oct | Nov | Dec 
2016: Jan | Feb | Mar | Apr | May | Jun | Jul | Aug | Sep | Oct | Nov | Dec 
2015: Jan | Feb | Mar | Apr | May | Jun | Jul | Aug | Sep | Oct | Nov | Dec 
2014: Jan | Feb | Mar | Apr | May | Jun | Jul | Aug | Sep | Oct | Nov | Dec 
2013: Jan | Feb | Mar | Apr | May | Jun | Jul | Aug | Sep | Oct | Nov | Dec 
2012: Jan | Feb | Mar | Apr | May | Jun | Jul | Aug | Sep | Oct | Nov | Dec 
2011: Jan | Feb | Mar | Apr | May | Jun | Jul | Aug | Sep | Oct | Nov | Dec 
2010: Jan | Feb | Mar | Apr | May | Jun | Jul | Aug | Sep | Oct | Nov | Dec 
2009: Jan | Feb | Mar | Apr | May | Jun | Jul | Aug | Sep | Oct | Nov | Dec 
2008: Jan | Feb | Mar | Apr | May | Jun | Jul | Aug | Sep | Oct | Nov | Dec 
2007: Jan | Feb | Mar | Apr | May | Jun | Jul | Aug | Sep | Oct | Nov | Dec 

Report for 2007 04
MONTHLY CLIMATOLOGICAL SUMMARY for APR. 2007 NAME: VantagePro2 CITY: Urswick STATE: Cumbria ELEV: 128 ft LAT: 54 09' 33" N LONG: 3 07' 24" W TEMPERATURE (C), RAIN (mm), WIND SPEED (mph) HEAT COOL AVG MEAN DEG DEG WIND DOM DAY TEMP HIGH TIME LOW TIME DAYS DAYS RAIN SPEED HIGH TIME DIR ------------------------------------------------------------------------------------ 1 8.4 14.3 15:20 4.1 5:30 9.9 0.0 0.0 3.9 17.0 12:15 ENE 2 10.1 16.8 16:20 4.1 4:40 8.2 0.0 0.0 2.4 13.0 21:35 ENE 3 7.6 10.6 13:55 1.1 00:00 10.7 0.0 0.0 2.5 16.0 11:20 NE 4 5.9 13.1 13:35 -0.6 7:00 12.4 0.0 0.0 2.2 17.0 15:25 NW 5 8.1 13.3 17:00 3.5 0:15 10.2 0.0 0.0 2.0 15.0 15:15 NW 6 8.5 13.3 14:35 2.8 7:05 9.8 0.0 0.0 3.0 17.0 17:10 NW 7 7.5 14.4 13:20 0.5 7:00 10.8 0.0 0.0 1.3 13.0 15:50 SW 8 8.4 12.7 13:45 3.8 6:30 9.9 0.0 0.0 2.3 16.0 13:35 NW 9 10.1 14.3 16:20 6.1 0:15 8.2 0.0 0.0 2.9 16.0 16:05 NW 10 11.2 14.3 15:35 9.9 2:50 7.1 0.0 0.0 3.2 18.0 15:45 SW 11 10.9 15.8 16:00 3.9 23:55 7.3 0.0 0.0 1.7 13.0 15:15 NW 12 10.2 18.9 15:20 3.0 4:05 8.2 0.0 0.0 0.6 8.0 16:35 E 13 12.1 19.9 15:10 5.9 5:15 6.4 0.1 0.0 0.5 9.0 13:05 SSW 14 15.8 24.8 16:10 9.2 3:50 3.9 1.4 0.0 0.4 5.0 10:25 E 15 12.9 19.3 15:15 8.4 5:45 5.4 0.0 0.0 1.4 13.0 15:35 NW 16 11.8 15.8 13:30 7.8 00:00 6.5 0.0 0.0 2.4 19.0 18:15 NW 17 9.0 12.6 14:10 4.9 4:25 9.3 0.0 0.0 3.6 19.0 17:30 NW 18 7.7 13.0 15:50 1.8 6:10 10.6 0.0 0.0 2.2 14.0 15:20 NW 19 9.6 14.3 14:05 3.0 3:00 8.7 0.0 0.0 2.9 17.0 9:00 SW 20 10.3 16.5 18:05 6.7 5:35 8.0 0.0 1.8 1.4 9.0 9:45 ENE 21 11.5 16.3 15:40 6.0 2:00 6.8 0.0 0.0 1.9 12.0 10:25 S 22 11.3 12.0 21:10 10.2 7:25 7.0 0.0 4.4 2.9 14.0 14:45 S 23 12.4 13.3 15:10 11.6 0:05 5.9 0.0 22.2 2.7 16.0 23:00 S 24 13.0 16.4 12:25 11.5 6:25 5.3 0.0 2.6 2.3 17.0 0:25 SSW 25 12.1 15.0 10:30 5.8 00:00 6.2 0.0 4.4 3.6 24.0 14:45 SSW 26 10.6 17.2 16:10 3.9 5:00 7.7 0.0 0.0 1.5 12.0 16:20 NW 27 11.9 19.3 15:00 8.3 23:45 6.4 0.0 4.0 2.6 15.0 13:50 ENE 28 12.8 19.8 15:20 7.5 5:05 5.6 0.1 0.0 2.4 12.0 18:10 ENE 29 12.6 19.6 16:15 6.6 5:55 5.8 0.1 0.0 2.7 14.0 14:30 ENE 30 12.6 18.6 16:15 7.7 6:00 5.7 0.0 0.0 3.1 16.0 11:35 E ------------------------------------------------------------------------------------- 10.6 24.8 14 -0.6 4 234.1 1.9 39.4 2.3 24.0 25 ENE Max >= 32.0: 0 Max <= 0.0: 0 Min <= 0.0: 1 Min <= -18.0: 0 Max Rain: 22.20 ON 23/04/07 Days of Rain: 6 (> .2 mm) 5 (> 2 mm) 1 (> 20 mm) Heat Base: 18.3 Cool Base: 18.3 Method: Integration