2020: Jan | Feb | Mar | Apr | May | Jun | Jul | Aug | Sep | Oct | Nov | Dec 
2019: Jan | Feb | Mar | Apr | May | Jun | Jul | Aug | Sep | Oct | Nov | Dec 
2018: Jan | Feb | Mar | Apr | May | Jun | Jul | Aug | Sep | Oct | Nov | Dec 
2017: Jan | Feb | Mar | Apr | May | Jun | Jul | Aug | Sep | Oct | Nov | Dec 
2016: Jan | Feb | Mar | Apr | May | Jun | Jul | Aug | Sep | Oct | Nov | Dec 
2015: Jan | Feb | Mar | Apr | May | Jun | Jul | Aug | Sep | Oct | Nov | Dec 
2014: Jan | Feb | Mar | Apr | May | Jun | Jul | Aug | Sep | Oct | Nov | Dec 
2013: Jan | Feb | Mar | Apr | May | Jun | Jul | Aug | Sep | Oct | Nov | Dec 
2012: Jan | Feb | Mar | Apr | May | Jun | Jul | Aug | Sep | Oct | Nov | Dec 
2011: Jan | Feb | Mar | Apr | May | Jun | Jul | Aug | Sep | Oct | Nov | Dec 
2010: Jan | Feb | Mar | Apr | May | Jun | Jul | Aug | Sep | Oct | Nov | Dec 
2009: Jan | Feb | Mar | Apr | May | Jun | Jul | Aug | Sep | Oct | Nov | Dec 
2008: Jan | Feb | Mar | Apr | May | Jun | Jul | Aug | Sep | Oct | Nov | Dec 
2007: Jan | Feb | Mar | Apr | May | Jun | Jul | Aug | Sep | Oct | Nov | Dec 

Report for 2007 05
MONTHLY CLIMATOLOGICAL SUMMARY for MAY. 2007 NAME: VantagePro2 CITY: Urswick STATE: Cumbria ELEV: 128 ft LAT: 54 09' 33" N LONG: 3 07' 24" W TEMPERATURE (C), RAIN (mm), WIND SPEED (mph) HEAT COOL AVG MEAN DEG DEG WIND DOM DAY TEMP HIGH TIME LOW TIME DAYS DAYS RAIN SPEED HIGH TIME DIR ------------------------------------------------------------------------------------ 1 13.5 20.6 15:10 6.3 4:15 5.2 0.4 0.0 2.6 14.0 10:25 E 2 13.6 22.1 14:10 5.2 5:15 5.2 0.5 0.0 1.3 9.0 16:30 E 3 11.1 17.2 17:10 4.0 5:55 7.2 0.0 0.0 1.1 11.0 16:20 NW 4 10.8 16.4 12:35 3.9 6:20 7.5 0.0 0.0 1.0 11.0 15:00 E 5 11.8 16.8 16:25 9.2 4:20 6.4 0.0 0.0 0.7 7.0 16:40 SSW 6 11.3 12.7 0:15 9.2 15:20 7.0 0.0 4.2 4.8 23.0 4:25 SW 7 11.3 11.8 0:30 9.9 0:10 0.3 0.0 0.0 4.9 13.0 0:15 SW 8 12.0 14.1 17:15 9.2 22:30 3.3 0.0 0.0 3.8 21.0 12:40 NW 9 10.7 15.0 13:30 4.6 5:50 7.6 0.0 5.6 1.5 18.0 22:35 SSW 10 11.2 13.3 16:20 10.1 1:25 7.1 0.0 0.2 5.6 23.0 6:30 SSW 11 10.7 15.6 15:25 8.2 7:50 7.6 0.0 4.6 1.2 13.0 13:55 E 12 11.4 15.0 15:20 9.7 5:35 6.8 0.0 4.6 2.4 15.0 12:05 SW 13 11.9 16.7 12:45 9.4 23:05 6.4 0.0 6.4 1.1 11.0 17:55 ENE 14 10.6 13.7 15:15 7.8 5:50 7.8 0.0 0.0 3.7 18.0 13:15 NNE 15 11.9 15.8 16:45 8.4 00:00 6.4 0.0 0.4 1.7 14.0 21:15 NW 16 10.1 12.1 10:40 6.8 1:30 8.3 0.0 10.4 1.2 15.0 13:25 SW 17 13.2 15.6 21:45 10.7 0:20 5.1 0.0 2.2 1.8 13.0 12:25 NW 18 12.7 15.3 16:10 10.9 22:00 5.6 0.0 3.2 6.1 25.0 19:10 S 19 11.9 14.4 14:25 10.2 00:00 6.4 0.0 0.0 6.1 24.0 0:45 SSW 20 11.1 15.1 15:20 4.4 23:45 7.2 0.0 0.0 1.9 11.0 13:20 NW 21 10.4 17.4 16:15 2.7 5:25 7.9 0.0 0.0 1.0 11.0 13:45 NW 22 12.3 15.4 17:25 4.9 1:05 6.0 0.0 0.0 2.5 16.0 11:50 NW 23 13.1 15.4 14:10 9.4 0:15 5.2 0.0 0.0 1.9 13.0 14:15 SW 24 14.1 16.8 16:45 12.5 23:55 4.3 0.0 2.2 2.8 15.0 17:15 SW 25 11.6 14.5 16:10 6.3 00:00 6.7 0.0 0.0 3.0 17.0 15:00 NW 26 9.7 14.3 14:50 4.2 4:10 8.6 0.0 0.0 1.5 12.0 14:50 NW 27 9.8 14.2 15:05 6.5 2:30 8.5 0.0 0.0 1.7 15.0 13:10 ENE 28 8.9 13.3 13:20 5.4 4:45 9.4 0.0 0.0 2.7 15.0 17:45 NNE 29 10.4 14.0 14:50 6.4 5:30 7.8 0.0 0.0 3.2 20.0 16:25 NW 30 10.5 15.0 11:50 3.4 5:15 7.8 0.0 0.4 1.4 12.0 19:00 S 31 14.7 22.2 16:55 9.3 0:05 4.1 0.5 0.2 1.0 10.0 9:15 S ------------------------------------------------------------------------------------- 11.6 22.2 31 2.7 21 200.7 1.4 44.6 2.5 25.0 18 SSW Max >= 32.0: 0 Max <= 0.0: 0 Min <= 0.0: 0 Min <= -18.0: 0 Max Rain: 10.39 ON 16/05/07 Days of Rain: 13 (> .2 mm) 9 (> 2 mm) 0 (> 20 mm) Heat Base: 18.3 Cool Base: 18.3 Method: Integration