2020: Jan | Feb | Mar | Apr | May | Jun | Jul | Aug | Sep | Oct | Nov | Dec 
2019: Jan | Feb | Mar | Apr | May | Jun | Jul | Aug | Sep | Oct | Nov | Dec 
2018: Jan | Feb | Mar | Apr | May | Jun | Jul | Aug | Sep | Oct | Nov | Dec 
2017: Jan | Feb | Mar | Apr | May | Jun | Jul | Aug | Sep | Oct | Nov | Dec 
2016: Jan | Feb | Mar | Apr | May | Jun | Jul | Aug | Sep | Oct | Nov | Dec 
2015: Jan | Feb | Mar | Apr | May | Jun | Jul | Aug | Sep | Oct | Nov | Dec 
2014: Jan | Feb | Mar | Apr | May | Jun | Jul | Aug | Sep | Oct | Nov | Dec 
2013: Jan | Feb | Mar | Apr | May | Jun | Jul | Aug | Sep | Oct | Nov | Dec 
2012: Jan | Feb | Mar | Apr | May | Jun | Jul | Aug | Sep | Oct | Nov | Dec 
2011: Jan | Feb | Mar | Apr | May | Jun | Jul | Aug | Sep | Oct | Nov | Dec 
2010: Jan | Feb | Mar | Apr | May | Jun | Jul | Aug | Sep | Oct | Nov | Dec 
2009: Jan | Feb | Mar | Apr | May | Jun | Jul | Aug | Sep | Oct | Nov | Dec 
2008: Jan | Feb | Mar | Apr | May | Jun | Jul | Aug | Sep | Oct | Nov | Dec 
2007: Jan | Feb | Mar | Apr | May | Jun | Jul | Aug | Sep | Oct | Nov | Dec 

Report for 2007 06
MONTHLY CLIMATOLOGICAL SUMMARY for JUN. 2007 NAME: VantagePro2 CITY: Urswick STATE: Cumbria ELEV: 128 ft LAT: 54 09' 33" N LONG: 3 07' 24" W TEMPERATURE (C), RAIN (mm), WIND SPEED (mph) HEAT COOL AVG MEAN DEG DEG WIND DOM DAY TEMP HIGH TIME LOW TIME DAYS DAYS RAIN SPEED HIGH TIME DIR ------------------------------------------------------------------------------------ 1 15.9 23.2 17:10 8.2 2:40 3.5 1.1 0.0 0.6 7.0 12:05 E 2 16.6 22.2 12:45 10.9 4:45 2.4 0.7 0.0 1.2 10.0 12:05 E 3 16.3 21.2 11:55 13.3 3:45 2.3 0.2 1.4 1.2 14.0 16:20 NW 4 17.7 24.4 15:20 12.6 00:00 1.8 1.3 0.0 0.8 10.0 19:55 E 5 16.1 23.1 16:10 10.3 4:55 3.3 1.0 0.0 1.1 11.0 12:45 E 6 14.6 21.4 13:40 7.6 2:55 4.1 0.4 0.0 1.1 11.0 14:55 E 7 14.6 21.7 17:00 6.5 3:50 4.1 0.4 0.0 0.7 10.0 15:25 E 8 16.3 21.1 13:55 10.2 5:00 2.6 0.6 0.0 1.3 13.0 16:50 NW 9 17.4 23.0 16:25 10.7 1:25 2.2 1.3 0.0 1.2 12.0 13:55 NW 10 19.0 24.2 17:00 13.4 4:40 1.6 2.3 0.0 1.0 10.0 14:05 E 11 20.4 27.7 15:25 14.3 4:40 0.9 3.0 0.0 0.5 10.0 16:40 NW 12 15.7 17.8 0:05 14.4 11:30 2.6 0.0 2.4 2.0 11.0 7:05 SW 13 14.7 18.2 12:10 11.2 23:55 3.6 0.0 12.8 1.6 13.0 1:25 SW 14 11.2 13.0 16:35 10.3 4:50 7.1 0.0 7.8 2.3 15.0 12:10 ENE 15 11.3 15.5 17:10 9.8 3:50 7.0 0.0 38.6 2.3 20.0 19:10 ENE 16 12.4 16.2 16:10 9.6 1:50 5.9 0.0 5.4 0.7 9.0 0:05 E 17 14.6 18.8 15:35 10.0 00:00 3.7 0.0 0.0 1.0 11.0 13:45 NW 18 15.1 19.5 17:05 9.4 1:20 3.2 0.0 10.4 0.8 10.0 12:40 E 19 16.3 22.2 14:50 10.4 5:05 2.6 0.6 2.4 1.4 15.0 23:45 E 20 16.8 21.5 14:05 13.5 00:00 1.9 0.3 2.4 1.4 14.0 0:35 S 21 16.8 22.5 14:20 13.0 0:30 1.8 0.4 0.0 1.1 11.0 6:25 SSW 22 16.2 21.7 15:10 12.1 5:35 2.4 0.2 6.0 0.6 11.0 15:30 E 23 14.5 16.8 14:25 12.9 23:55 3.8 0.0 0.2 2.0 13.0 9:25 NW 24 14.2 18.9 17:05 11.6 5:10 4.1 0.0 3.0 0.4 7.0 18:55 NW 25 13.2 15.8 18:00 10.5 00:00 5.1 0.0 0.4 2.8 25.0 14:50 NNE 26 11.6 15.0 19:00 7.1 3:30 6.7 0.0 0.0 3.8 17.0 12:10 NW 27 12.8 15.2 15:35 10.3 22:35 5.4 0.0 2.6 4.9 22.0 19:25 NW 28 12.4 14.8 13:00 10.3 5:45 5.9 0.0 16.4 3.5 16.0 9:50 SW 29 13.1 16.3 16:50 8.8 4:15 5.2 0.0 0.0 3.1 21.0 12:30 NW 30 14.1 18.0 18:45 8.6 3:15 4.2 0.0 10.8 0.8 9.0 19:20 S ------------------------------------------------------------------------------------- 15.1 27.7 11 6.5 7 110.9 14.0 123.0 1.6 25.0 25 E Max >= 32.0: 0 Max <= 0.0: 0 Min <= 0.0: 0 Min <= -18.0: 0 Max Rain: 38.61 ON 15/06/07 Days of Rain: 16 (> .2 mm) 13 (> 2 mm) 1 (> 20 mm) Heat Base: 18.3 Cool Base: 18.3 Method: Integration