2020: Jan | Feb | Mar | Apr | May | Jun | Jul | Aug | Sep | Oct | Nov | Dec 
2019: Jan | Feb | Mar | Apr | May | Jun | Jul | Aug | Sep | Oct | Nov | Dec 
2018: Jan | Feb | Mar | Apr | May | Jun | Jul | Aug | Sep | Oct | Nov | Dec 
2017: Jan | Feb | Mar | Apr | May | Jun | Jul | Aug | Sep | Oct | Nov | Dec 
2016: Jan | Feb | Mar | Apr | May | Jun | Jul | Aug | Sep | Oct | Nov | Dec 
2015: Jan | Feb | Mar | Apr | May | Jun | Jul | Aug | Sep | Oct | Nov | Dec 
2014: Jan | Feb | Mar | Apr | May | Jun | Jul | Aug | Sep | Oct | Nov | Dec 
2013: Jan | Feb | Mar | Apr | May | Jun | Jul | Aug | Sep | Oct | Nov | Dec 
2012: Jan | Feb | Mar | Apr | May | Jun | Jul | Aug | Sep | Oct | Nov | Dec 
2011: Jan | Feb | Mar | Apr | May | Jun | Jul | Aug | Sep | Oct | Nov | Dec 
2010: Jan | Feb | Mar | Apr | May | Jun | Jul | Aug | Sep | Oct | Nov | Dec 
2009: Jan | Feb | Mar | Apr | May | Jun | Jul | Aug | Sep | Oct | Nov | Dec 
2008: Jan | Feb | Mar | Apr | May | Jun | Jul | Aug | Sep | Oct | Nov | Dec 
2007: Jan | Feb | Mar | Apr | May | Jun | Jul | Aug | Sep | Oct | Nov | Dec 

Report for 2007 07
MONTHLY CLIMATOLOGICAL SUMMARY for JUL. 2007 NAME: VantagePro2 CITY: Urswick STATE: Cumbria ELEV: 128 ft LAT: 54 09' 33" N LONG: 3 07' 24" W TEMPERATURE (C), RAIN (mm), WIND SPEED (mph) HEAT COOL AVG MEAN DEG DEG WIND DOM DAY TEMP HIGH TIME LOW TIME DAYS DAYS RAIN SPEED HIGH TIME DIR ------------------------------------------------------------------------------------ 1 15.3 18.1 13:35 13.8 5:50 3.0 0.0 12.2 0.9 7.0 23:15 S 2 15.2 19.2 16:25 13.0 23:50 3.1 0.0 4.4 2.2 14.0 14:45 S 3 14.2 16.8 16:15 12.9 0:25 4.1 0.0 5.4 3.0 16.0 14:15 SW 4 14.4 18.3 18:25 12.8 6:45 3.9 0.0 3.0 3.3 14.0 3:35 SW 5 14.2 17.3 12:00 12.5 17:45 4.1 0.0 2.0 2.4 14.0 2:10 SW 6 14.4 17.2 15:55 12.8 6:15 3.9 0.0 2.6 4.8 22.0 14:55 NW 7 14.5 17.3 16:10 11.1 00:00 3.8 0.0 0.8 3.2 18.0 11:25 NW 8 14.0 19.4 16:15 7.2 5:30 4.4 0.1 0.0 1.0 12.0 14:25 NW 9 13.4 17.9 15:45 7.5 5:15 4.9 0.0 2.8 1.2 12.0 13:05 S 10 13.9 17.4 14:35 11.8 1:50 4.4 0.0 1.0 2.4 17.0 17:40 NW 11 14.3 16.9 18:55 12.7 6:00 4.0 0.0 0.0 3.7 20.0 14:55 NW 12 15.4 16.8 13:50 13.3 23:40 2.9 0.0 6.2 1.8 9.0 1:25 SW 13 14.4 16.6 18:55 12.3 3:45 3.9 0.0 25.8 0.5 11.0 20:10 S 14 15.7 18.8 16:55 13.7 7:00 2.6 0.0 0.8 3.7 21.0 13:30 SW 15 15.9 21.5 13:30 12.9 5:50 2.7 0.3 4.4 0.7 9.0 20:20 E 16 17.1 21.1 16:05 13.6 00:00 1.7 0.4 1.8 1.4 11.0 10:05 S 17 15.9 20.4 16:20 12.2 23:50 2.5 0.2 17.4 0.7 7.0 11:00 S 18 15.5 19.4 16:05 12.1 0:25 2.9 0.1 0.0 0.9 12.0 12:40 NW 19 16.8 22.3 13:40 12.8 5:30 2.3 0.8 1.8 0.7 10.0 14:20 NW 20 14.7 17.6 15:05 11.2 23:45 3.7 0.0 2.2 1.1 11.0 16:45 E 21 12.2 15.0 11:30 10.4 6:00 6.1 0.0 13.4 0.6 9.0 11:30 NNE 22 14.4 19.9 17:40 10.7 3:50 4.0 0.1 3.2 0.5 9.0 19:55 S 23 14.9 19.7 17:20 11.2 23:50 3.4 0.0 11.8 0.6 11.0 16:50 E 24 14.4 18.7 15:20 8.7 4:25 3.9 0.0 0.0 2.0 16.0 14:35 NW 25 15.4 18.3 12:25 12.6 6:10 2.9 0.0 2.4 3.1 17.0 18:10 S 26 15.2 16.9 17:35 13.9 21:35 3.2 0.0 9.6 2.9 14.0 10:25 S 27 15.5 18.8 16:20 13.7 5:15 2.8 0.0 0.0 3.6 16.0 12:25 SW 28 14.4 17.4 15:05 10.1 00:00 3.9 0.0 0.0 2.7 17.0 11:40 NW 29 13.2 17.3 14:45 7.8 5:55 5.1 0.0 0.0 3.9 18.0 14:25 NW 30 13.7 17.8 16:25 8.7 5:45 4.6 0.0 0.0 3.4 18.0 12:20 NW 31 14.5 20.1 15:15 7.6 4:50 4.0 0.2 0.0 1.0 13.0 15:35 WSW ------------------------------------------------------------------------------------- 14.7 22.3 19 7.2 8 112.7 2.3 135.0 2.1 22.0 6 NW Max >= 32.0: 0 Max <= 0.0: 0 Min <= 0.0: 0 Min <= -18.0: 0 Max Rain: 25.81 ON 13/07/07 Days of Rain: 22 (> .2 mm) 17 (> 2 mm) 1 (> 20 mm) Heat Base: 18.3 Cool Base: 18.3 Method: Integration