2020: Jan | Feb | Mar | Apr | May | Jun | Jul | Aug | Sep | Oct | Nov | Dec 
2019: Jan | Feb | Mar | Apr | May | Jun | Jul | Aug | Sep | Oct | Nov | Dec 
2018: Jan | Feb | Mar | Apr | May | Jun | Jul | Aug | Sep | Oct | Nov | Dec 
2017: Jan | Feb | Mar | Apr | May | Jun | Jul | Aug | Sep | Oct | Nov | Dec 
2016: Jan | Feb | Mar | Apr | May | Jun | Jul | Aug | Sep | Oct | Nov | Dec 
2015: Jan | Feb | Mar | Apr | May | Jun | Jul | Aug | Sep | Oct | Nov | Dec 
2014: Jan | Feb | Mar | Apr | May | Jun | Jul | Aug | Sep | Oct | Nov | Dec 
2013: Jan | Feb | Mar | Apr | May | Jun | Jul | Aug | Sep | Oct | Nov | Dec 
2012: Jan | Feb | Mar | Apr | May | Jun | Jul | Aug | Sep | Oct | Nov | Dec 
2011: Jan | Feb | Mar | Apr | May | Jun | Jul | Aug | Sep | Oct | Nov | Dec 
2010: Jan | Feb | Mar | Apr | May | Jun | Jul | Aug | Sep | Oct | Nov | Dec 
2009: Jan | Feb | Mar | Apr | May | Jun | Jul | Aug | Sep | Oct | Nov | Dec 
2008: Jan | Feb | Mar | Apr | May | Jun | Jul | Aug | Sep | Oct | Nov | Dec 
2007: Jan | Feb | Mar | Apr | May | Jun | Jul | Aug | Sep | Oct | Nov | Dec 

Report for 2007 08
MONTHLY CLIMATOLOGICAL SUMMARY for AUG. 2007 NAME: VantagePro2 CITY: Urswick STATE: Cumbria ELEV: 128 ft LAT: 54 09' 33" N LONG: 3 07' 24" W TEMPERATURE (C), RAIN (mm), WIND SPEED (mph) HEAT COOL AVG MEAN DEG DEG WIND DOM DAY TEMP HIGH TIME LOW TIME DAYS DAYS RAIN SPEED HIGH TIME DIR ------------------------------------------------------------------------------------ 1 14.4 17.3 13:35 10.7 00:00 3.9 0.0 3.8 1.3 9.0 8:20 SW 2 14.2 18.5 16:05 9.2 1:20 4.1 0.0 0.0 1.2 13.0 14:00 NW 3 15.9 18.4 10:35 11.3 2:25 2.3 0.0 0.2 2.0 17.0 22:50 S 4 16.6 18.3 12:45 16.0 14:15 1.7 0.0 7.4 3.8 21.0 3:35 S 5 18.3 25.2 16:15 15.6 7:00 1.3 1.3 0.0 0.9 12.0 19:20 S 6 14.9 17.8 15:15 11.8 23:05 3.4 0.0 0.2 2.8 16.0 18:35 NW 7 13.6 17.2 16:25 10.3 3:50 4.7 0.0 0.2 4.1 19.0 9:05 NW 8 13.6 17.9 14:55 8.1 5:20 4.8 0.0 0.0 2.0 15.0 17:20 NW 9 14.2 22.0 15:10 7.2 4:25 4.7 0.6 0.0 0.4 9.0 17:35 NW 10 14.7 19.6 16:05 8.9 1:50 3.7 0.1 0.0 0.5 7.0 10:30 S 11 15.7 18.2 13:05 13.4 0:05 2.6 0.0 7.0 0.5 7.0 15:20 S 12 14.8 17.5 16:25 13.2 2:25 3.5 0.0 12.8 1.9 15.0 16:00 SW 13 14.9 17.4 16:20 12.6 2:10 3.4 0.0 0.4 2.3 14.0 9:55 SW 14 15.4 18.4 13:25 13.2 6:50 2.9 0.0 31.6 0.6 12.0 22:35 E 15 14.9 18.4 15:55 12.3 00:00 3.4 0.0 1.4 3.1 18.0 17:15 NW 16 12.6 15.0 14:00 10.7 10:35 5.7 0.0 9.2 3.7 18.0 9:50 NW 17 13.9 17.3 13:25 8.7 3:30 4.4 0.0 1.0 1.6 13.0 15:15 SW 18 14.6 16.2 17:55 12.8 1:55 3.7 0.0 22.4 0.9 10.0 12:45 S 19 14.3 15.4 8:20 12.6 22:15 4.0 0.0 2.2 0.8 12.0 10:00 NNE 20 13.1 17.6 12:15 7.3 6:30 5.2 0.0 0.0 0.7 10.0 15:15 N 21 14.7 20.2 14:05 7.6 5:55 3.7 0.1 0.0 0.9 13.0 16:55 NNE 22 16.9 22.8 14:30 9.4 00:00 2.5 1.1 0.0 1.0 13.0 14:05 NNE 23 15.2 23.7 12:45 6.9 5:55 4.3 1.2 0.0 0.4 7.0 10:50 NW 24 15.1 19.9 11:50 8.9 6:25 3.4 0.3 0.0 1.2 16.0 14:05 NW 25 16.6 18.4 11:25 13.8 23:45 1.7 0.0 0.0 2.2 14.0 11:45 NW 26 14.1 18.1 14:05 9.2 22:45 4.2 0.0 0.0 2.8 15.0 13:00 NNW 27 12.9 17.4 15:55 8.1 4:55 5.4 0.0 0.0 2.6 16.0 14:05 NNW 28 13.1 17.6 15:10 8.1 5:30 5.2 0.0 0.0 0.9 15.0 16:10 NW 29 13.1 17.8 13:30 7.4 2:25 5.2 0.0 0.2 2.0 17.0 15:05 NW 30 15.5 18.4 16:25 14.2 21:55 2.8 0.0 0.2 7.1 29.0 17:50 NNW 31 14.9 17.3 14:20 13.9 23:55 3.3 0.0 5.4 3.9 19.0 6:25 NW ------------------------------------------------------------------------------------- 14.7 25.2 5 6.9 23 115.1 4.7 105.6 1.9 29.0 30 NW Max >= 32.0: 0 Max <= 0.0: 0 Min <= 0.0: 0 Min <= -18.0: 0 Max Rain: 31.60 ON 14/08/07 Days of Rain: 17 (> .2 mm) 9 (> 2 mm) 2 (> 20 mm) Heat Base: 18.3 Cool Base: 18.3 Method: Integration