2020: Jan | Feb | Mar | Apr | May | Jun | Jul | Aug | Sep | Oct | Nov | Dec 
2019: Jan | Feb | Mar | Apr | May | Jun | Jul | Aug | Sep | Oct | Nov | Dec 
2018: Jan | Feb | Mar | Apr | May | Jun | Jul | Aug | Sep | Oct | Nov | Dec 
2017: Jan | Feb | Mar | Apr | May | Jun | Jul | Aug | Sep | Oct | Nov | Dec 
2016: Jan | Feb | Mar | Apr | May | Jun | Jul | Aug | Sep | Oct | Nov | Dec 
2015: Jan | Feb | Mar | Apr | May | Jun | Jul | Aug | Sep | Oct | Nov | Dec 
2014: Jan | Feb | Mar | Apr | May | Jun | Jul | Aug | Sep | Oct | Nov | Dec 
2013: Jan | Feb | Mar | Apr | May | Jun | Jul | Aug | Sep | Oct | Nov | Dec 
2012: Jan | Feb | Mar | Apr | May | Jun | Jul | Aug | Sep | Oct | Nov | Dec 
2011: Jan | Feb | Mar | Apr | May | Jun | Jul | Aug | Sep | Oct | Nov | Dec 
2010: Jan | Feb | Mar | Apr | May | Jun | Jul | Aug | Sep | Oct | Nov | Dec 
2009: Jan | Feb | Mar | Apr | May | Jun | Jul | Aug | Sep | Oct | Nov | Dec 
2008: Jan | Feb | Mar | Apr | May | Jun | Jul | Aug | Sep | Oct | Nov | Dec 
2007: Jan | Feb | Mar | Apr | May | Jun | Jul | Aug | Sep | Oct | Nov | Dec 

Report for 2007 09
MONTHLY CLIMATOLOGICAL SUMMARY for SEP. 2007 NAME: VantagePro2 CITY: Urswick STATE: Cumbria ELEV: 128 ft LAT: 54 09' 33" N LONG: 3 07' 24" W TEMPERATURE (C), RAIN (mm), WIND SPEED (mph) HEAT COOL AVG MEAN DEG DEG WIND DOM DAY TEMP HIGH TIME LOW TIME DAYS DAYS RAIN SPEED HIGH TIME DIR ------------------------------------------------------------------------------------ 1 15.2 17.8 17:15 12.9 2:00 3.1 0.0 0.4 2.6 14.0 0:50 SW 2 14.9 16.8 14:10 12.4 23:20 3.3 0.0 7.8 3.4 18.0 19:15 SW 3 12.8 17.9 15:35 7.6 6:25 5.5 0.0 0.0 2.2 17.0 13:30 NW 4 11.7 17.6 16:00 4.5 6:35 6.6 0.0 0.0 0.7 10.0 14:10 NW 5 16.4 19.5 13:55 14.7 0:05 1.9 0.1 1.0 1.5 15.0 10:35 NW 6 16.0 21.6 12:35 11.1 23:45 2.9 0.6 0.0 1.6 14.0 14:30 NW 7 14.3 18.8 14:55 8.6 6:40 4.0 0.0 0.0 2.3 18.0 18:15 NW 8 14.9 19.8 14:50 10.5 2:15 3.5 0.1 0.0 1.5 13.0 15:00 NW 9 13.5 16.7 14:45 8.0 6:55 4.8 0.0 0.0 2.0 16.0 18:00 NW 10 14.9 17.7 14:45 9.8 00:00 3.4 0.0 0.4 5.3 22.0 3:40 NNW 11 12.1 17.5 14:25 5.3 7:15 6.2 0.0 0.2 1.3 13.0 15:00 NW 12 15.4 19.8 14:25 11.7 5:45 3.1 0.2 0.0 1.1 14.0 15:35 NW 13 15.2 18.0 14:40 12.1 0:55 3.1 0.0 0.0 1.1 12.0 23:55 SSW 14 13.6 16.7 15:10 8.2 23:45 4.8 0.0 1.4 3.6 19.0 11:15 NW 15 11.8 17.4 14:25 4.3 6:30 6.5 0.0 0.0 1.5 12.0 16:40 NNW 16 14.7 16.1 13:00 12.2 23:45 3.6 0.0 3.8 3.8 20.0 9:30 S 17 10.5 13.9 15:10 5.3 21:10 7.8 0.0 0.8 2.8 16.0 2:40 NNW 18 7.9 13.3 14:20 0.2 6:05 10.3 0.0 1.2 1.8 13.0 14:25 SW 19 14.2 16.3 12:55 12.6 3:40 4.1 0.0 13.4 3.6 19.0 22:45 SW 20 14.5 16.8 14:45 12.6 00:00 3.8 0.0 5.0 3.5 18.0 12:50 SW 21 12.4 14.2 14:40 8.4 00:00 5.9 0.0 11.0 0.9 7.0 13:30 SW 22 12.2 17.7 16:40 5.8 6:15 6.1 0.0 0.2 0.6 7.0 23:25 S 23 15.6 17.3 15:30 14.2 8:15 2.7 0.0 3.0 1.9 14.0 11:45 S 24 12.7 15.1 0:05 10.1 8:15 5.7 0.0 25.2 3.9 23.0 15:15 SW 25 12.2 15.2 15:30 7.8 23:10 6.1 0.0 0.6 4.1 21.0 17:05 NNW 26 8.2 12.8 14:20 3.9 21:40 10.2 0.0 0.0 1.2 15.0 13:20 NNE 27 7.9 13.6 15:50 2.1 5:50 10.3 0.0 0.0 0.9 15.0 14:40 NNE 28 10.8 14.6 14:50 7.9 0:50 7.4 0.0 0.0 0.8 12.0 12:30 NNE 29 12.1 16.7 13:40 6.6 00:00 6.3 0.0 0.0 0.1 5.0 12:10 E 30 9.9 15.0 14:40 5.7 1:00 8.4 0.0 0.0 0.1 4.0 9:10 E ------------------------------------------------------------------------------------- 12.9 21.6 6 0.2 18 161.4 1.0 75.4 2.1 23.0 24 NW Max >= 32.0: 0 Max <= 0.0: 0 Min <= 0.0: 0 Min <= -18.0: 0 Max Rain: 25.20 ON 24/09/07 Days of Rain: 16 (> .2 mm) 7 (> 2 mm) 1 (> 20 mm) Heat Base: 18.3 Cool Base: 18.3 Method: Integration