2020: Jan | Feb | Mar | Apr | May | Jun | Jul | Aug | Sep | Oct | Nov | Dec 
2019: Jan | Feb | Mar | Apr | May | Jun | Jul | Aug | Sep | Oct | Nov | Dec 
2018: Jan | Feb | Mar | Apr | May | Jun | Jul | Aug | Sep | Oct | Nov | Dec 
2017: Jan | Feb | Mar | Apr | May | Jun | Jul | Aug | Sep | Oct | Nov | Dec 
2016: Jan | Feb | Mar | Apr | May | Jun | Jul | Aug | Sep | Oct | Nov | Dec 
2015: Jan | Feb | Mar | Apr | May | Jun | Jul | Aug | Sep | Oct | Nov | Dec 
2014: Jan | Feb | Mar | Apr | May | Jun | Jul | Aug | Sep | Oct | Nov | Dec 
2013: Jan | Feb | Mar | Apr | May | Jun | Jul | Aug | Sep | Oct | Nov | Dec 
2012: Jan | Feb | Mar | Apr | May | Jun | Jul | Aug | Sep | Oct | Nov | Dec 
2011: Jan | Feb | Mar | Apr | May | Jun | Jul | Aug | Sep | Oct | Nov | Dec 
2010: Jan | Feb | Mar | Apr | May | Jun | Jul | Aug | Sep | Oct | Nov | Dec 
2009: Jan | Feb | Mar | Apr | May | Jun | Jul | Aug | Sep | Oct | Nov | Dec 
2008: Jan | Feb | Mar | Apr | May | Jun | Jul | Aug | Sep | Oct | Nov | Dec 
2007: Jan | Feb | Mar | Apr | May | Jun | Jul | Aug | Sep | Oct | Nov | Dec 

Report for 2007 10
MONTHLY CLIMATOLOGICAL SUMMARY for OCT. 2007 NAME: VantagePro2 CITY: Urswick STATE: Cumbria ELEV: 128 ft LAT: 54 09' 33" N LONG: 3 07' 24" W TEMPERATURE (C), RAIN (mm), WIND SPEED (mph) HEAT COOL AVG MEAN DEG DEG WIND DOM DAY TEMP HIGH TIME LOW TIME DAYS DAYS RAIN SPEED HIGH TIME DIR ------------------------------------------------------------------------------------ 1 11.4 18.4 15:00 6.4 0:10 6.9 0.0 0.0 0.3 7.0 11:00 E 2 11.6 17.1 14:00 6.9 5:30 6.8 0.0 0.2 0.5 6.0 12:20 E 3 12.9 15.8 13:00 11.4 0:10 5.4 0.0 6.8 1.0 11.0 23:50 E 4 11.6 15.2 14:20 6.0 23:10 6.7 0.0 0.0 2.5 15.0 12:20 NW 5 9.8 18.5 14:50 4.6 3:50 8.5 0.0 0.0 0.1 4.0 11:30 E 6 10.3 18.2 14:50 5.6 7:40 8.0 0.0 0.2 0.1 4.0 0:20 S 7 10.8 17.2 14:20 5.1 4:00 7.5 0.0 1.2 0.3 9.0 14:50 NW 8 10.7 12.1 16:40 8.9 20:40 7.6 0.0 1.6 0.1 5.0 00:00 E 9 12.7 15.2 13:20 10.3 21:50 5.6 0.0 13.0 1.9 18.0 13:40 NW 10 10.7 17.3 14:20 6.3 23:30 7.6 0.0 0.0 0.2 4.0 0:40 E 11 12.7 15.0 23:10 6.0 3:10 5.6 0.0 4.6 1.6 10.0 7:40 S 12 14.8 16.1 16:00 13.5 23:30 3.5 0.0 0.2 0.8 17.0 0:40 NW 13 13.9 15.0 14:40 13.0 00:00 4.3 0.0 2.8 0.1 5.0 22:00 SSW 14 13.2 16.6 13:30 11.2 21:55 5.1 0.0 0.0 0.3 7.0 13:20 S 15 13.1 15.0 12:30 11.7 2:40 5.2 0.0 1.8 1.7 16.0 15:45 S 16 11.3 13.7 15:05 4.6 22:20 7.0 0.0 2.2 1.7 12.0 10:10 SSW 17 8.3 12.7 14:15 3.3 3:15 10.0 0.0 0.2 3.0 19.0 15:00 NNW 18 5.0 11.9 15:15 -0.1 5:50 13.3 0.0 0.0 0.0 3.0 11:05 SE 19 8.4 10.7 14:30 5.1 0:05 9.9 0.0 0.0 0.0 2.0 2:35 SE 20 7.6 13.8 14:20 3.3 23:55 10.7 0.0 0.2 0.0 4.0 15:55 S 21 7.2 13.3 14:35 2.1 5:00 11.1 0.0 0.0 0.1 6.0 13:30 SSE 22 8.2 10.4 15:50 6.2 7:15 10.1 0.0 0.0 0.1 4.0 15:25 E 23 8.1 13.8 14:25 4.1 22:15 10.3 0.0 0.2 0.5 5.0 9:50 E 24 7.2 13.4 14:35 0.9 5:20 11.1 0.0 0.0 0.2 4.0 0:05 E 25 9.7 11.2 14:30 8.3 7:25 8.7 0.0 0.0 0.1 4.0 13:55 E 26 10.2 11.2 22:05 9.3 8:45 8.1 0.0 9.0 0.9 9.0 12:05 SSE 27 12.7 15.2 23:40 9.9 7:30 5.6 0.0 4.4 1.7 19.0 23:05 S 28 12.4 15.0 0:05 9.3 22:10 5.9 0.0 12.2 3.2 17.0 4:30 S 29 9.2 11.6 11:40 7.6 22:35 9.1 0.0 6.0 2.7 18.0 20:45 NW 30 10.2 13.1 23:35 3.6 7:50 8.1 0.0 1.6 1.9 13.0 2:15 SW 31 13.3 14.1 14:35 12.6 0:05 4.9 0.0 0.2 2.8 13.0 14:15 SW ------------------------------------------------------------------------------------- 10.6 18.5 5 -0.1 18 238.4 0.0 68.6 1.0 19.0 17 E Max >= 32.0: 0 Max <= 0.0: 0 Min <= 0.0: 1 Min <= -18.0: 0 Max Rain: 13.00 ON 09/10/07 Days of Rain: 20 (> .2 mm) 9 (> 2 mm) 0 (> 20 mm) Heat Base: 18.3 Cool Base: 18.3 Method: Integration