2020: Jan | Feb | Mar | Apr | May | Jun | Jul | Aug | Sep | Oct | Nov | Dec 
2019: Jan | Feb | Mar | Apr | May | Jun | Jul | Aug | Sep | Oct | Nov | Dec 
2018: Jan | Feb | Mar | Apr | May | Jun | Jul | Aug | Sep | Oct | Nov | Dec 
2017: Jan | Feb | Mar | Apr | May | Jun | Jul | Aug | Sep | Oct | Nov | Dec 
2016: Jan | Feb | Mar | Apr | May | Jun | Jul | Aug | Sep | Oct | Nov | Dec 
2015: Jan | Feb | Mar | Apr | May | Jun | Jul | Aug | Sep | Oct | Nov | Dec 
2014: Jan | Feb | Mar | Apr | May | Jun | Jul | Aug | Sep | Oct | Nov | Dec 
2013: Jan | Feb | Mar | Apr | May | Jun | Jul | Aug | Sep | Oct | Nov | Dec 
2012: Jan | Feb | Mar | Apr | May | Jun | Jul | Aug | Sep | Oct | Nov | Dec 
2011: Jan | Feb | Mar | Apr | May | Jun | Jul | Aug | Sep | Oct | Nov | Dec 
2010: Jan | Feb | Mar | Apr | May | Jun | Jul | Aug | Sep | Oct | Nov | Dec 
2009: Jan | Feb | Mar | Apr | May | Jun | Jul | Aug | Sep | Oct | Nov | Dec 
2008: Jan | Feb | Mar | Apr | May | Jun | Jul | Aug | Sep | Oct | Nov | Dec 
2007: Jan | Feb | Mar | Apr | May | Jun | Jul | Aug | Sep | Oct | Nov | Dec 

Report for 2007 11
MONTHLY CLIMATOLOGICAL SUMMARY for NOV. 2007 NAME: VantagePro2 CITY: Urswick STATE: Cumbria ELEV: 128 ft LAT: 54 09' 33" N LONG: 3 07' 24" W TEMPERATURE (C), RAIN (mm), WIND SPEED (mph) HEAT COOL AVG MEAN DEG DEG WIND DOM DAY TEMP HIGH TIME LOW TIME DAYS DAYS RAIN SPEED HIGH TIME DIR ------------------------------------------------------------------------------------ 1 13.7 14.4 10:25 13.1 4:55 4.6 0.0 0.6 2.8 12.0 1:25 SW 2 13.5 15.3 13:25 12.7 17:05 4.8 0.0 0.2 1.7 13.0 14:35 NW 3 10.7 13.3 0:05 4.5 23:35 7.7 0.0 0.0 2.1 16.0 12:05 NW 4 7.2 10.8 23:55 2.5 5:25 11.1 0.0 0.0 0.0 4.0 00:00 NNW 5 10.9 12.7 9:50 8.0 23:40 7.4 0.0 1.4 6.1 26.0 13:00 NNW 6 9.3 12.2 12:35 2.9 7:45 9.0 0.0 0.0 3.6 20.0 20:55 NW 7 11.6 12.8 13:30 10.8 4:10 6.7 0.0 5.4 6.4 30.0 13:15 NW 8 9.7 12.4 9:45 5.7 20:35 8.6 0.0 2.0 8.4 33.0 15:00 NNW 9 8.1 10.6 00:00 4.7 7:50 10.2 0.0 0.6 8.2 25.0 19:50 NNW 10 11.6 12.8 14:05 10.5 0:05 6.7 0.0 2.8 9.5 27.0 14:05 NW 11 6.7 11.7 3:00 -1.6 22:45 11.6 0.0 1.0 3.7 22.0 3:05 NNE 12 2.5 8.5 00:00 -2.9 7:15 15.8 0.0 3.0 0.5 10.0 23:05 SE 13 8.6 10.6 11:50 5.3 22:30 9.7 0.0 0.6 6.1 22.0 10:00 NNW 14 4.7 10.4 13:55 -0.1 23:05 13.6 0.0 0.0 0.3 7.0 2:30 NNW 15 3.4 8.1 12:05 -1.2 6:20 14.9 0.0 1.4 0.0 4.0 17:05 NE 16 5.2 7.9 14:10 1.5 19:50 13.1 0.0 5.0 0.3 6.0 11:50 S 17 7.9 10.2 11:50 4.4 0:05 10.4 0.0 9.4 2.9 17.0 19:00 S 18 5.1 6.5 1:25 3.8 18:35 13.2 0.0 6.2 2.9 16.0 7:20 E 19 6.6 7.9 14:10 4.5 1:35 11.7 0.0 2.2 3.2 19.0 5:35 E 20 7.6 9.3 14:35 6.2 3:05 10.7 0.0 4.0 1.5 10.0 9:50 E 21 8.1 9.3 12:10 7.0 1:35 10.2 0.0 3.4 0.4 6.0 19:55 E 22 6.4 8.8 11:30 1.7 21:05 11.9 0.0 0.6 1.2 12.0 9:50 NNE 23 1.0 6.1 13:30 -3.3 20:30 17.3 0.0 0.0 0.8 12.0 1:50 NNE 24 8.1 11.0 13:20 -0.4 0:05 10.2 0.0 6.4 5.9 26.0 4:30 NW 25 8.1 9.4 13:05 5.8 22:45 10.2 0.0 0.0 4.1 21.0 0:05 NW 26 6.6 7.9 14:45 4.8 4:35 11.7 0.0 0.2 0.1 5.0 12:25 SW 27 7.6 8.9 15:30 6.4 3:40 10.8 0.0 2.4 0.2 7.0 00:00 S 28 9.6 11.0 4:00 8.4 20:40 8.7 0.0 10.2 3.2 17.0 4:35 S 29 8.2 9.2 0:05 6.4 7:15 10.2 0.0 4.4 4.4 21.0 11:25 NW 30 10.7 12.3 11:45 7.2 00:00 7.6 0.0 11.6 4.5 23.0 10:40 S ------------------------------------------------------------------------------------- 8.0 15.3 2 -3.3 23 310.2 0.0 85.0 3.2 33.0 8 NW Max >= 32.0: 0 Max <= 0.0: 0 Min <= 0.0: 6 Min <= -18.0: 0 Max Rain: 11.61 ON 30/11/07 Days of Rain: 24 (> .2 mm) 15 (> 2 mm) 0 (> 20 mm) Heat Base: 18.3 Cool Base: 18.3 Method: Integration