2020: Jan | Feb | Mar | Apr | May | Jun | Jul | Aug | Sep | Oct | Nov | Dec 
2019: Jan | Feb | Mar | Apr | May | Jun | Jul | Aug | Sep | Oct | Nov | Dec 
2018: Jan | Feb | Mar | Apr | May | Jun | Jul | Aug | Sep | Oct | Nov | Dec 
2017: Jan | Feb | Mar | Apr | May | Jun | Jul | Aug | Sep | Oct | Nov | Dec 
2016: Jan | Feb | Mar | Apr | May | Jun | Jul | Aug | Sep | Oct | Nov | Dec 
2015: Jan | Feb | Mar | Apr | May | Jun | Jul | Aug | Sep | Oct | Nov | Dec 
2014: Jan | Feb | Mar | Apr | May | Jun | Jul | Aug | Sep | Oct | Nov | Dec 
2013: Jan | Feb | Mar | Apr | May | Jun | Jul | Aug | Sep | Oct | Nov | Dec 
2012: Jan | Feb | Mar | Apr | May | Jun | Jul | Aug | Sep | Oct | Nov | Dec 
2011: Jan | Feb | Mar | Apr | May | Jun | Jul | Aug | Sep | Oct | Nov | Dec 
2010: Jan | Feb | Mar | Apr | May | Jun | Jul | Aug | Sep | Oct | Nov | Dec 
2009: Jan | Feb | Mar | Apr | May | Jun | Jul | Aug | Sep | Oct | Nov | Dec 
2008: Jan | Feb | Mar | Apr | May | Jun | Jul | Aug | Sep | Oct | Nov | Dec 
2007: Jan | Feb | Mar | Apr | May | Jun | Jul | Aug | Sep | Oct | Nov | Dec 

Report for 2007 12
MONTHLY CLIMATOLOGICAL SUMMARY for DEC. 2007 NAME: VantagePro2 CITY: Urswick STATE: Cumbria ELEV: 128 ft LAT: 54 09' 33" N LONG: 3 07' 24" W TEMPERATURE (C), RAIN (mm), WIND SPEED (mph) HEAT COOL AVG MEAN DEG DEG WIND DOM DAY TEMP HIGH TIME LOW TIME DAYS DAYS RAIN SPEED HIGH TIME DIR ------------------------------------------------------------------------------------ 1 8.1 9.4 10:55 5.7 1:15 10.2 0.0 6.8 6.7 33.0 1:15 SW 2 7.0 9.6 4:15 4.6 21:00 11.3 0.0 14.8 3.0 18.0 1:55 SW 3 6.6 8.4 11:00 4.8 20:20 11.7 0.0 5.4 5.7 24.0 0:55 NW 4 9.2 12.8 22:40 4.3 2:55 9.1 0.0 4.2 2.9 24.0 21:20 S 5 11.1 12.1 4:15 9.9 22:55 7.2 0.0 4.2 5.6 21.0 16:40 SW 6 10.3 12.8 14:05 8.4 23:55 8.0 0.0 16.2 3.8 19.0 8:50 SSW 7 6.7 8.5 0:25 5.2 22:10 11.6 0.0 15.2 8.4 33.0 8:50 NW 8 6.3 9.5 17:55 3.3 12:10 12.0 0.0 22.4 3.7 23.0 17:20 SW 9 6.7 8.2 0:35 5.1 8:55 11.6 0.0 1.8 5.0 25.0 20:30 NNW 10 3.3 6.5 12:50 -2.4 23:45 15.0 0.0 0.0 3.7 19.0 3:25 NNW 11 1.4 4.8 12:50 -2.9 1:45 16.9 0.0 0.0 0.0 3.0 6:00 E 12 5.4 6.3 14:40 3.9 00:00 12.9 0.0 0.0 0.6 7.0 5:05 SSW 13 3.6 7.2 13:30 1.7 23:00 14.7 0.0 0.0 1.0 10.0 1:30 S 14 2.0 3.3 11:25 -0.3 7:35 16.3 0.0 0.2 0.4 7.0 13:25 E 15 2.0 4.4 13:45 0.1 7:45 16.3 0.0 0.0 1.4 10.0 23:45 E 16 1.8 3.2 3:35 -1.3 22:40 16.5 0.0 0.0 1.3 11.0 0:15 SSW 17 1.6 5.0 12:30 -1.5 0:25 16.8 0.0 0.0 1.5 11.0 18:55 E 18 2.6 5.9 13:20 -2.4 22:35 15.7 0.0 0.0 0.9 11.0 0:25 E 19 1.9 5.9 13:35 -2.6 2:40 16.4 0.0 0.2 1.0 10.0 21:00 E 20 1.1 3.8 12:30 -1.0 23:30 17.2 0.0 0.2 0.9 9.0 0:55 E 21 -1.7 1.9 14:05 -4.7 23:30 20.0 0.0 0.2 0.2 4.0 0:15 E 22 0.4 4.6 17:10 -4.6 3:00 17.9 0.0 1.8 0.2 7.0 16:50 E 23 2.1 5.2 14:00 -1.7 1:30 16.2 0.0 0.2 0.3 7.0 20:05 S 24 6.1 8.8 10:45 3.6 19:15 12.2 0.0 5.0 1.3 15.0 6:10 S 25 4.3 6.7 21:40 1.6 5:35 14.0 0.0 2.2 0.9 21.0 20:10 SE 26 7.7 9.4 23:50 6.0 1:15 10.6 0.0 0.0 3.4 18.0 11:45 S 27 10.0 10.9 8:40 8.6 22:15 8.3 0.0 15.8 5.6 26.0 7:15 S 28 9.4 10.8 13:10 7.0 23:10 8.9 0.0 8.8 4.8 26.0 5:25 S 29 6.8 8.1 20:15 4.6 2:15 11.5 0.0 6.4 6.6 28.0 11:30 SW 30 6.9 8.8 13:15 4.2 8:40 11.4 0.0 0.2 0.4 7.0 0:15 NW 31 7.3 8.2 21:10 6.2 0:40 11.0 0.0 7.0 0.6 7.0 7:15 SSW ------------------------------------------------------------------------------------- 5.1 12.8 4 -4.7 21 409.3 0.0 139.2 2.6 33.0 1 S Max >= 32.0: 0 Max <= 0.0: 0 Min <= 0.0: 11 Min <= -18.0: 0 Max Rain: 22.40 ON 08/12/07 Days of Rain: 22 (> .2 mm) 14 (> 2 mm) 1 (> 20 mm) Heat Base: 18.3 Cool Base: 18.3 Method: Integration