2020: Jan | Feb | Mar | Apr | May | Jun | Jul | Aug | Sep | Oct | Nov | Dec 
2019: Jan | Feb | Mar | Apr | May | Jun | Jul | Aug | Sep | Oct | Nov | Dec 
2018: Jan | Feb | Mar | Apr | May | Jun | Jul | Aug | Sep | Oct | Nov | Dec 
2017: Jan | Feb | Mar | Apr | May | Jun | Jul | Aug | Sep | Oct | Nov | Dec 
2016: Jan | Feb | Mar | Apr | May | Jun | Jul | Aug | Sep | Oct | Nov | Dec 
2015: Jan | Feb | Mar | Apr | May | Jun | Jul | Aug | Sep | Oct | Nov | Dec 
2014: Jan | Feb | Mar | Apr | May | Jun | Jul | Aug | Sep | Oct | Nov | Dec 
2013: Jan | Feb | Mar | Apr | May | Jun | Jul | Aug | Sep | Oct | Nov | Dec 
2012: Jan | Feb | Mar | Apr | May | Jun | Jul | Aug | Sep | Oct | Nov | Dec 
2011: Jan | Feb | Mar | Apr | May | Jun | Jul | Aug | Sep | Oct | Nov | Dec 
2010: Jan | Feb | Mar | Apr | May | Jun | Jul | Aug | Sep | Oct | Nov | Dec 
2009: Jan | Feb | Mar | Apr | May | Jun | Jul | Aug | Sep | Oct | Nov | Dec 
2008: Jan | Feb | Mar | Apr | May | Jun | Jul | Aug | Sep | Oct | Nov | Dec 
2007: Jan | Feb | Mar | Apr | May | Jun | Jul | Aug | Sep | Oct | Nov | Dec 

Report for 2008 01
MONTHLY CLIMATOLOGICAL SUMMARY for JAN. 2008 NAME: VantagePro2 CITY: Urswick STATE: Cumbria ELEV: 128 ft LAT: 54 09' 33" N LONG: 3 07' 24" W TEMPERATURE (C), RAIN (mm), WIND SPEED (mph) HEAT COOL AVG MEAN DEG DEG WIND DOM DAY TEMP HIGH TIME LOW TIME DAYS DAYS RAIN SPEED HIGH TIME DIR ------------------------------------------------------------------------------------ 1 8.1 8.4 7:45 6.7 23:45 10.2 0.0 28.6 0.3 5.0 1:30 SSW 2 4.8 6.8 0:05 2.3 23:10 13.5 0.0 0.2 2.7 18.0 20:35 E 3 1.7 2.7 0:40 0.7 7:55 16.7 0.0 0.0 2.8 13.0 8:35 E 4 3.4 6.6 19:50 0.7 3:40 14.8 0.0 11.8 2.5 19.0 17:15 S 5 6.8 8.6 12:00 5.3 3:05 11.5 0.0 4.4 4.6 21.0 15:20 SW 6 5.9 8.4 12:50 3.9 22:00 12.4 0.0 7.0 2.9 18.0 4:00 SW 7 6.3 7.6 14:00 4.2 8:20 12.0 0.0 4.6 5.7 27.0 2:25 SW 8 6.6 9.0 19:00 3.5 19:45 11.7 0.0 12.8 4.0 31.0 21:45 S 9 5.3 7.1 11:50 1.8 22:00 12.9 0.0 16.4 6.1 31.0 2:45 SW 10 7.2 9.2 4:30 2.7 0:05 11.1 0.0 15.2 3.7 20.0 11:10 S 11 3.0 5.4 0:15 -0.4 23:30 15.3 0.0 0.0 0.2 9.0 23:35 NE 12 3.8 8.3 12:45 -1.4 2:20 14.5 0.0 5.8 1.1 15.0 23:55 SW 13 8.1 9.0 8:45 6.6 0:05 10.2 0.0 7.4 3.2 18.0 16:20 S 14 7.0 8.4 14:05 5.4 6:05 11.3 0.0 6.0 3.7 20.0 16:10 S 15 6.6 8.1 12:30 5.2 23:50 11.7 0.0 11.2 0.6 11.0 5:55 S 16 4.1 6.0 12:25 1.6 23:00 14.2 0.0 4.0 0.2 9.0 0:55 E 17 5.9 7.7 15:05 2.6 0:05 12.3 0.0 7.0 2.3 15.0 9:40 SSW 18 9.1 11.4 18:40 6.0 9:15 9.2 0.0 6.6 6.0 29.0 17:45 S 19 8.0 9.8 0:10 7.0 23:25 10.3 0.0 4.4 1.5 13.0 0:50 NW 20 7.9 10.7 6:40 6.2 22:40 10.3 0.0 5.0 2.0 20.0 7:45 NW 21 6.4 10.0 12:25 1.8 23:50 11.9 0.0 19.0 3.0 24.0 18:05 NNE 22 3.0 7.4 00:00 -0.8 4:15 15.3 0.0 5.2 0.4 7.0 15:20 S 23 9.8 10.6 11:20 7.4 0:05 8.5 0.0 3.8 5.4 23.0 10:35 S 24 7.2 9.4 0:05 6.1 8:45 11.1 0.0 0.2 5.8 24.0 23:45 SW 25 9.4 10.4 14:45 8.1 0:05 8.9 0.0 0.0 7.2 26.0 7:10 S 26 9.5 10.4 14:10 8.9 5:20 8.8 0.0 0.0 6.1 25.0 14:10 SW 27 9.2 9.7 11:35 8.5 4:50 9.1 0.0 0.0 3.9 21.0 10:45 SW 28 8.3 9.3 0:05 7.5 4:50 9.9 0.0 0.0 2.9 16.0 22:30 S 29 8.2 9.9 11:30 5.3 23:40 10.1 0.0 3.2 6.0 22.0 15:10 S 30 6.1 7.7 13:10 4.2 8:15 12.2 0.0 0.2 5.6 23.0 22:45 NW 31 6.2 8.4 6:10 1.5 14:25 12.1 0.0 7.2 10.0 34.0 4:50 SW ------------------------------------------------------------------------------------- 6.5 11.4 18 -1.4 12 364.3 0.0 197.2 3.6 34.0 31 S Max >= 32.0: 0 Max <= 0.0: 0 Min <= 0.0: 3 Min <= -18.0: 0 Max Rain: 28.60 ON 01/01/08 Days of Rain: 25 (> .2 mm) 22 (> 2 mm) 1 (> 20 mm) Heat Base: 18.3 Cool Base: 18.3 Method: Integration