2020: Jan | Feb | Mar | Apr | May | Jun | Jul | Aug | Sep | Oct | Nov | Dec 
2019: Jan | Feb | Mar | Apr | May | Jun | Jul | Aug | Sep | Oct | Nov | Dec 
2018: Jan | Feb | Mar | Apr | May | Jun | Jul | Aug | Sep | Oct | Nov | Dec 
2017: Jan | Feb | Mar | Apr | May | Jun | Jul | Aug | Sep | Oct | Nov | Dec 
2016: Jan | Feb | Mar | Apr | May | Jun | Jul | Aug | Sep | Oct | Nov | Dec 
2015: Jan | Feb | Mar | Apr | May | Jun | Jul | Aug | Sep | Oct | Nov | Dec 
2014: Jan | Feb | Mar | Apr | May | Jun | Jul | Aug | Sep | Oct | Nov | Dec 
2013: Jan | Feb | Mar | Apr | May | Jun | Jul | Aug | Sep | Oct | Nov | Dec 
2012: Jan | Feb | Mar | Apr | May | Jun | Jul | Aug | Sep | Oct | Nov | Dec 
2011: Jan | Feb | Mar | Apr | May | Jun | Jul | Aug | Sep | Oct | Nov | Dec 
2010: Jan | Feb | Mar | Apr | May | Jun | Jul | Aug | Sep | Oct | Nov | Dec 
2009: Jan | Feb | Mar | Apr | May | Jun | Jul | Aug | Sep | Oct | Nov | Dec 
2008: Jan | Feb | Mar | Apr | May | Jun | Jul | Aug | Sep | Oct | Nov | Dec 
2007: Jan | Feb | Mar | Apr | May | Jun | Jul | Aug | Sep | Oct | Nov | Dec 

Report for 2008 02
MONTHLY CLIMATOLOGICAL SUMMARY for FEB. 2008 NAME: VantagePro2 CITY: Urswick STATE: Cumbria ELEV: 128 ft LAT: 54 09' 33" N LONG: 3 07' 24" W TEMPERATURE (C), RAIN (mm), WIND SPEED (mph) HEAT COOL AVG MEAN DEG DEG WIND DOM DAY TEMP HIGH TIME LOW TIME DAYS DAYS RAIN SPEED HIGH TIME DIR ------------------------------------------------------------------------------------ 1 3.9 6.3 0:35 1.1 00:00 14.4 0.0 1.6 12.0 35.0 11:45 NW 2 4.3 6.7 21:50 0.4 4:30 14.0 0.0 2.4 4.4 19.0 2:40 S 3 6.1 7.1 2:30 4.7 22:45 12.2 0.0 2.8 4.1 22.0 3:50 SSW 4 5.9 8.8 14:30 3.0 6:45 12.3 0.0 1.0 3.5 22.0 15:40 S 5 6.4 9.2 9:45 4.3 4:20 11.8 0.0 10.4 2.8 21.0 9:05 WNW 6 5.8 8.9 12:55 2.9 20:35 12.5 0.0 0.2 3.5 17.0 4:05 NW 7 8.2 10.4 13:35 4.7 2:10 10.1 0.0 1.2 2.5 15.0 19:40 S 8 8.6 10.1 0:05 7.8 00:00 9.7 0.0 0.2 1.9 14.0 9:35 S 9 7.2 13.0 13:50 2.6 23:40 11.1 0.0 0.0 0.3 5.0 0:45 SSW 10 4.6 13.2 13:20 -0.8 7:55 13.8 0.0 0.0 0.1 4.0 11:45 E 11 4.8 12.7 14:15 1.3 7:55 13.5 0.0 0.0 0.1 5.0 13:00 E 12 5.0 14.2 14:10 0.2 8:15 13.3 0.0 0.2 0.0 3.0 2:50 E 13 4.9 16.3 14:40 -0.9 7:40 13.4 0.0 0.0 0.0 3.0 12:15 E 14 4.4 9.8 13:00 0.2 22:55 13.9 0.0 0.0 0.7 9.0 12:25 E 15 2.9 8.2 13:35 -1.0 8:05 15.4 0.0 0.0 0.6 10.0 14:30 E 16 1.3 7.7 13:50 -2.2 23:40 17.0 0.0 0.2 0.5 5.0 1:15 E 17 -0.6 7.0 13:55 -4.6 6:50 18.8 0.0 0.0 0.1 4.0 11:55 SE 18 0.9 9.6 14:15 -4.3 6:00 17.4 0.0 0.2 0.1 4.0 14:15 E 19 1.8 11.2 14:45 -2.8 7:20 16.5 0.0 0.0 0.2 6.0 13:45 E 20 0.2 6.6 23:50 -4.1 2:40 18.1 0.0 0.4 0.6 7.0 20:40 SSW 21 8.4 9.9 00:00 6.6 0:05 9.9 0.0 1.6 7.2 26.0 9:40 SSW 22 9.0 11.3 13:45 6.8 19:25 9.3 0.0 5.2 6.4 27.0 7:55 SW 23 8.6 9.8 13:40 6.5 5:10 9.7 0.0 0.2 6.2 26.0 14:35 S 24 7.6 9.4 0:20 4.8 00:00 10.7 0.0 1.0 4.3 27.0 0:20 S 25 6.0 8.8 23:10 2.7 7:45 12.3 0.0 7.6 3.2 17.0 13:40 S 26 8.1 9.7 12:25 6.8 23:45 10.3 0.0 2.4 6.4 28.0 19:20 SW 27 7.2 9.9 13:15 5.6 6:55 11.1 0.0 0.0 3.3 18.0 0:30 SW 28 7.3 9.7 11:55 5.4 7:20 11.0 0.0 0.2 1.7 13.0 16:20 SW 29 8.1 10.7 18:05 6.8 6:05 10.2 0.0 12.8 7.1 34.0 15:10 SSW ------------------------------------------------------------------------------------- 5.4 16.3 13 -4.6 17 373.8 0.0 51.8 2.9 35.0 1 S Max >= 32.0: 0 Max <= 0.0: 0 Min <= 0.0: 8 Min <= -18.0: 0 Max Rain: 12.80 ON 29/02/08 Days of Rain: 20 (> .2 mm) 7 (> 2 mm) 0 (> 20 mm) Heat Base: 18.3 Cool Base: 18.3 Method: Integration