2020: Jan | Feb | Mar | Apr | May | Jun | Jul | Aug | Sep | Oct | Nov | Dec 
2019: Jan | Feb | Mar | Apr | May | Jun | Jul | Aug | Sep | Oct | Nov | Dec 
2018: Jan | Feb | Mar | Apr | May | Jun | Jul | Aug | Sep | Oct | Nov | Dec 
2017: Jan | Feb | Mar | Apr | May | Jun | Jul | Aug | Sep | Oct | Nov | Dec 
2016: Jan | Feb | Mar | Apr | May | Jun | Jul | Aug | Sep | Oct | Nov | Dec 
2015: Jan | Feb | Mar | Apr | May | Jun | Jul | Aug | Sep | Oct | Nov | Dec 
2014: Jan | Feb | Mar | Apr | May | Jun | Jul | Aug | Sep | Oct | Nov | Dec 
2013: Jan | Feb | Mar | Apr | May | Jun | Jul | Aug | Sep | Oct | Nov | Dec 
2012: Jan | Feb | Mar | Apr | May | Jun | Jul | Aug | Sep | Oct | Nov | Dec 
2011: Jan | Feb | Mar | Apr | May | Jun | Jul | Aug | Sep | Oct | Nov | Dec 
2010: Jan | Feb | Mar | Apr | May | Jun | Jul | Aug | Sep | Oct | Nov | Dec 
2009: Jan | Feb | Mar | Apr | May | Jun | Jul | Aug | Sep | Oct | Nov | Dec 
2008: Jan | Feb | Mar | Apr | May | Jun | Jul | Aug | Sep | Oct | Nov | Dec 
2007: Jan | Feb | Mar | Apr | May | Jun | Jul | Aug | Sep | Oct | Nov | Dec 

Report for 2008 03
MONTHLY CLIMATOLOGICAL SUMMARY for MAR. 2008 NAME: VantagePro2 CITY: Urswick STATE: Cumbria ELEV: 128 ft LAT: 54 09' 33" N LONG: 3 07' 24" W TEMPERATURE (C), RAIN (mm), WIND SPEED (mph) HEAT COOL AVG MEAN DEG DEG WIND DOM DAY TEMP HIGH TIME LOW TIME DAYS DAYS RAIN SPEED HIGH TIME DIR ------------------------------------------------------------------------------------ 1 8.1 10.1 23:10 7.1 1:25 10.2 0.0 0.6 9.1 35.0 1:00 NW 2 7.8 9.9 12:30 4.6 00:00 10.5 0.0 1.6 6.1 24.0 9:25 SW 3 3.2 7.7 13:10 -1.2 22:45 15.1 0.0 1.6 3.8 26.0 6:10 SW 4 2.9 8.2 13:40 -1.9 00:00 15.4 0.0 1.2 2.5 17.0 16:00 NNW 5 4.8 8.4 13:05 -2.3 2:00 13.5 0.0 0.2 3.7 24.0 19:40 SW 6 8.6 10.4 12:45 7.9 6:50 9.7 0.0 0.0 5.5 20.0 3:15 SW 7 7.2 9.6 14:00 4.8 5:20 11.1 0.0 3.0 5.4 25.0 14:10 SW 8 8.1 9.6 13:00 6.8 21:55 10.2 0.0 3.6 6.4 26.0 13:45 SSW 9 6.2 8.7 12:25 3.6 22:55 12.1 0.0 0.0 3.6 16.0 10:40 SW 10 6.1 10.4 12:50 3.8 0:05 12.3 0.0 6.6 3.6 20.0 3:45 SSW 11 6.6 8.8 16:15 5.0 22:10 11.7 0.0 4.4 6.3 27.0 3:45 SW 12 6.7 9.4 13:40 5.4 0:20 11.6 0.0 5.2 9.6 35.0 5:25 SW 13 6.7 8.6 10:50 4.3 21:25 11.6 0.0 3.2 4.5 26.0 17:30 SW 14 6.8 10.3 13:00 3.3 3:10 11.4 0.0 0.0 1.7 13.0 6:00 NW 15 7.8 10.3 12:05 6.5 1:00 10.5 0.0 0.4 2.3 18.0 19:20 E 16 7.3 10.5 14:40 2.2 00:00 11.0 0.0 0.0 3.7 20.0 1:40 ENE 17 4.1 9.7 14:05 -1.1 6:45 14.2 0.0 0.0 1.1 10.0 11:25 E 18 5.0 8.7 14:25 0.2 00:00 13.3 0.0 0.0 1.9 15.0 15:05 NW 19 4.3 9.1 12:40 -1.7 4:55 14.0 0.0 0.0 2.5 17.0 15:30 NW 20 7.4 9.3 16:00 5.2 0:25 10.9 0.0 3.8 8.1 35.0 23:35 NW 21 5.2 9.3 12:40 3.1 3:35 13.1 0.0 1.8 11.1 36.0 1:55 NNW 22 4.1 7.2 13:35 2.2 20:25 14.2 0.0 0.0 6.0 30.0 2:00 NE 23 4.1 7.3 14:55 1.2 6:00 14.2 0.0 5.4 3.5 21.0 4:05 N 24 3.5 6.7 13:40 1.3 00:00 14.8 0.0 0.0 5.0 21.0 13:20 NNW 25 3.6 7.2 15:05 -1.3 5:00 14.7 0.0 0.2 2.7 18.0 12:35 NW 26 4.6 6.5 16:45 2.0 23:15 13.7 0.0 3.0 0.6 13.0 18:30 E 27 5.2 9.8 14:10 0.4 5:30 13.2 0.0 1.6 2.5 17.0 11:45 NW 28 6.3 9.9 13:45 3.6 3:45 12.0 0.0 8.4 4.8 22.0 9:00 SSW 29 7.2 9.5 11:20 5.5 1:00 11.2 0.0 12.6 4.1 21.0 14:55 S 30 7.9 11.7 15:20 4.1 23:35 9.9 0.0 0.6 3.6 19.0 5:00 SW 31 7.9 13.8 15:10 2.8 7:05 10.3 0.0 1.0 1.0 11.0 15:35 S ------------------------------------------------------------------------------------- 6.0 13.8 31 -2.3 5 381.7 0.0 70.1 4.4 36.0 21 SW Max >= 32.0: 0 Max <= 0.0: 0 Min <= 0.0: 6 Min <= -18.0: 0 Max Rain: 12.60 ON 29/03/08 Days of Rain: 22 (> .2 mm) 11 (> 2 mm) 0 (> 20 mm) Heat Base: 18.3 Cool Base: 18.3 Method: Integration