2020: Jan | Feb | Mar | Apr | May | Jun | Jul | Aug | Sep | Oct | Nov | Dec 
2019: Jan | Feb | Mar | Apr | May | Jun | Jul | Aug | Sep | Oct | Nov | Dec 
2018: Jan | Feb | Mar | Apr | May | Jun | Jul | Aug | Sep | Oct | Nov | Dec 
2017: Jan | Feb | Mar | Apr | May | Jun | Jul | Aug | Sep | Oct | Nov | Dec 
2016: Jan | Feb | Mar | Apr | May | Jun | Jul | Aug | Sep | Oct | Nov | Dec 
2015: Jan | Feb | Mar | Apr | May | Jun | Jul | Aug | Sep | Oct | Nov | Dec 
2014: Jan | Feb | Mar | Apr | May | Jun | Jul | Aug | Sep | Oct | Nov | Dec 
2013: Jan | Feb | Mar | Apr | May | Jun | Jul | Aug | Sep | Oct | Nov | Dec 
2012: Jan | Feb | Mar | Apr | May | Jun | Jul | Aug | Sep | Oct | Nov | Dec 
2011: Jan | Feb | Mar | Apr | May | Jun | Jul | Aug | Sep | Oct | Nov | Dec 
2010: Jan | Feb | Mar | Apr | May | Jun | Jul | Aug | Sep | Oct | Nov | Dec 
2009: Jan | Feb | Mar | Apr | May | Jun | Jul | Aug | Sep | Oct | Nov | Dec 
2008: Jan | Feb | Mar | Apr | May | Jun | Jul | Aug | Sep | Oct | Nov | Dec 
2007: Jan | Feb | Mar | Apr | May | Jun | Jul | Aug | Sep | Oct | Nov | Dec 

Report for 2008 04
MONTHLY CLIMATOLOGICAL SUMMARY for APR. 2008 NAME: VantagePro2 CITY: Urswick STATE: Cumbria ELEV: 128 ft LAT: 54 09' 33" N LONG: 3 07' 24" W TEMPERATURE (C), RAIN (mm), WIND SPEED (mph) HEAT COOL AVG MEAN DEG DEG WIND DOM DAY TEMP HIGH TIME LOW TIME DAYS DAYS RAIN SPEED HIGH TIME DIR ------------------------------------------------------------------------------------ 1 9.1 11.2 16:40 7.3 2:35 9.2 0.0 10.2 5.7 40.0 5:10 SSW 2 9.1 11.9 17:15 7.6 6:25 9.2 0.0 0.2 3.8 21.0 4:15 NW 3 10.4 13.1 13:40 8.6 1:00 7.9 0.0 0.0 2.5 14.0 13:55 NW 4 8.9 12.6 14:15 5.9 22:10 9.3 0.0 1.6 2.7 14.0 13:40 NW 5 6.3 10.6 14:50 2.1 21:15 12.0 0.0 1.4 4.3 20.0 12:45 NNE 6 2.4 5.9 12:25 -2.7 6:15 15.9 0.0 0.0 4.3 23.0 18:10 NNW 7 4.2 8.7 14:15 0.6 6:45 14.1 0.0 0.2 3.7 18.0 8:35 NW 8 4.8 10.9 14:35 -0.2 6:30 13.5 0.0 0.0 1.4 13.0 15:25 E 9 6.4 10.4 14:50 2.3 5:30 11.9 0.0 1.0 1.8 14.0 11:50 NW 10 7.4 10.2 13:55 4.5 23:35 10.9 0.0 1.4 1.7 12.0 9:35 S 11 5.7 9.2 12:35 3.1 23:35 12.6 0.0 1.8 2.1 16.0 17:00 SSW 12 5.8 9.4 16:55 2.1 00:00 12.5 0.0 7.8 2.4 18.0 13:50 SW 13 6.0 11.2 16:40 1.3 1:30 12.3 0.0 0.4 1.0 12.0 18:25 NNW 14 6.1 11.4 15:35 2.0 4:35 12.3 0.0 0.0 2.6 15.0 9:30 NW 15 5.3 10.4 15:25 0.2 6:05 13.0 0.0 0.0 2.5 17.0 10:40 NW 16 5.8 12.0 14:45 0.4 4:00 10.4 0.0 0.0 1.9 13.0 17:15 E 17 18 7.7 10.6 14:10 3.9 4:45 10.7 0.0 0.0 4.9 21.0 14:15 ENE 19 7.6 10.3 12:25 4.8 3:20 10.7 0.0 0.0 5.8 24.0 9:15 ENE 20 8.3 10.7 12:50 6.3 23:45 10.0 0.0 1.2 4.2 20.0 9:25 ENE 21 9.7 15.1 15:25 6.2 6:00 8.6 0.0 0.0 3.1 13.0 18:00 ENE 22 11.1 18.2 16:15 4.9 5:30 7.3 0.0 0.0 2.1 12.0 22:40 ENE 23 10.3 14.8 17:05 5.8 00:00 8.0 0.0 3.0 1.5 13.0 13:05 E 24 9.6 13.9 16:15 5.2 1:05 8.7 0.0 4.0 2.8 16.0 14:15 SSW 25 10.1 12.1 11:15 6.9 5:45 8.2 0.0 2.8 2.2 16.0 11:30 S 26 11.0 12.9 11:15 10.2 4:25 7.3 0.0 3.0 3.3 19.0 16:30 S 27 10.6 13.3 12:55 7.8 23:35 7.7 0.0 5.6 1.1 10.0 22:25 NW 28 9.1 12.3 15:30 7.2 23:35 9.2 0.0 1.2 1.5 15.0 15:10 S 29 10.5 17.4 16:20 5.9 5:30 7.8 0.0 0.4 1.3 13.0 17:20 E 30 9.0 14.9 14:50 4.7 23:30 9.3 0.0 6.0 1.7 13.0 2:35 S ------------------------------------------------------------------------------------- 7.9 18.2 22 -2.7 6 300.4 0.0 53.2 2.8 40.0 1 NW Max >= 32.0: 0 Max <= 0.0: 0 Min <= 0.0: 2 Min <= -18.0: 0 Max Rain: 10.21 ON 01/04/08 Days of Rain: 19 (> .2 mm) 8 (> 2 mm) 0 (> 20 mm) Heat Base: 18.3 Cool Base: 18.3 Method: Integration