2020: Jan | Feb | Mar | Apr | May | Jun | Jul | Aug | Sep | Oct | Nov | Dec 
2019: Jan | Feb | Mar | Apr | May | Jun | Jul | Aug | Sep | Oct | Nov | Dec 
2018: Jan | Feb | Mar | Apr | May | Jun | Jul | Aug | Sep | Oct | Nov | Dec 
2017: Jan | Feb | Mar | Apr | May | Jun | Jul | Aug | Sep | Oct | Nov | Dec 
2016: Jan | Feb | Mar | Apr | May | Jun | Jul | Aug | Sep | Oct | Nov | Dec 
2015: Jan | Feb | Mar | Apr | May | Jun | Jul | Aug | Sep | Oct | Nov | Dec 
2014: Jan | Feb | Mar | Apr | May | Jun | Jul | Aug | Sep | Oct | Nov | Dec 
2013: Jan | Feb | Mar | Apr | May | Jun | Jul | Aug | Sep | Oct | Nov | Dec 
2012: Jan | Feb | Mar | Apr | May | Jun | Jul | Aug | Sep | Oct | Nov | Dec 
2011: Jan | Feb | Mar | Apr | May | Jun | Jul | Aug | Sep | Oct | Nov | Dec 
2010: Jan | Feb | Mar | Apr | May | Jun | Jul | Aug | Sep | Oct | Nov | Dec 
2009: Jan | Feb | Mar | Apr | May | Jun | Jul | Aug | Sep | Oct | Nov | Dec 
2008: Jan | Feb | Mar | Apr | May | Jun | Jul | Aug | Sep | Oct | Nov | Dec 
2007: Jan | Feb | Mar | Apr | May | Jun | Jul | Aug | Sep | Oct | Nov | Dec 

Report for 2008 05
MONTHLY CLIMATOLOGICAL SUMMARY for MAY. 2008 NAME: VantagePro2 CITY: Urswick STATE: Cumbria ELEV: 128 ft LAT: 54 09' 33" N LONG: 3 07' 24" W TEMPERATURE (C), RAIN (mm), WIND SPEED (mph) HEAT COOL AVG MEAN DEG DEG WIND DOM DAY TEMP HIGH TIME LOW TIME DAYS DAYS RAIN SPEED HIGH TIME DIR ------------------------------------------------------------------------------------ 1 8.9 12.7 15:30 3.9 4:20 9.4 0.0 1.6 2.7 20.0 11:55 SW 2 10.6 16.4 15:45 5.9 5:15 7.7 0.0 0.0 1.1 10.0 13:15 S 3 14.0 20.0 15:25 7.5 0:05 4.5 0.2 0.0 1.5 12.0 23:05 SSW 4 13.9 16.9 12:45 6.8 00:00 4.4 0.0 10.8 1.3 13.0 4:00 E 5 12.8 20.8 16:55 3.9 5:20 5.7 0.2 0.0 0.4 9.0 13:00 E 6 16.1 23.2 16:15 10.7 5:35 3.1 0.9 0.0 2.0 11.0 11:20 E 7 17.3 24.2 13:40 11.2 4:55 2.5 1.5 0.0 1.7 15.0 9:45 E 8 17.9 23.6 15:10 11.9 4:50 2.1 1.6 0.0 1.9 11.0 10:50 E 9 16.7 22.4 12:35 12.9 5:20 2.3 0.6 0.2 0.7 9.0 0:25 E 10 16.8 21.6 16:45 12.7 5:35 2.2 0.7 0.0 0.4 7.0 10:35 NW 11 17.4 24.8 12:55 11.3 5:10 2.3 1.4 0.8 0.6 12.0 17:30 NW 12 17.6 23.9 15:25 11.5 00:00 2.3 1.5 0.0 0.9 9.0 15:50 E 13 14.0 20.6 14:05 8.7 00:00 4.6 0.3 0.0 1.4 10.0 12:55 ENE 14 12.4 19.9 15:00 7.1 5:40 5.9 0.1 0.0 1.0 10.0 19:35 ENE 15 12.2 20.7 16:35 2.7 5:40 6.3 0.3 0.0 0.7 7.0 18:00 E 16 11.4 15.9 15:30 6.1 1:50 6.9 0.0 0.0 0.2 5.0 9:50 E 17 11.2 13.6 12:40 9.1 00:00 7.1 0.0 0.0 1.1 10.0 16:55 E 18 10.3 16.2 13:10 4.0 5:35 8.0 0.0 0.0 0.7 7.0 15:15 E 19 10.6 16.5 13:35 3.9 2:25 7.7 0.0 0.0 0.6 10.0 14:50 E 20 11.1 17.4 14:50 3.1 5:25 7.2 0.0 0.0 0.5 6.0 10:25 E 21 13.2 17.8 16:45 9.1 5:05 5.2 0.0 0.0 1.2 11.0 11:10 E 22 14.1 19.7 14:55 9.8 6:00 4.3 0.1 0.0 2.0 12.0 9:25 E 23 15.0 22.2 14:15 10.8 4:50 3.7 0.4 0.6 1.2 10.0 10:50 ENE 24 13.5 17.9 14:45 9.5 00:00 4.8 0.0 0.0 2.3 15.0 15:40 ENE 25 13.9 19.7 12:50 8.3 2:05 4.5 0.1 0.0 3.2 24.0 13:05 NE 26 13.6 18.7 13:25 10.2 5:10 4.7 0.0 0.0 3.8 21.0 16:25 NE 27 11.4 12.4 17:05 10.2 8:30 6.9 0.0 2.0 1.6 11.0 3:15 ENE 28 12.6 14.2 17:00 11.3 1:55 5.8 0.0 6.2 0.7 11.0 7:45 ENE 29 15.0 20.4 13:55 11.2 3:05 3.5 0.2 0.8 1.1 11.0 1:45 S 30 15.9 19.6 15:35 13.3 4:35 2.5 0.1 0.4 0.3 7.0 11:55 E 31 15.8 20.2 18:15 9.2 5:25 2.9 0.4 0.0 1.2 13.0 14:55 NW ------------------------------------------------------------------------------------- 13.8 24.8 11 2.7 15 150.8 10.6 23.4 1.3 24.0 25 E Max >= 32.0: 0 Max <= 0.0: 0 Min <= 0.0: 0 Min <= -18.0: 0 Max Rain: 10.80 ON 04/05/08 Days of Rain: 9 (> .2 mm) 3 (> 2 mm) 0 (> 20 mm) Heat Base: 18.3 Cool Base: 18.3 Method: Integration