2020: Jan | Feb | Mar | Apr | May | Jun | Jul | Aug | Sep | Oct | Nov | Dec 
2019: Jan | Feb | Mar | Apr | May | Jun | Jul | Aug | Sep | Oct | Nov | Dec 
2018: Jan | Feb | Mar | Apr | May | Jun | Jul | Aug | Sep | Oct | Nov | Dec 
2017: Jan | Feb | Mar | Apr | May | Jun | Jul | Aug | Sep | Oct | Nov | Dec 
2016: Jan | Feb | Mar | Apr | May | Jun | Jul | Aug | Sep | Oct | Nov | Dec 
2015: Jan | Feb | Mar | Apr | May | Jun | Jul | Aug | Sep | Oct | Nov | Dec 
2014: Jan | Feb | Mar | Apr | May | Jun | Jul | Aug | Sep | Oct | Nov | Dec 
2013: Jan | Feb | Mar | Apr | May | Jun | Jul | Aug | Sep | Oct | Nov | Dec 
2012: Jan | Feb | Mar | Apr | May | Jun | Jul | Aug | Sep | Oct | Nov | Dec 
2011: Jan | Feb | Mar | Apr | May | Jun | Jul | Aug | Sep | Oct | Nov | Dec 
2010: Jan | Feb | Mar | Apr | May | Jun | Jul | Aug | Sep | Oct | Nov | Dec 
2009: Jan | Feb | Mar | Apr | May | Jun | Jul | Aug | Sep | Oct | Nov | Dec 
2008: Jan | Feb | Mar | Apr | May | Jun | Jul | Aug | Sep | Oct | Nov | Dec 
2007: Jan | Feb | Mar | Apr | May | Jun | Jul | Aug | Sep | Oct | Nov | Dec 

Report for 2008 06
MONTHLY CLIMATOLOGICAL SUMMARY for JUN. 2008 NAME: VantagePro2 CITY: Urswick STATE: Cumbria ELEV: 128 ft LAT: 54 09' 33" N LONG: 3 07' 24" W TEMPERATURE (C), RAIN (mm), WIND SPEED (mph) HEAT COOL AVG MEAN DEG DEG WIND DOM DAY TEMP HIGH TIME LOW TIME DAYS DAYS RAIN SPEED HIGH TIME DIR ------------------------------------------------------------------------------------ 1 13.6 15.9 11:15 11.6 3:50 4.7 0.0 1.0 0.1 4.0 5:00 E 2 15.4 20.6 16:20 12.0 4:55 3.2 0.2 0.0 0.5 7.0 13:25 E 3 14.7 18.0 16:30 10.7 00:00 3.6 0.0 0.8 2.0 14.0 10:30 NW 4 13.3 19.1 14:45 7.2 5:20 5.0 0.0 0.0 1.0 11.0 8:45 NW 5 14.9 21.2 13:50 9.8 22:55 3.8 0.4 0.0 0.6 14.0 18:55 NW 6 13.2 16.9 14:15 8.0 3:25 5.1 0.0 0.0 2.0 17.0 19:20 NW 7 14.1 18.4 13:50 10.7 00:00 4.2 0.0 0.4 1.6 14.0 17:30 NW 8 14.7 20.1 12:50 7.9 5:30 3.9 0.3 0.0 1.3 13.0 15:15 NW 9 15.4 21.1 17:15 7.6 5:10 3.4 0.5 0.0 1.5 12.0 15:55 NW 10 14.8 18.3 15:20 12.8 23:45 3.5 0.0 0.0 5.2 20.0 8:10 NW 11 13.1 16.9 14:35 10.8 4:10 5.2 0.0 0.0 4.3 19.0 15:10 NW 12 12.2 16.2 16:50 7.6 5:50 6.1 0.0 0.0 2.6 16.0 15:35 NW 13 12.1 16.9 14:30 5.4 5:15 6.3 0.0 0.0 3.2 15.0 12:45 NW 14 11.8 15.8 15:00 7.8 2:35 6.5 0.0 0.2 3.3 18.0 13:10 NW 15 11.5 16.6 17:25 3.5 4:50 6.8 0.0 0.0 2.4 16.0 17:20 NW 16 11.3 16.5 15:40 3.2 5:20 7.0 0.0 0.0 1.5 13.0 15:20 NW 17 13.6 16.6 15:55 10.4 0:15 4.7 0.0 0.0 2.5 18.0 23:05 S 18 13.0 15.8 12:20 11.2 5:35 5.3 0.0 23.2 3.1 18.0 1:40 S 19 13.2 17.1 15:25 10.4 2:30 5.1 0.0 2.8 3.4 18.0 13:30 SSW 20 12.6 16.0 16:35 8.4 3:20 5.7 0.0 0.8 1.8 17.0 8:35 NW 21 11.4 15.5 23:40 7.2 3:45 6.9 0.0 19.2 1.0 12.0 14:40 E 22 13.4 15.6 0:05 11.3 23:55 4.9 0.0 3.2 5.6 29.0 13:55 S 23 13.1 16.8 17:10 7.4 00:00 5.2 0.0 0.0 3.7 32.0 0:35 NW 24 13.7 19.9 16:45 6.1 2:25 4.7 0.1 0.4 0.6 7.0 21:35 E 25 15.2 17.9 16:45 13.3 23:55 3.2 0.0 0.6 2.8 19.0 12:00 S 26 12.8 13.8 12:25 11.6 21:25 5.5 0.0 8.4 2.6 16.0 7:35 S 27 13.5 15.3 23:15 11.3 5:25 4.8 0.0 5.8 2.3 16.0 17:10 SSW 28 15.3 17.7 17:20 14.0 5:10 3.0 0.0 0.0 3.3 15.0 10:45 SSW 29 14.6 16.9 17:00 12.9 6:25 3.7 0.0 0.0 2.8 15.0 13:25 SSW 30 15.1 18.2 13:00 11.8 23:35 3.2 0.0 0.0 2.2 13.0 14:35 S ------------------------------------------------------------------------------------- 13.6 21.2 5 3.2 16 144.0 1.5 66.8 2.4 32.0 23 NW Max >= 32.0: 0 Max <= 0.0: 0 Min <= 0.0: 0 Min <= -18.0: 0 Max Rain: 23.19 ON 18/06/08 Days of Rain: 13 (> .2 mm) 6 (> 2 mm) 1 (> 20 mm) Heat Base: 18.3 Cool Base: 18.3 Method: Integration