2020: Jan | Feb | Mar | Apr | May | Jun | Jul | Aug | Sep | Oct | Nov | Dec 
2019: Jan | Feb | Mar | Apr | May | Jun | Jul | Aug | Sep | Oct | Nov | Dec 
2018: Jan | Feb | Mar | Apr | May | Jun | Jul | Aug | Sep | Oct | Nov | Dec 
2017: Jan | Feb | Mar | Apr | May | Jun | Jul | Aug | Sep | Oct | Nov | Dec 
2016: Jan | Feb | Mar | Apr | May | Jun | Jul | Aug | Sep | Oct | Nov | Dec 
2015: Jan | Feb | Mar | Apr | May | Jun | Jul | Aug | Sep | Oct | Nov | Dec 
2014: Jan | Feb | Mar | Apr | May | Jun | Jul | Aug | Sep | Oct | Nov | Dec 
2013: Jan | Feb | Mar | Apr | May | Jun | Jul | Aug | Sep | Oct | Nov | Dec 
2012: Jan | Feb | Mar | Apr | May | Jun | Jul | Aug | Sep | Oct | Nov | Dec 
2011: Jan | Feb | Mar | Apr | May | Jun | Jul | Aug | Sep | Oct | Nov | Dec 
2010: Jan | Feb | Mar | Apr | May | Jun | Jul | Aug | Sep | Oct | Nov | Dec 
2009: Jan | Feb | Mar | Apr | May | Jun | Jul | Aug | Sep | Oct | Nov | Dec 
2008: Jan | Feb | Mar | Apr | May | Jun | Jul | Aug | Sep | Oct | Nov | Dec 
2007: Jan | Feb | Mar | Apr | May | Jun | Jul | Aug | Sep | Oct | Nov | Dec 

Report for 2008 07
MONTHLY CLIMATOLOGICAL SUMMARY for JUL. 2008 NAME: VantagePro2 CITY: Urswick STATE: Cumbria ELEV: 128 ft LAT: 54 09' 33" N LONG: 3 07' 24" W TEMPERATURE (C), RAIN (mm), WIND SPEED (mph) HEAT COOL AVG MEAN DEG DEG WIND DOM DAY TEMP HIGH TIME LOW TIME DAYS DAYS RAIN SPEED HIGH TIME DIR ------------------------------------------------------------------------------------ 1 17.2 24.3 14:55 11.4 0:45 2.3 1.2 1.2 0.8 11.0 14:45 S 2 14.8 20.2 13:25 10.2 4:50 3.7 0.2 8.4 0.6 10.0 8:30 S 3 14.9 22.1 14:30 11.3 1:20 3.6 0.2 1.8 0.7 11.0 15:20 E 4 15.9 21.6 15:55 10.9 3:45 2.9 0.6 0.0 0.6 7.0 4:20 S 5 15.0 18.8 15:30 13.8 16:50 3.3 0.0 12.4 1.8 13.0 8:30 E 6 14.4 17.3 19:10 10.4 00:00 3.8 0.0 4.2 0.5 9.0 2:30 E 7 13.3 16.9 13:55 9.7 0:40 5.0 0.0 2.8 1.8 15.0 14:35 NW 8 13.3 16.3 15:35 11.4 4:15 5.0 0.0 2.4 2.7 17.0 14:35 SW 9 14.3 18.6 13:20 9.4 3:15 4.0 0.0 12.2 0.6 7.0 18:00 E 10 15.2 18.3 14:45 13.8 1:30 3.1 0.0 2.0 3.2 15.0 9:55 S 11 13.5 15.0 13:45 11.9 22:25 4.8 0.0 6.6 1.7 15.0 15:10 NNW 12 12.8 14.9 11:50 10.3 5:40 5.5 0.0 0.2 3.7 18.0 11:55 NW 13 13.8 17.7 17:55 8.1 2:20 4.5 0.0 0.0 1.2 13.0 16:15 NW 14 15.7 17.1 19:45 14.1 0:05 2.6 0.0 0.2 1.6 11.0 2:10 SSW 15 16.3 18.4 12:50 12.8 23:20 2.0 0.0 0.6 2.3 18.0 10:20 NW 16 14.0 16.5 13:40 12.1 23:55 4.3 0.0 2.0 3.3 19.0 8:05 NW 17 13.6 15.0 16:05 12.1 0:05 4.7 0.0 4.0 2.5 17.0 12:55 NW 18 14.6 17.6 16:00 13.0 6:10 3.7 0.0 5.8 1.6 12.0 10:10 SSW 19 14.2 16.7 15:15 11.6 23:50 4.1 0.0 1.6 5.0 21.0 13:15 NW 20 12.9 16.2 16:10 10.1 4:45 5.3 0.0 0.0 6.3 26.0 17:15 NW 21 13.6 17.6 17:15 8.1 5:35 4.8 0.0 0.0 3.0 17.0 14:45 NW 22 15.4 17.1 11:45 13.5 1:05 2.9 0.0 0.0 1.3 11.0 12:45 NW 23 18.9 24.2 14:40 14.7 4:30 1.2 1.8 0.0 0.3 6.0 23:35 E 24 18.8 22.4 17:20 15.6 6:10 0.7 1.1 0.0 2.5 13.0 8:30 E 25 18.9 26.7 14:30 15.2 2:25 1.3 1.9 0.8 1.7 14.0 17:35 ENE 26 16.9 21.4 16:20 13.2 22:50 2.0 0.6 0.0 0.7 10.0 16:55 NNW 27 17.1 22.8 15:40 13.9 00:00 2.0 0.7 0.0 0.8 9.0 12:05 NW 28 20.3 26.9 14:30 14.0 0:05 0.8 2.8 0.0 0.8 9.0 13:10 E 29 18.1 22.9 16:15 14.8 22:20 1.0 0.7 13.4 0.5 9.0 15:30 E 30 17.9 23.0 18:05 15.0 3:30 1.3 0.9 2.8 0.7 12.0 16:35 S 31 19.0 21.8 13:40 17.2 7:05 0.1 0.9 0.8 1.0 10.0 14:10 E ------------------------------------------------------------------------------------- 15.6 26.9 28 8.1 13 96.3 13.5 86.2 1.8 26.0 20 NW Max >= 32.0: 0 Max <= 0.0: 0 Min <= 0.0: 0 Min <= -18.0: 0 Max Rain: 13.41 ON 29/07/08 Days of Rain: 21 (> .2 mm) 13 (> 2 mm) 0 (> 20 mm) Heat Base: 18.3 Cool Base: 18.3 Method: Integration