2020: Jan | Feb | Mar | Apr | May | Jun | Jul | Aug | Sep | Oct | Nov | Dec 
2019: Jan | Feb | Mar | Apr | May | Jun | Jul | Aug | Sep | Oct | Nov | Dec 
2018: Jan | Feb | Mar | Apr | May | Jun | Jul | Aug | Sep | Oct | Nov | Dec 
2017: Jan | Feb | Mar | Apr | May | Jun | Jul | Aug | Sep | Oct | Nov | Dec 
2016: Jan | Feb | Mar | Apr | May | Jun | Jul | Aug | Sep | Oct | Nov | Dec 
2015: Jan | Feb | Mar | Apr | May | Jun | Jul | Aug | Sep | Oct | Nov | Dec 
2014: Jan | Feb | Mar | Apr | May | Jun | Jul | Aug | Sep | Oct | Nov | Dec 
2013: Jan | Feb | Mar | Apr | May | Jun | Jul | Aug | Sep | Oct | Nov | Dec 
2012: Jan | Feb | Mar | Apr | May | Jun | Jul | Aug | Sep | Oct | Nov | Dec 
2011: Jan | Feb | Mar | Apr | May | Jun | Jul | Aug | Sep | Oct | Nov | Dec 
2010: Jan | Feb | Mar | Apr | May | Jun | Jul | Aug | Sep | Oct | Nov | Dec 
2009: Jan | Feb | Mar | Apr | May | Jun | Jul | Aug | Sep | Oct | Nov | Dec 
2008: Jan | Feb | Mar | Apr | May | Jun | Jul | Aug | Sep | Oct | Nov | Dec 
2007: Jan | Feb | Mar | Apr | May | Jun | Jul | Aug | Sep | Oct | Nov | Dec 

Report for 2008 08
MONTHLY CLIMATOLOGICAL SUMMARY for AUG. 2008 NAME: VantagePro2 CITY: Urswick STATE: Cumbria ELEV: 128 ft LAT: 54 09' 33" N LONG: 3 07' 24" W TEMPERATURE (C), RAIN (mm), WIND SPEED (mph) HEAT COOL AVG MEAN DEG DEG WIND DOM DAY TEMP HIGH TIME LOW TIME DAYS DAYS RAIN SPEED HIGH TIME DIR ------------------------------------------------------------------------------------ 1 15.9 19.4 0:05 14.4 5:20 2.4 0.0 12.6 2.1 16.0 15:30 S 2 16.6 19.6 14:55 14.9 5:50 1.8 0.1 2.8 2.0 15.0 23:00 S 3 16.2 19.2 16:55 14.1 23:55 2.2 0.0 0.0 1.5 12.0 15:00 SW 4 15.9 18.8 15:25 13.4 00:00 2.4 0.0 2.2 1.8 15.0 13:20 NW 5 14.4 17.1 11:10 9.3 4:35 3.9 0.0 4.4 0.4 6.0 15:05 E 6 17.4 20.6 17:45 15.8 00:00 1.1 0.3 6.0 0.7 12.0 3:00 S 7 15.8 19.3 13:20 12.4 3:45 2.6 0.1 0.0 0.9 11.0 13:55 NW 8 14.4 19.3 14:35 9.9 6:15 3.9 0.0 0.0 1.0 11.0 1:55 NW 9 13.9 17.6 16:20 8.1 3:30 4.4 0.0 20.6 1.5 16.0 15:05 S 10 15.8 18.3 16:55 13.8 5:25 2.5 0.0 0.6 4.3 19.0 1:30 S 11 15.6 18.0 14:00 14.4 5:20 2.7 0.0 2.4 2.2 15.0 4:45 S 12 13.9 16.2 16:35 12.2 23:55 4.3 0.0 9.6 0.6 9.0 15:30 E 13 14.1 16.8 16:20 11.7 23:55 4.2 0.0 1.0 0.9 10.0 16:00 SW 14 14.1 16.0 14:10 11.5 1:15 4.2 0.0 10.2 1.2 10.0 7:30 SSW 15 15.2 18.2 14:40 12.7 6:05 3.1 0.0 0.0 0.9 14.0 14:45 S 16 15.6 20.7 14:05 13.2 4:50 2.9 0.2 12.6 0.9 10.0 12:10 S 17 14.9 17.2 16:20 12.6 6:05 3.4 0.0 0.8 0.8 11.0 13:50 S 18 15.1 17.9 14:00 13.4 6:10 3.2 0.0 11.4 0.4 11.0 19:10 E 19 15.7 18.3 12:25 13.7 0:40 2.7 0.0 5.4 2.2 19.0 13:30 NW 20 15.7 18.4 15:25 14.3 6:00 2.6 0.0 2.4 1.3 11.0 6:40 SW 21 14.9 18.4 13:40 9.2 00:00 3.3 0.0 0.6 1.4 17.0 16:25 NW 22 13.6 17.3 13:50 9.2 0:05 4.7 0.0 0.6 2.6 19.0 16:05 NNW 23 13.4 18.9 13:50 7.1 6:35 4.9 0.0 2.0 0.7 10.0 20:00 SSE 24 15.4 18.3 13:25 13.3 0:05 2.8 0.0 2.6 1.7 12.0 10:55 S 25 15.7 16.3 18:30 14.8 0:05 2.6 0.0 3.4 3.5 20.0 6:55 S 26 15.4 16.1 14:45 14.0 5:30 2.9 0.0 7.4 2.0 14.0 18:05 S 27 16.1 17.4 16:25 15.3 6:35 2.2 0.0 0.4 2.1 13.0 17:10 SSW 28 16.2 17.6 16:45 15.0 6:35 2.1 0.0 1.6 1.6 14.0 8:30 SW 29 17.3 20.0 16:50 15.8 2:40 1.1 0.2 0.0 0.3 7.0 4:55 NW 30 18.3 20.8 17:20 16.6 2:00 0.6 0.7 0.0 0.0 4.0 9:55 W 31 15.4 16.6 0:20 14.2 23:35 2.9 0.0 2.6 0.1 7.0 12:35 NW ------------------------------------------------------------------------------------- 15.4 20.8 30 7.1 23 90.6 1.5 126.2 1.4 20.0 25 S Max >= 32.0: 0 Max <= 0.0: 0 Min <= 0.0: 0 Min <= -18.0: 0 Max Rain: 20.60 ON 09/08/08 Days of Rain: 25 (> .2 mm) 18 (> 2 mm) 1 (> 20 mm) Heat Base: 18.3 Cool Base: 18.3 Method: Integration