2020: Jan | Feb | Mar | Apr | May | Jun | Jul | Aug | Sep | Oct | Nov | Dec 
2019: Jan | Feb | Mar | Apr | May | Jun | Jul | Aug | Sep | Oct | Nov | Dec 
2018: Jan | Feb | Mar | Apr | May | Jun | Jul | Aug | Sep | Oct | Nov | Dec 
2017: Jan | Feb | Mar | Apr | May | Jun | Jul | Aug | Sep | Oct | Nov | Dec 
2016: Jan | Feb | Mar | Apr | May | Jun | Jul | Aug | Sep | Oct | Nov | Dec 
2015: Jan | Feb | Mar | Apr | May | Jun | Jul | Aug | Sep | Oct | Nov | Dec 
2014: Jan | Feb | Mar | Apr | May | Jun | Jul | Aug | Sep | Oct | Nov | Dec 
2013: Jan | Feb | Mar | Apr | May | Jun | Jul | Aug | Sep | Oct | Nov | Dec 
2012: Jan | Feb | Mar | Apr | May | Jun | Jul | Aug | Sep | Oct | Nov | Dec 
2011: Jan | Feb | Mar | Apr | May | Jun | Jul | Aug | Sep | Oct | Nov | Dec 
2010: Jan | Feb | Mar | Apr | May | Jun | Jul | Aug | Sep | Oct | Nov | Dec 
2009: Jan | Feb | Mar | Apr | May | Jun | Jul | Aug | Sep | Oct | Nov | Dec 
2008: Jan | Feb | Mar | Apr | May | Jun | Jul | Aug | Sep | Oct | Nov | Dec 
2007: Jan | Feb | Mar | Apr | May | Jun | Jul | Aug | Sep | Oct | Nov | Dec 

Report for 2008 09
MONTHLY CLIMATOLOGICAL SUMMARY for SEP. 2008 NAME: VantagePro2 CITY: Urswick STATE: Cumbria ELEV: 128 ft LAT: 54 09' 33" N LONG: 3 07' 24" W TEMPERATURE (C), RAIN (mm), WIND SPEED (mph) HEAT COOL AVG MEAN DEG DEG WIND DOM DAY TEMP HIGH TIME LOW TIME DAYS DAYS RAIN SPEED HIGH TIME DIR ------------------------------------------------------------------------------------ 1 14.4 17.8 15:00 10.3 23:05 3.9 0.0 0.2 1.2 14.0 10:15 S 2 13.1 17.1 14:55 9.6 5:10 5.2 0.0 14.6 0.8 11.0 11:10 SSE 3 12.4 14.7 15:25 10.9 12:35 5.9 0.0 6.4 2.7 19.0 14:50 S 4 11.2 14.8 17:05 7.2 23:20 7.1 0.0 5.6 0.3 15.0 0:45 WNW 5 11.0 13.2 16:30 7.2 2:40 7.3 0.0 22.2 1.0 9.0 12:20 ENE 6 14.2 16.1 13:00 12.8 0:05 4.1 0.0 3.0 3.2 22.0 11:45 NNE 7 14.6 19.8 15:25 10.6 23:20 3.7 0.1 0.0 1.3 19.0 0:40 N 8 13.6 17.9 15:30 10.2 4:25 4.7 0.0 0.0 0.2 6.0 16:45 ESE 9 13.4 17.4 16:30 11.2 0:10 4.8 0.0 4.6 0.7 17.0 21:20 S 10 15.1 18.1 13:15 12.7 6:45 3.2 0.0 1.0 1.9 16.0 0:25 S 11 16.0 19.7 15:05 13.6 6:15 2.3 0.1 2.2 1.4 15.0 14:05 SSE 12 14.7 17.1 17:00 12.7 7:15 3.6 0.0 1.0 0.8 10.0 16:20 NW 13 14.0 17.6 15:50 9.0 23:55 4.3 0.0 0.2 0.6 10.0 6:40 NW 14 13.3 18.6 14:50 8.3 6:30 5.0 0.0 0.2 0.3 5.0 11:20 E 15 13.2 14.8 15:45 10.8 7:20 5.2 0.0 1.4 0.2 6.0 12:20 E 16 12.2 13.2 2:10 11.2 00:00 6.1 0.0 1.6 0.1 7.0 2:20 E 17 13.2 18.3 14:25 10.4 00:00 5.0 0.0 0.0 0.1 5.0 10:45 E 18 12.7 18.6 14:30 7.9 7:15 5.6 0.0 0.0 0.2 6.0 15:00 SSE 19 14.4 15.5 10:30 13.6 7:20 3.9 0.0 0.0 0.6 9.0 9:45 S 20 14.3 19.2 15:05 8.7 23:55 4.1 0.0 0.0 0.3 6.0 13:15 NNW 21 13.4 18.6 12:25 8.7 0:05 4.8 0.0 0.0 0.1 4.0 12:25 NNW 22 12.6 16.1 14:25 6.9 22:30 5.7 0.0 0.0 0.4 11.0 10:30 ENE 23 10.1 16.9 13:50 3.7 4:35 8.2 0.0 0.0 0.4 7.0 10:30 ENE 24 12.4 17.3 15:35 9.1 4:25 5.9 0.0 0.0 0.4 7.0 10:50 ENE 25 12.8 17.7 12:40 8.8 21:35 5.5 0.0 0.0 0.0 4.0 11:40 E 26 11.4 18.3 14:30 6.4 6:10 6.9 0.0 0.0 0.2 10.0 15:35 E 27 11.7 16.6 15:30 6.0 7:10 6.6 0.0 0.8 1.0 10.0 14:25 SSW 28 10.7 14.5 14:20 6.7 7:10 7.6 0.0 0.2 1.3 12.0 13:25 NW 29 12.2 14.8 14:30 8.8 2:40 6.2 0.0 0.4 3.0 23.0 21:40 SW 30 12.1 13.5 15:15 10.6 6:35 6.3 0.0 9.4 3.8 25.0 15:20 NW ------------------------------------------------------------------------------------- 13.0 19.8 7 3.7 23 158.6 0.2 75.0 0.9 25.0 30 E Max >= 32.0: 0 Max <= 0.0: 0 Min <= 0.0: 0 Min <= -18.0: 0 Max Rain: 22.20 ON 05/09/08 Days of Rain: 18 (> .2 mm) 8 (> 2 mm) 1 (> 20 mm) Heat Base: 18.3 Cool Base: 18.3 Method: Integration