2020: Jan | Feb | Mar | Apr | May | Jun | Jul | Aug | Sep | Oct | Nov | Dec 
2019: Jan | Feb | Mar | Apr | May | Jun | Jul | Aug | Sep | Oct | Nov | Dec 
2018: Jan | Feb | Mar | Apr | May | Jun | Jul | Aug | Sep | Oct | Nov | Dec 
2017: Jan | Feb | Mar | Apr | May | Jun | Jul | Aug | Sep | Oct | Nov | Dec 
2016: Jan | Feb | Mar | Apr | May | Jun | Jul | Aug | Sep | Oct | Nov | Dec 
2015: Jan | Feb | Mar | Apr | May | Jun | Jul | Aug | Sep | Oct | Nov | Dec 
2014: Jan | Feb | Mar | Apr | May | Jun | Jul | Aug | Sep | Oct | Nov | Dec 
2013: Jan | Feb | Mar | Apr | May | Jun | Jul | Aug | Sep | Oct | Nov | Dec 
2012: Jan | Feb | Mar | Apr | May | Jun | Jul | Aug | Sep | Oct | Nov | Dec 
2011: Jan | Feb | Mar | Apr | May | Jun | Jul | Aug | Sep | Oct | Nov | Dec 
2010: Jan | Feb | Mar | Apr | May | Jun | Jul | Aug | Sep | Oct | Nov | Dec 
2009: Jan | Feb | Mar | Apr | May | Jun | Jul | Aug | Sep | Oct | Nov | Dec 
2008: Jan | Feb | Mar | Apr | May | Jun | Jul | Aug | Sep | Oct | Nov | Dec 
2007: Jan | Feb | Mar | Apr | May | Jun | Jul | Aug | Sep | Oct | Nov | Dec 

Report for 2008 10
MONTHLY CLIMATOLOGICAL SUMMARY for OCT. 2008 NAME: VantagePro2 CITY: Urswick STATE: Cumbria ELEV: 128 ft LAT: 54 09' 33" N LONG: 3 07' 24" W TEMPERATURE (C), RAIN (mm), WIND SPEED (mph) HEAT COOL AVG MEAN DEG DEG WIND DOM DAY TEMP HIGH TIME LOW TIME DAYS DAYS RAIN SPEED HIGH TIME DIR ------------------------------------------------------------------------------------ 1 10.1 12.6 0:45 8.1 23:30 8.2 0.0 15.4 5.3 23.0 16:20 NW 2 7.6 12.3 14:55 3.3 7:55 10.7 0.0 3.0 1.6 16.0 16:05 NNW 3 6.8 10.6 14:10 2.1 23:00 11.5 0.0 0.2 4.9 21.0 3:40 NNW 4 9.8 14.3 20:20 2.7 2:10 8.5 0.0 21.2 3.6 27.0 13:40 S 5 8.1 13.9 15:00 3.5 00:00 10.3 0.0 1.2 0.2 6.0 1:10 E 6 9.2 13.1 13:20 2.7 3:40 9.2 0.0 0.2 0.4 6.0 9:20 S 7 13.1 15.9 12:50 10.8 22:10 5.2 0.0 6.4 1.9 18.0 21:30 S 8 11.2 15.0 14:40 5.4 00:00 7.1 0.0 2.0 1.7 15.0 3:20 NW 9 10.8 14.4 15:40 5.1 1:20 7.5 0.0 1.0 0.6 10.0 12:20 SSE 10 13.7 14.7 12:30 11.7 23:50 4.6 0.0 3.4 3.8 18.0 12:00 S 11 12.1 14.4 13:50 8.4 22:40 6.2 0.0 0.4 0.8 11.0 10:00 NW 12 11.6 15.4 16:00 9.1 0:10 6.8 0.0 0.0 0.0 4.0 15:10 NW 13 12.3 15.9 13:40 6.9 22:10 6.0 0.0 0.6 1.4 17.0 17:40 SSW 14 9.4 13.9 18:50 4.7 3:00 8.8 0.0 12.2 0.7 14.0 19:10 NW 15 9.1 12.9 14:10 4.1 6:10 9.2 0.0 0.2 1.6 15.0 21:00 NW 16 9.0 11.1 12:30 6.3 22:20 9.3 0.0 3.8 3.6 21.0 12:30 NW 17 9.9 13.3 15:10 6.3 2:20 8.3 0.0 1.6 0.9 11.0 12:50 SSW 18 11.6 12.8 14:50 10.4 0:10 6.8 0.0 4.6 2.5 15.0 10:40 SSW 19 12.2 13.3 13:55 10.8 5:40 6.1 0.0 4.2 2.9 20.0 16:30 S 20 12.6 14.1 6:15 8.9 23:50 5.7 0.0 5.8 5.4 21.0 13:25 S 21 9.1 11.6 14:35 7.7 2:50 9.2 0.0 2.2 3.7 19.0 10:15 NW 22 10.4 12.7 14:50 7.9 4:05 7.9 0.0 0.8 2.7 15.0 3:50 SSW 23 12.6 13.9 20:15 11.3 00:00 5.7 0.0 8.2 4.7 19.0 17:30 S 24 10.6 12.1 13:55 9.6 5:40 7.7 0.0 0.0 3.9 21.0 1:30 SSW 25 11.7 13.5 22:40 10.2 8:55 6.6 0.0 24.8 4.7 23.0 16:05 S 26 10.5 13.5 0:05 7.6 18:55 7.8 0.0 4.2 3.8 22.0 17:15 SSW 27 5.7 9.4 13:05 0.4 22:25 12.6 0.0 3.2 2.7 19.0 10:20 NW 28 1.9 5.4 12:10 -2.1 23:25 16.4 0.0 0.2 0.7 13.0 18:20 N 29 2.6 6.1 13:50 -2.1 0:30 15.7 0.0 1.4 0.6 16.0 13:20 S 30 4.2 7.6 13:20 1.3 22:35 14.1 0.0 0.2 1.3 13.0 13:35 ENE 31 4.6 8.7 13:20 0.1 3:20 13.8 0.0 0.0 1.6 15.0 5:40 NNE ------------------------------------------------------------------------------------- 9.5 15.9 7 -2.1 28 273.3 0.0 132.6 2.4 27.0 4 S Max >= 32.0: 0 Max <= 0.0: 0 Min <= 0.0: 2 Min <= -18.0: 0 Max Rain: 24.79 ON 25/10/08 Days of Rain: 28 (> .2 mm) 16 (> 2 mm) 2 (> 20 mm) Heat Base: 18.3 Cool Base: 18.3 Method: Integration