2020: Jan | Feb | Mar | Apr | May | Jun | Jul | Aug | Sep | Oct | Nov | Dec 
2019: Jan | Feb | Mar | Apr | May | Jun | Jul | Aug | Sep | Oct | Nov | Dec 
2018: Jan | Feb | Mar | Apr | May | Jun | Jul | Aug | Sep | Oct | Nov | Dec 
2017: Jan | Feb | Mar | Apr | May | Jun | Jul | Aug | Sep | Oct | Nov | Dec 
2016: Jan | Feb | Mar | Apr | May | Jun | Jul | Aug | Sep | Oct | Nov | Dec 
2015: Jan | Feb | Mar | Apr | May | Jun | Jul | Aug | Sep | Oct | Nov | Dec 
2014: Jan | Feb | Mar | Apr | May | Jun | Jul | Aug | Sep | Oct | Nov | Dec 
2013: Jan | Feb | Mar | Apr | May | Jun | Jul | Aug | Sep | Oct | Nov | Dec 
2012: Jan | Feb | Mar | Apr | May | Jun | Jul | Aug | Sep | Oct | Nov | Dec 
2011: Jan | Feb | Mar | Apr | May | Jun | Jul | Aug | Sep | Oct | Nov | Dec 
2010: Jan | Feb | Mar | Apr | May | Jun | Jul | Aug | Sep | Oct | Nov | Dec 
2009: Jan | Feb | Mar | Apr | May | Jun | Jul | Aug | Sep | Oct | Nov | Dec 
2008: Jan | Feb | Mar | Apr | May | Jun | Jul | Aug | Sep | Oct | Nov | Dec 
2007: Jan | Feb | Mar | Apr | May | Jun | Jul | Aug | Sep | Oct | Nov | Dec 

Report for 2008 11
MONTHLY CLIMATOLOGICAL SUMMARY for NOV. 2008 NAME: VantagePro2 CITY: Urswick STATE: Cumbria ELEV: 128 ft LAT: 54 09' 33" N LONG: 3 07' 24" W TEMPERATURE (C), RAIN (mm), WIND SPEED (mph) HEAT COOL AVG MEAN DEG DEG WIND DOM DAY TEMP HIGH TIME LOW TIME DAYS DAYS RAIN SPEED HIGH TIME DIR ------------------------------------------------------------------------------------ 1 4.1 9.6 13:20 -0.8 5:40 14.3 0.0 0.0 0.8 13.0 15:40 ENE 2 6.9 11.3 13:30 4.0 8:15 11.3 0.0 0.2 1.3 15.0 4:45 NNE 3 7.1 12.2 13:30 2.0 00:00 11.2 0.0 0.0 0.4 6.0 11:40 E 4 7.3 10.4 12:10 1.8 5:00 11.0 0.0 0.4 0.5 9.0 16:35 ENE 5 9.2 11.2 13:00 8.4 21:20 9.1 0.0 0.0 0.2 5.0 9:50 E 6 9.0 11.4 11:20 7.1 8:05 9.3 0.0 0.0 0.1 4.0 22:45 E 7 9.2 10.7 12:00 7.7 23:00 9.1 0.0 4.0 2.2 18.0 16:55 S 8 9.3 12.1 13:35 7.5 2:25 9.0 0.0 7.8 2.9 17.0 12:25 S 9 7.4 9.0 17:00 6.0 19:25 10.9 0.0 7.8 4.6 21.0 8:55 S 10 8.4 10.0 10:20 5.9 1:10 9.8 0.0 1.6 6.1 23.0 9:55 S 11 8.9 9.9 10:45 7.8 19:10 9.4 0.0 4.8 7.3 28.0 14:00 SW 12 7.6 10.2 11:50 5.3 20:35 10.7 0.0 0.0 2.6 26.0 0:05 NW 13 10.5 11.9 19:05 8.1 1:05 7.8 0.0 3.6 2.9 15.0 18:20 S 14 11.7 12.2 12:25 11.2 23:40 6.6 0.0 2.4 3.8 19.0 19:35 S 15 10.6 11.8 2:45 7.9 18:15 7.7 0.0 1.0 3.6 23.0 1:20 NW 16 7.2 10.0 12:50 1.7 23:35 11.1 0.0 0.0 1.7 12.0 8:20 NW 17 7.7 10.6 19:10 1.8 0:05 10.6 0.0 8.2 1.9 15.0 23:35 S 18 9.3 11.1 13:50 6.4 7:20 9.0 0.0 0.4 3.9 22.0 4:15 NW 19 10.2 11.3 22:25 9.3 3:20 8.1 0.0 1.0 4.9 25.0 6:35 NW 20 9.9 10.8 0:05 9.0 22:40 8.4 0.0 0.6 5.6 21.0 12:55 NW 21 6.6 9.7 0:05 3.2 20:50 11.7 0.0 0.0 7.3 25.0 0:55 NNW 22 2.9 5.6 1:05 -1.4 21:45 15.4 0.0 0.0 2.8 17.0 1:35 NNE 23 4.7 7.7 9:50 -0.3 0:05 13.6 0.0 9.6 6.1 25.0 13:15 NNW 24 4.6 7.1 12:30 0.6 2:20 13.7 0.0 0.0 2.2 15.0 12:30 NNE 25 4.6 8.6 00:00 1.2 6:55 13.7 0.0 0.0 2.4 14.0 10:20 NW 26 9.6 10.4 13:40 8.6 0:05 8.7 0.0 0.2 2.2 15.0 13:30 SSW 27 8.2 10.1 7:05 5.6 23:30 10.1 0.0 3.6 4.2 23.0 8:45 S 28 3.1 6.1 0:45 0.3 22:35 15.2 0.0 20.0 0.7 16.0 2:50 S 29 0.6 2.5 3:30 -2.8 22:20 17.7 0.0 0.2 0.1 3.0 10:10 N 30 -2.7 2.4 13:30 -5.4 23:50 21.0 0.0 0.2 0.0 3.0 12:20 N ------------------------------------------------------------------------------------- 7.1 12.2 3 -5.4 30 335.0 0.0 77.6 2.8 28.0 11 S Max >= 32.0: 0 Max <= 0.0: 0 Min <= 0.0: 5 Min <= -18.0: 0 Max Rain: 19.99 ON 28/11/08 Days of Rain: 20 (> .2 mm) 10 (> 2 mm) 0 (> 20 mm) Heat Base: 18.3 Cool Base: 18.3 Method: Integration