2020: Jan | Feb | Mar | Apr | May | Jun | Jul | Aug | Sep | Oct | Nov | Dec 
2019: Jan | Feb | Mar | Apr | May | Jun | Jul | Aug | Sep | Oct | Nov | Dec 
2018: Jan | Feb | Mar | Apr | May | Jun | Jul | Aug | Sep | Oct | Nov | Dec 
2017: Jan | Feb | Mar | Apr | May | Jun | Jul | Aug | Sep | Oct | Nov | Dec 
2016: Jan | Feb | Mar | Apr | May | Jun | Jul | Aug | Sep | Oct | Nov | Dec 
2015: Jan | Feb | Mar | Apr | May | Jun | Jul | Aug | Sep | Oct | Nov | Dec 
2014: Jan | Feb | Mar | Apr | May | Jun | Jul | Aug | Sep | Oct | Nov | Dec 
2013: Jan | Feb | Mar | Apr | May | Jun | Jul | Aug | Sep | Oct | Nov | Dec 
2012: Jan | Feb | Mar | Apr | May | Jun | Jul | Aug | Sep | Oct | Nov | Dec 
2011: Jan | Feb | Mar | Apr | May | Jun | Jul | Aug | Sep | Oct | Nov | Dec 
2010: Jan | Feb | Mar | Apr | May | Jun | Jul | Aug | Sep | Oct | Nov | Dec 
2009: Jan | Feb | Mar | Apr | May | Jun | Jul | Aug | Sep | Oct | Nov | Dec 
2008: Jan | Feb | Mar | Apr | May | Jun | Jul | Aug | Sep | Oct | Nov | Dec 
2007: Jan | Feb | Mar | Apr | May | Jun | Jul | Aug | Sep | Oct | Nov | Dec 

Report for 2008 12
MONTHLY CLIMATOLOGICAL SUMMARY for DEC. 2008 NAME: VantagePro2 CITY: Urswick STATE: Cumbria ELEV: 128 ft LAT: 54 09' 33" N LONG: 3 07' 24" W TEMPERATURE (C), RAIN (mm), WIND SPEED (mph) HEAT COOL AVG MEAN DEG DEG WIND DOM DAY TEMP HIGH TIME LOW TIME DAYS DAYS RAIN SPEED HIGH TIME DIR ------------------------------------------------------------------------------------ 1 -1.2 4.6 13:15 -6.4 6:45 19.5 0.0 0.2 1.4 16.0 13:15 NNW 2 1.0 4.2 3:55 -3.4 1:05 17.3 0.0 8.2 1.9 18.0 5:45 NW 3 -0.3 4.9 13:30 -4.1 4:40 18.6 0.0 0.2 0.4 14.0 23:50 S 4 3.4 6.9 14:25 1.4 9:30 14.8 0.0 5.6 2.3 23.0 3:20 S 5 3.5 6.0 15:05 -0.2 4:20 14.8 0.0 1.2 3.2 23.0 14:00 NW 6 0.9 8.2 13:40 -3.2 22:35 17.4 0.0 0.0 0.1 9.0 1:30 NW 7 3.2 8.3 23:15 -4.0 2:30 15.1 0.0 0.2 1.4 15.0 00:00 S 8 5.8 8.7 5:45 -0.3 23:45 12.5 0.0 3.0 2.2 16.0 4:15 SSW 9 3.1 6.2 13:00 -1.0 0:50 15.2 0.0 0.2 3.1 17.0 9:15 NNW 10 2.2 5.2 13:15 -1.9 23:30 16.1 0.0 0.0 2.6 12.0 1:25 NW 11 0.3 5.3 13:25 -1.9 8:35 18.0 0.0 0.0 0.0 4.0 22:10 NW 12 3.6 7.6 23:35 0.6 1:00 14.7 0.0 5.0 2.3 19.0 22:50 SSW 13 5.4 8.0 1:20 2.9 23:45 12.9 0.0 9.6 0.6 18.0 1:05 S 14 2.4 6.4 13:55 0.2 19:00 15.9 0.0 0.2 0.0 2.0 11:40 NE 15 2.4 4.4 13:15 0.2 9:05 15.8 0.0 0.0 0.0 3.0 6:40 NE 16 6.1 9.2 14:00 3.6 0:05 10.6 0.0 2.2 2.0 17.0 14:00 S 17 6.8 9.6 23:55 4.6 4:55 11.5 0.0 3.4 4.0 20.0 0:05 SSW 18 8.7 10.3 14:05 6.2 23:55 9.6 0.0 0.8 5.1 25.0 14:05 SSW 19 7.4 9.8 20:20 5.3 4:10 10.9 0.0 12.0 5.0 29.0 16:15 S 20 8.2 10.1 22:10 6.7 17:15 10.1 0.0 3.0 3.0 23.0 1:50 NW 21 10.0 10.6 12:15 9.3 3:10 8.3 0.0 0.2 6.0 25.0 9:00 SSW 22 9.1 10.3 13:45 8.2 22:40 9.2 0.0 1.4 1.5 14.0 2:35 SW 23 6.7 8.2 0:05 1.5 23:50 11.6 0.0 0.2 0.9 10.0 12:00 S 24 5.1 7.4 14:15 0.7 1:05 13.2 0.0 0.0 0.0 4.0 9:50 N 25 6.1 8.2 12:25 5.2 18:55 12.3 0.0 0.0 0.3 6.0 23:00 E 26 3.7 5.8 13:30 -0.1 23:30 14.6 0.0 0.0 1.1 9.0 12:10 E 27 0.1 4.2 14:00 -3.2 7:45 18.2 0.0 0.0 0.2 5.0 3:25 E 28 1.6 5.2 13:50 -1.0 0:15 16.7 0.0 0.2 0.6 10.0 14:20 E 29 1.4 3.7 13:35 -1.6 00:00 16.9 0.0 0.0 1.5 7.0 11:20 E 30 -0.7 1.0 13:40 -2.9 1:10 19.0 0.0 0.0 0.2 5.0 13:45 E 31 -1.8 -0.6 0:05 -3.7 23:40 20.1 0.0 0.0 0.2 5.0 17:15 E ------------------------------------------------------------------------------------- 3.7 10.6 21 -6.4 1 451.4 0.0 57.0 1.7 29.0 19 E Max >= 32.0: 0 Max <= 0.0: 1 Min <= 0.0: 16 Min <= -18.0: 0 Max Rain: 11.99 ON 19/12/08 Days of Rain: 20 (> .2 mm) 9 (> 2 mm) 0 (> 20 mm) Heat Base: 18.3 Cool Base: 18.3 Method: Integration