2020: Jan | Feb | Mar | Apr | May | Jun | Jul | Aug | Sep | Oct | Nov | Dec 
2019: Jan | Feb | Mar | Apr | May | Jun | Jul | Aug | Sep | Oct | Nov | Dec 
2018: Jan | Feb | Mar | Apr | May | Jun | Jul | Aug | Sep | Oct | Nov | Dec 
2017: Jan | Feb | Mar | Apr | May | Jun | Jul | Aug | Sep | Oct | Nov | Dec 
2016: Jan | Feb | Mar | Apr | May | Jun | Jul | Aug | Sep | Oct | Nov | Dec 
2015: Jan | Feb | Mar | Apr | May | Jun | Jul | Aug | Sep | Oct | Nov | Dec 
2014: Jan | Feb | Mar | Apr | May | Jun | Jul | Aug | Sep | Oct | Nov | Dec 
2013: Jan | Feb | Mar | Apr | May | Jun | Jul | Aug | Sep | Oct | Nov | Dec 
2012: Jan | Feb | Mar | Apr | May | Jun | Jul | Aug | Sep | Oct | Nov | Dec 
2011: Jan | Feb | Mar | Apr | May | Jun | Jul | Aug | Sep | Oct | Nov | Dec 
2010: Jan | Feb | Mar | Apr | May | Jun | Jul | Aug | Sep | Oct | Nov | Dec 
2009: Jan | Feb | Mar | Apr | May | Jun | Jul | Aug | Sep | Oct | Nov | Dec 
2008: Jan | Feb | Mar | Apr | May | Jun | Jul | Aug | Sep | Oct | Nov | Dec 
2007: Jan | Feb | Mar | Apr | May | Jun | Jul | Aug | Sep | Oct | Nov | Dec 

Report for 2009 01
MONTHLY CLIMATOLOGICAL SUMMARY for JAN. 2009 NAME: VantagePro2 CITY: Urswick STATE: Cumbria ELEV: 128 ft LAT: 54 09' 33" N LONG: 3 07' 24" W TEMPERATURE (C), RAIN (mm), WIND SPEED (mph) HEAT COOL AVG MEAN DEG DEG WIND DOM DAY TEMP HIGH TIME LOW TIME DAYS DAYS RAIN SPEED HIGH TIME DIR ------------------------------------------------------------------------------------ 1 -1.9 1.0 13:15 -4.7 2:20 20.3 0.0 0.0 0.1 5.0 0:40 E 2 1.5 4.8 12:40 -2.6 1:25 16.8 0.0 0.2 0.2 4.0 9:25 E 3 0.9 1.9 13:30 -1.1 0:05 17.4 0.0 0.0 0.0 4.0 4:30 NW 4 1.1 4.6 13:45 -2.3 19:25 17.2 0.0 0.0 0.2 6.0 4:15 NNW 5 0.1 4.3 14:10 -4.7 23:10 18.2 0.0 0.4 0.4 9.0 12:40 E 6 -1.9 2.6 20:35 -7.5 8:25 20.2 0.0 0.2 0.5 10.0 18:45 NW 7 2.1 2.7 1:20 1.2 5:20 16.3 0.0 1.4 0.1 7.0 1:20 NNE 8 3.3 4.7 14:00 1.7 9:20 15.0 0.0 0.6 0.1 4.0 12:20 S 9 2.1 3.6 0:05 -0.7 00:00 16.2 0.0 0.0 0.3 9.0 12:15 S 10 1.8 7.8 23:35 -1.9 5:25 16.5 0.0 0.2 2.3 18.0 23:40 S 11 7.9 8.7 20:15 7.2 15:35 10.4 0.0 12.4 5.5 24.0 7:20 S 12 8.1 9.9 13:00 5.2 19:55 10.2 0.0 1.2 2.8 21.0 3:15 S 13 5.3 7.3 13:00 3.2 20:05 13.0 0.0 4.8 0.3 10.0 11:20 WNW 14 4.2 5.3 23:55 3.1 3:00 14.1 0.0 3.8 1.1 14.0 20:25 SSW 15 6.9 7.4 11:55 5.2 0:05 11.4 0.0 1.4 3.2 15.0 20:40 SSW 16 6.7 8.0 13:00 5.6 2:55 11.6 0.0 2.6 2.7 17.0 21:50 S 17 6.7 7.8 12:55 5.6 9:10 11.6 0.0 6.0 3.9 27.0 18:35 S 18 5.2 6.5 14:15 3.8 6:25 13.1 0.0 3.0 4.5 23.0 14:15 SSW 19 3.8 4.8 7:40 2.1 13:00 14.5 0.0 6.8 3.2 17.0 20:45 S 20 5.1 6.6 12:05 4.1 16:25 13.3 0.0 3.0 4.3 23.0 14:40 SSW 21 4.2 5.8 23:55 1.8 4:05 14.1 0.0 2.2 2.4 16.0 12:30 SSW 22 6.1 7.9 6:45 3.2 23:25 12.3 0.0 11.8 3.7 20.0 7:30 S 23 4.0 6.4 12:45 2.0 00:00 14.3 0.0 3.8 2.2 16.0 12:50 NW 24 3.0 7.2 13:50 -0.1 8:05 15.3 0.0 1.2 0.9 13.0 11:45 SSW 25 5.4 8.0 14:15 3.2 0:35 12.9 0.0 2.0 2.2 16.0 7:35 S 26 5.0 6.5 13:45 3.2 1:30 13.3 0.0 0.0 0.1 4.0 1:00 E 27 4.7 6.1 21:15 2.9 4:15 13.6 0.0 5.6 0.1 5.0 16:15 S 28 5.0 6.0 11:55 3.1 00:00 13.3 0.0 2.2 0.1 5.0 21:25 E 29 5.2 7.3 12:50 2.5 19:55 13.1 0.0 0.0 1.5 12.0 17:20 E 30 4.9 6.2 16:15 3.5 6:55 13.4 0.0 8.0 2.0 12.0 22:30 E 31 4.1 6.2 13:45 2.1 20:50 14.2 0.0 0.2 3.7 16.0 19:00 E ------------------------------------------------------------------------------------- 3.9 9.9 12 -7.5 6 447.0 0.0 85.0 1.8 27.0 17 S Max >= 32.0: 0 Max <= 0.0: 0 Min <= 0.0: 9 Min <= -18.0: 0 Max Rain: 12.40 ON 11/01/09 Days of Rain: 25 (> .2 mm) 15 (> 2 mm) 0 (> 20 mm) Heat Base: 18.3 Cool Base: 18.3 Method: Integration