2020: Jan | Feb | Mar | Apr | May | Jun | Jul | Aug | Sep | Oct | Nov | Dec 
2019: Jan | Feb | Mar | Apr | May | Jun | Jul | Aug | Sep | Oct | Nov | Dec 
2018: Jan | Feb | Mar | Apr | May | Jun | Jul | Aug | Sep | Oct | Nov | Dec 
2017: Jan | Feb | Mar | Apr | May | Jun | Jul | Aug | Sep | Oct | Nov | Dec 
2016: Jan | Feb | Mar | Apr | May | Jun | Jul | Aug | Sep | Oct | Nov | Dec 
2015: Jan | Feb | Mar | Apr | May | Jun | Jul | Aug | Sep | Oct | Nov | Dec 
2014: Jan | Feb | Mar | Apr | May | Jun | Jul | Aug | Sep | Oct | Nov | Dec 
2013: Jan | Feb | Mar | Apr | May | Jun | Jul | Aug | Sep | Oct | Nov | Dec 
2012: Jan | Feb | Mar | Apr | May | Jun | Jul | Aug | Sep | Oct | Nov | Dec 
2011: Jan | Feb | Mar | Apr | May | Jun | Jul | Aug | Sep | Oct | Nov | Dec 
2010: Jan | Feb | Mar | Apr | May | Jun | Jul | Aug | Sep | Oct | Nov | Dec 
2009: Jan | Feb | Mar | Apr | May | Jun | Jul | Aug | Sep | Oct | Nov | Dec 
2008: Jan | Feb | Mar | Apr | May | Jun | Jul | Aug | Sep | Oct | Nov | Dec 
2007: Jan | Feb | Mar | Apr | May | Jun | Jul | Aug | Sep | Oct | Nov | Dec 

Report for 2009 02
MONTHLY CLIMATOLOGICAL SUMMARY for FEB. 2009 NAME: VantagePro2 CITY: Urswick STATE: Cumbria ELEV: 128 ft LAT: 54 09' 33" N LONG: 3 07' 24" W TEMPERATURE (C), RAIN (mm), WIND SPEED (mph) HEAT COOL AVG MEAN DEG DEG WIND DOM DAY TEMP HIGH TIME LOW TIME DAYS DAYS RAIN SPEED HIGH TIME DIR ------------------------------------------------------------------------------------ 1 2.0 3.8 11:55 -0.2 22:50 16.3 0.0 0.0 3.3 19.0 0:25 E 2 1.0 2.9 23:45 -0.5 6:55 17.3 0.0 0.8 2.1 15.0 12:40 ENE 3 2.1 3.4 4:20 0.2 23:25 16.2 0.0 0.2 2.1 11.0 4:00 E 4 1.3 2.5 12:25 -0.5 20:20 17.0 0.0 0.0 0.4 6.0 0:30 E 5 1.3 3.5 15:10 -0.2 4:40 17.0 0.0 0.0 0.4 7.0 14:10 E 6 0.2 4.3 14:00 -3.8 8:45 18.1 0.0 0.0 1.7 17.0 12:15 N 7 1.5 5.4 13:45 -2.6 00:00 16.8 0.0 0.0 1.8 15.0 13:30 NNW 8 -0.7 2.2 13:30 -4.2 1:35 19.0 0.0 1.0 0.1 6.0 21:15 E 9 1.5 4.7 13:40 -1.5 0:55 16.8 0.0 1.6 0.7 11.0 23:45 ENE 10 1.7 6.1 14:20 -0.9 19:05 16.6 0.0 0.0 1.4 13.0 6:30 NW 11 1.9 6.4 11:15 -3.3 23:10 16.4 0.0 0.4 0.7 11.0 10:00 ENE 12 1.2 7.2 22:10 -4.2 1:35 17.1 0.0 4.8 1.3 16.0 20:25 NW 13 3.5 6.3 14:00 0.8 7:25 14.8 0.0 0.0 0.2 4.0 0:20 E 14 3.9 5.2 13:30 2.4 8:00 14.4 0.0 0.2 0.0 4.0 23:10 E 15 7.2 9.1 14:25 5.1 0:05 11.1 0.0 1.0 2.7 17.0 12:55 NW 16 7.2 8.9 14:20 5.9 2:45 11.2 0.0 0.0 1.7 14.0 16:15 NW 17 8.6 10.6 13:15 7.2 1:50 9.7 0.0 0.0 2.3 14.0 0:30 NW 18 7.3 9.3 13:45 5.3 23:55 11.1 0.0 0.0 0.4 6.0 15:30 NW 19 5.7 7.9 11:50 0.9 23:55 12.6 0.0 0.0 1.1 12.0 18:10 NW 20 3.6 7.5 14:05 -1.8 5:00 14.7 0.0 0.2 0.7 10.0 23:30 S 21 6.9 8.2 14:30 3.9 7:20 11.4 0.0 0.4 2.3 17.0 20:00 SSW 22 7.8 9.8 15:10 7.0 21:40 10.5 0.0 0.4 3.8 17.0 10:10 NW 23 8.3 10.3 13:50 7.1 0:30 10.0 0.0 0.0 4.6 19.0 2:45 NW 24 7.1 8.2 0:05 5.9 3:40 11.2 0.0 0.6 0.8 10.0 23:25 S 25 7.6 9.6 14:00 6.7 21:25 10.7 0.0 0.0 4.0 19.0 12:10 SW 26 7.3 8.4 12:55 6.2 3:20 11.0 0.0 2.2 4.7 21.0 12:05 SW 27 8.1 10.1 14:45 7.3 23:20 10.2 0.0 1.0 3.9 18.0 0:50 SW 28 7.2 8.3 15:30 6.4 22:40 11.1 0.0 0.0 1.7 15.0 0:10 S ------------------------------------------------------------------------------------- 4.4 10.6 17 -4.2 8 390.3 0.0 14.8 1.8 21.0 26 NW Max >= 32.0: 0 Max <= 0.0: 0 Min <= 0.0: 12 Min <= -18.0: 0 Max Rain: 4.80 ON 12/02/09 Days of Rain: 14 (> .2 mm) 2 (> 2 mm) 0 (> 20 mm) Heat Base: 18.3 Cool Base: 18.3 Method: Integration