2020: Jan | Feb | Mar | Apr | May | Jun | Jul | Aug | Sep | Oct | Nov | Dec 
2019: Jan | Feb | Mar | Apr | May | Jun | Jul | Aug | Sep | Oct | Nov | Dec 
2018: Jan | Feb | Mar | Apr | May | Jun | Jul | Aug | Sep | Oct | Nov | Dec 
2017: Jan | Feb | Mar | Apr | May | Jun | Jul | Aug | Sep | Oct | Nov | Dec 
2016: Jan | Feb | Mar | Apr | May | Jun | Jul | Aug | Sep | Oct | Nov | Dec 
2015: Jan | Feb | Mar | Apr | May | Jun | Jul | Aug | Sep | Oct | Nov | Dec 
2014: Jan | Feb | Mar | Apr | May | Jun | Jul | Aug | Sep | Oct | Nov | Dec 
2013: Jan | Feb | Mar | Apr | May | Jun | Jul | Aug | Sep | Oct | Nov | Dec 
2012: Jan | Feb | Mar | Apr | May | Jun | Jul | Aug | Sep | Oct | Nov | Dec 
2011: Jan | Feb | Mar | Apr | May | Jun | Jul | Aug | Sep | Oct | Nov | Dec 
2010: Jan | Feb | Mar | Apr | May | Jun | Jul | Aug | Sep | Oct | Nov | Dec 
2009: Jan | Feb | Mar | Apr | May | Jun | Jul | Aug | Sep | Oct | Nov | Dec 
2008: Jan | Feb | Mar | Apr | May | Jun | Jul | Aug | Sep | Oct | Nov | Dec 
2007: Jan | Feb | Mar | Apr | May | Jun | Jul | Aug | Sep | Oct | Nov | Dec 

Report for 2009 03
MONTHLY CLIMATOLOGICAL SUMMARY for MAR. 2009 NAME: VantagePro2 CITY: Urswick STATE: Cumbria ELEV: 128 ft LAT: 54 09' 33" N LONG: 3 07' 24" W TEMPERATURE (C), RAIN (mm), WIND SPEED (mph) HEAT COOL AVG MEAN DEG DEG WIND DOM DAY TEMP HIGH TIME LOW TIME DAYS DAYS RAIN SPEED HIGH TIME DIR ------------------------------------------------------------------------------------ 1 6.4 8.5 12:10 4.1 00:00 11.8 0.0 3.4 1.9 13.0 13:30 S 2 6.0 7.9 19:40 1.9 4:15 12.3 0.0 2.2 2.9 21.0 19:45 SSW 3 5.8 7.3 0:30 3.1 21:05 12.5 0.0 4.8 3.8 26.0 19:35 S 4 2.2 5.6 14:20 -1.4 00:00 16.1 0.0 1.0 0.9 17.0 0:15 S 5 0.5 5.4 16:10 -3.8 6:10 17.8 0.0 0.4 0.4 16.0 13:10 NW 6 4.1 9.3 14:50 -1.7 7:15 14.2 0.0 1.6 0.7 9.0 12:20 S 7 7.4 9.1 22:15 5.1 1:05 10.9 0.0 8.0 3.7 27.0 22:20 SSW 8 5.6 6.9 14:15 3.8 6:30 12.8 0.0 0.6 6.2 29.0 0:55 SW 9 6.5 8.9 14:50 5.2 2:15 11.8 0.0 1.0 5.8 25.0 8:35 SSW 10 6.1 10.7 12:20 1.3 23:55 12.2 0.0 3.0 2.1 17.0 15:25 NW 11 5.4 9.1 17:50 0.0 3:20 12.9 0.0 0.8 0.8 19.0 23:45 S 12 8.3 10.9 14:30 4.1 22:55 10.0 0.0 3.0 3.7 22.0 0:20 SW 13 6.6 9.5 12:55 3.2 1:25 11.7 0.0 0.2 0.7 12.0 22:45 S 14 8.3 9.9 11:35 7.1 23:25 10.0 0.0 1.6 5.6 26.0 17:55 NW 15 8.5 11.5 11:50 5.1 7:10 9.8 0.0 0.0 1.5 15.0 1:05 NW 16 7.9 11.2 12:50 5.2 6:00 10.3 0.0 0.0 1.6 18.0 15:00 S 17 9.8 14.6 14:10 7.0 5:35 8.5 0.0 0.0 0.8 10.0 11:15 E 18 8.1 12.9 13:50 2.8 23:55 10.2 0.0 0.0 0.4 6.0 1:10 S 19 8.3 16.7 14:00 2.3 1:45 9.9 0.0 0.0 0.9 10.0 10:50 E 20 6.2 12.7 14:30 1.7 00:00 12.1 0.0 0.0 0.4 5.0 6:40 E 21 5.6 11.3 11:50 -0.6 6:10 12.7 0.0 0.2 3.0 20.0 13:30 NNW 22 8.1 11.5 13:40 2.4 1:40 10.2 0.0 0.0 4.7 26.0 10:40 NW 23 7.5 9.2 11:30 4.5 00:00 10.8 0.0 2.8 10.1 31.0 14:20 NW 24 5.9 9.9 12:50 1.5 5:50 12.3 0.0 7.4 4.2 23.0 19:10 NW 25 7.9 10.7 12:10 6.2 5:10 10.4 0.0 3.2 8.9 27.0 10:10 NW 26 7.2 9.7 12:30 5.3 17:10 11.1 0.0 6.6 6.4 33.0 00:00 S 27 6.7 8.8 13:10 5.1 1:20 11.6 0.0 0.2 7.4 25.0 14:50 SW 28 5.6 8.7 10:40 -1.4 23:55 12.8 0.0 0.0 4.1 25.0 10:10 N 29 3.2 9.6 16:00 -3.9 5:45 14.5 0.0 0.0 1.1 14.0 15:25 S 30 8.6 10.8 13:50 6.6 1:00 9.7 0.0 1.8 2.6 15.0 2:30 S 31 8.9 13.3 15:45 3.7 00:00 9.4 0.0 0.2 1.3 14.0 14:00 S ------------------------------------------------------------------------------------- 6.6 16.7 19 -3.9 29 363.2 0.0 54.0 3.2 33.0 26 S Max >= 32.0: 0 Max <= 0.0: 0 Min <= 0.0: 7 Min <= -18.0: 0 Max Rain: 8.00 ON 07/03/09 Days of Rain: 22 (> .2 mm) 10 (> 2 mm) 0 (> 20 mm) Heat Base: 18.3 Cool Base: 18.3 Method: Integration