2020: Jan | Feb | Mar | Apr | May | Jun | Jul | Aug | Sep | Oct | Nov | Dec 
2019: Jan | Feb | Mar | Apr | May | Jun | Jul | Aug | Sep | Oct | Nov | Dec 
2018: Jan | Feb | Mar | Apr | May | Jun | Jul | Aug | Sep | Oct | Nov | Dec 
2017: Jan | Feb | Mar | Apr | May | Jun | Jul | Aug | Sep | Oct | Nov | Dec 
2016: Jan | Feb | Mar | Apr | May | Jun | Jul | Aug | Sep | Oct | Nov | Dec 
2015: Jan | Feb | Mar | Apr | May | Jun | Jul | Aug | Sep | Oct | Nov | Dec 
2014: Jan | Feb | Mar | Apr | May | Jun | Jul | Aug | Sep | Oct | Nov | Dec 
2013: Jan | Feb | Mar | Apr | May | Jun | Jul | Aug | Sep | Oct | Nov | Dec 
2012: Jan | Feb | Mar | Apr | May | Jun | Jul | Aug | Sep | Oct | Nov | Dec 
2011: Jan | Feb | Mar | Apr | May | Jun | Jul | Aug | Sep | Oct | Nov | Dec 
2010: Jan | Feb | Mar | Apr | May | Jun | Jul | Aug | Sep | Oct | Nov | Dec 
2009: Jan | Feb | Mar | Apr | May | Jun | Jul | Aug | Sep | Oct | Nov | Dec 
2008: Jan | Feb | Mar | Apr | May | Jun | Jul | Aug | Sep | Oct | Nov | Dec 
2007: Jan | Feb | Mar | Apr | May | Jun | Jul | Aug | Sep | Oct | Nov | Dec 

Report for 2009 04
MONTHLY CLIMATOLOGICAL SUMMARY for APR. 2009 NAME: VantagePro2 CITY: Urswick STATE: Cumbria ELEV: 128 ft LAT: 54 09' 33" N LONG: 3 07' 24" W TEMPERATURE (C), RAIN (mm), WIND SPEED (mph) HEAT COOL AVG MEAN DEG DEG WIND DOM DAY TEMP HIGH TIME LOW TIME DAYS DAYS RAIN SPEED HIGH TIME DIR ------------------------------------------------------------------------------------ 1 9.4 15.0 15:50 3.4 0:10 8.9 0.0 0.0 0.6 7.0 13:45 NNE 2 10.3 18.4 15:15 3.8 5:25 8.0 0.0 0.0 0.4 7.0 13:40 E 3 6.8 11.7 16:55 2.3 7:10 11.5 0.0 0.2 0.2 6.0 9:30 S 4 7.7 11.3 14:10 1.8 00:00 10.6 0.0 3.4 2.8 19.0 16:30 SSW 5 6.7 13.0 13:25 0.4 3:25 11.6 0.0 0.0 0.7 12.0 15:45 S 6 9.2 12.9 15:25 5.7 0:35 9.1 0.0 3.6 1.1 13.0 17:10 SSW 7 9.1 12.3 15:45 6.0 4:30 9.2 0.0 0.8 3.0 21.0 14:40 S 8 8.7 11.8 13:55 5.4 00:00 9.6 0.0 4.2 5.7 25.0 6:00 S 9 10.3 13.7 12:45 4.6 0:50 8.0 0.0 3.2 1.8 15.0 21:35 S 10 9.2 11.6 2:45 5.7 23:05 9.1 0.0 1.0 0.5 13.0 9:20 S 11 7.3 12.3 17:15 1.2 6:55 11.0 0.0 0.0 0.7 10.0 14:10 NW 12 7.1 14.9 17:05 -0.3 6:20 11.2 0.0 0.0 0.6 9.0 13:15 NW 13 10.6 16.8 14:40 3.9 6:40 7.7 0.0 0.0 0.8 9.0 23:00 E 14 10.5 14.2 16:35 8.3 6:40 7.8 0.0 0.2 1.5 9.0 2:10 E 15 11.5 15.8 13:35 8.8 8:40 6.8 0.0 1.6 2.5 14.0 17:40 ENE 16 11.0 15.4 15:25 8.6 21:05 7.3 0.0 0.0 3.6 16.0 10:40 ENE 17 10.6 15.7 15:20 6.4 23:45 7.8 0.0 0.0 3.5 14.0 11:10 ENE 18 9.8 17.4 14:35 4.5 6:05 8.5 0.0 0.0 1.2 7.0 4:55 ENE 19 8.7 17.7 15:15 1.3 5:50 9.6 0.0 0.0 0.3 5.0 13:50 S 20 8.7 17.0 14:15 1.3 5:45 9.6 0.0 0.0 0.8 9.0 13:55 NW 21 7.7 13.5 16:20 1.6 5:45 10.7 0.0 0.0 1.5 16.0 10:40 NW 22 8.6 16.2 13:35 1.1 4:20 9.7 0.0 0.0 0.4 10.0 14:25 S 23 10.7 13.7 15:00 6.6 2:55 7.7 0.0 0.0 0.5 10.0 15:10 S 24 12.9 17.4 14:00 8.3 0:55 5.3 0.0 0.0 1.1 10.0 9:40 S 25 12.1 16.4 16:00 5.7 23:50 6.2 0.0 0.0 1.5 12.0 10:10 E 26 9.3 14.6 15:45 3.2 5:30 9.0 0.0 0.0 0.9 11.0 14:00 S 27 8.4 11.9 16:10 2.7 00:00 9.9 0.0 8.4 2.1 12.0 6:45 NW 28 7.1 11.8 11:35 1.2 5:40 11.2 0.0 7.2 0.5 10.0 13:10 E 29 10.2 14.2 16:20 6.9 3:50 8.1 0.0 2.0 1.1 14.0 11:40 S 30 11.0 14.1 15:15 7.6 22:55 7.3 0.0 2.4 1.7 15.0 12:35 SSW ------------------------------------------------------------------------------------- 9.4 18.4 2 -0.3 12 268.0 0.0 38.2 1.5 25.0 8 S Max >= 32.0: 0 Max <= 0.0: 0 Min <= 0.0: 1 Min <= -18.0: 0 Max Rain: 8.41 ON 27/04/09 Days of Rain: 13 (> .2 mm) 8 (> 2 mm) 0 (> 20 mm) Heat Base: 18.3 Cool Base: 18.3 Method: Integration