2020: Jan | Feb | Mar | Apr | May | Jun | Jul | Aug | Sep | Oct | Nov | Dec 
2019: Jan | Feb | Mar | Apr | May | Jun | Jul | Aug | Sep | Oct | Nov | Dec 
2018: Jan | Feb | Mar | Apr | May | Jun | Jul | Aug | Sep | Oct | Nov | Dec 
2017: Jan | Feb | Mar | Apr | May | Jun | Jul | Aug | Sep | Oct | Nov | Dec 
2016: Jan | Feb | Mar | Apr | May | Jun | Jul | Aug | Sep | Oct | Nov | Dec 
2015: Jan | Feb | Mar | Apr | May | Jun | Jul | Aug | Sep | Oct | Nov | Dec 
2014: Jan | Feb | Mar | Apr | May | Jun | Jul | Aug | Sep | Oct | Nov | Dec 
2013: Jan | Feb | Mar | Apr | May | Jun | Jul | Aug | Sep | Oct | Nov | Dec 
2012: Jan | Feb | Mar | Apr | May | Jun | Jul | Aug | Sep | Oct | Nov | Dec 
2011: Jan | Feb | Mar | Apr | May | Jun | Jul | Aug | Sep | Oct | Nov | Dec 
2010: Jan | Feb | Mar | Apr | May | Jun | Jul | Aug | Sep | Oct | Nov | Dec 
2009: Jan | Feb | Mar | Apr | May | Jun | Jul | Aug | Sep | Oct | Nov | Dec 
2008: Jan | Feb | Mar | Apr | May | Jun | Jul | Aug | Sep | Oct | Nov | Dec 
2007: Jan | Feb | Mar | Apr | May | Jun | Jul | Aug | Sep | Oct | Nov | Dec 

Report for 2009 05
MONTHLY CLIMATOLOGICAL SUMMARY for MAY. 2009 NAME: VantagePro2 CITY: Urswick STATE: Cumbria ELEV: 128 ft LAT: 54 09' 33" N LONG: 3 07' 24" W TEMPERATURE (C), RAIN (mm), WIND SPEED (mph) HEAT COOL AVG MEAN DEG DEG WIND DOM DAY TEMP HIGH TIME LOW TIME DAYS DAYS RAIN SPEED HIGH TIME DIR ------------------------------------------------------------------------------------ 1 10.4 12.9 10:35 8.7 0:05 7.9 0.0 5.8 1.8 16.0 10:20 S 2 10.2 13.9 15:50 4.7 6:15 8.1 0.0 0.0 1.4 12.0 15:55 S 3 9.1 11.6 15:20 7.2 3:30 9.2 0.0 6.4 5.4 22.0 14:40 NW 4 9.3 10.9 19:25 7.6 5:25 9.0 0.0 5.6 3.9 23.0 11:05 S 5 10.7 11.8 22:15 9.6 4:00 7.7 0.0 7.4 5.1 21.0 22:40 SSW 6 10.9 13.9 16:15 8.9 6:25 7.4 0.0 3.2 5.0 24.0 22:30 S 7 10.2 13.2 16:50 6.7 23:55 8.1 0.0 2.6 5.2 24.0 15:55 S 8 9.7 12.7 15:20 6.7 0:05 8.7 0.0 0.8 6.0 27.0 4:25 SSW 9 9.8 12.3 11:55 7.5 14:00 8.5 0.0 3.0 3.6 17.0 8:05 S 10 9.7 14.8 18:10 4.7 3:25 8.6 0.0 1.8 0.5 9.0 14:15 NNW 11 9.7 15.5 15:55 4.1 5:05 8.6 0.0 0.0 1.6 10.0 13:05 ENE 12 10.1 15.7 14:40 4.6 4:30 8.2 0.0 0.0 2.3 13.0 9:55 ENE 13 10.4 17.4 12:15 5.7 3:40 7.8 0.0 4.6 1.6 12.0 11:00 ENE 14 11.7 17.0 17:05 8.6 1:15 6.6 0.0 1.4 1.4 10.0 13:50 ENE 15 10.1 11.1 23:25 8.9 5:45 8.2 0.0 15.6 0.5 11.0 23:55 NNE 16 10.4 14.7 15:50 7.2 6:20 7.9 0.0 3.0 1.8 17.0 17:15 S 17 9.8 14.4 17:00 6.7 6:10 8.5 0.0 5.8 1.1 12.0 16:15 S 18 10.9 13.4 14:55 9.2 6:45 7.3 0.0 6.2 3.9 17.0 9:50 S 19 11.9 15.4 13:00 9.2 4:55 6.4 0.0 0.0 2.4 18.0 0:20 S 20 11.4 14.9 13:05 10.3 23:00 6.9 0.0 3.8 2.8 15.0 2:15 S 21 11.8 15.0 13:00 9.7 00:00 6.5 0.0 0.6 1.9 14.0 13:30 SSW 22 11.3 14.4 12:50 9.1 3:50 7.0 0.0 0.4 1.1 11.0 9:45 S 23 12.1 15.0 14:25 8.6 00:00 6.2 0.0 0.4 1.3 12.0 19:50 S 24 10.8 17.8 15:50 3.4 5:20 7.5 0.0 0.0 0.9 11.0 16:45 S 25 12.2 19.0 13:10 4.7 5:15 6.1 0.0 0.0 0.9 11.0 23:55 NW 26 11.2 13.7 17:05 9.2 5:45 7.1 0.0 0.2 5.0 25.0 9:35 NW 27 11.8 15.3 16:45 9.6 6:50 6.4 0.0 6.8 3.2 16.0 12:15 S 28 13.3 15.9 14:40 11.4 22:00 5.0 0.0 0.6 1.9 12.0 14:30 NW 29 18.2 25.7 16:50 11.3 5:40 2.4 2.3 0.0 0.5 6.0 23:00 E 30 17.1 24.4 16:00 9.9 5:15 2.9 1.7 0.0 1.2 9.0 8:20 ENE 31 17.1 24.8 15:20 7.6 5:10 3.2 1.9 0.0 0.7 6.0 11:10 E ------------------------------------------------------------------------------------- 11.4 25.7 29 3.4 24 219.9 5.9 86.0 2.4 27.0 8 S Max >= 32.0: 0 Max <= 0.0: 0 Min <= 0.0: 0 Min <= -18.0: 0 Max Rain: 15.60 ON 15/05/09 Days of Rain: 22 (> .2 mm) 14 (> 2 mm) 0 (> 20 mm) Heat Base: 18.3 Cool Base: 18.3 Method: Integration