2020: Jan | Feb | Mar | Apr | May | Jun | Jul | Aug | Sep | Oct | Nov | Dec 
2019: Jan | Feb | Mar | Apr | May | Jun | Jul | Aug | Sep | Oct | Nov | Dec 
2018: Jan | Feb | Mar | Apr | May | Jun | Jul | Aug | Sep | Oct | Nov | Dec 
2017: Jan | Feb | Mar | Apr | May | Jun | Jul | Aug | Sep | Oct | Nov | Dec 
2016: Jan | Feb | Mar | Apr | May | Jun | Jul | Aug | Sep | Oct | Nov | Dec 
2015: Jan | Feb | Mar | Apr | May | Jun | Jul | Aug | Sep | Oct | Nov | Dec 
2014: Jan | Feb | Mar | Apr | May | Jun | Jul | Aug | Sep | Oct | Nov | Dec 
2013: Jan | Feb | Mar | Apr | May | Jun | Jul | Aug | Sep | Oct | Nov | Dec 
2012: Jan | Feb | Mar | Apr | May | Jun | Jul | Aug | Sep | Oct | Nov | Dec 
2011: Jan | Feb | Mar | Apr | May | Jun | Jul | Aug | Sep | Oct | Nov | Dec 
2010: Jan | Feb | Mar | Apr | May | Jun | Jul | Aug | Sep | Oct | Nov | Dec 
2009: Jan | Feb | Mar | Apr | May | Jun | Jul | Aug | Sep | Oct | Nov | Dec 
2008: Jan | Feb | Mar | Apr | May | Jun | Jul | Aug | Sep | Oct | Nov | Dec 
2007: Jan | Feb | Mar | Apr | May | Jun | Jul | Aug | Sep | Oct | Nov | Dec 

Report for 2009 06
MONTHLY CLIMATOLOGICAL SUMMARY for JUN. 2009 NAME: VantagePro2 CITY: Urswick STATE: Cumbria ELEV: 128 ft LAT: 54 09' 33" N LONG: 3 07' 24" W TEMPERATURE (C), RAIN (mm), WIND SPEED (mph) HEAT COOL AVG MEAN DEG DEG WIND DOM DAY TEMP HIGH TIME LOW TIME DAYS DAYS RAIN SPEED HIGH TIME DIR ------------------------------------------------------------------------------------ 1 18.0 26.2 13:55 9.2 4:55 2.7 2.3 0.0 0.5 9.0 15:35 NW 2 17.3 24.4 15:55 10.3 5:20 2.4 1.5 0.0 1.0 12.0 14:55 NW 3 14.4 20.3 14:20 9.4 23:50 3.9 0.1 0.0 0.7 10.0 16:35 E 4 11.7 17.1 15:25 6.3 5:20 6.6 0.0 0.0 0.8 11.0 16:15 NW 5 9.1 15.7 11:25 5.3 23:35 9.2 0.0 1.6 0.6 11.0 13:30 NNE 6 8.7 14.0 15:55 5.6 5:00 9.6 0.0 3.6 1.3 11.0 17:40 NE 7 11.6 16.0 14:15 8.0 5:05 6.7 0.0 0.0 1.3 10.0 10:15 ENE 8 11.6 17.8 13:30 5.1 4:45 6.7 0.0 0.0 0.8 7.0 15:10 ENE 9 11.7 16.6 14:35 6.1 2:45 6.6 0.0 0.0 0.3 7.0 9:20 E 10 11.8 18.0 13:10 7.7 2:55 6.5 0.0 0.2 0.0 6.0 11:50 NNE 11 11.1 15.2 16:00 5.4 1:55 7.2 0.0 0.0 2.8 17.0 13:25 NW 12 12.1 18.4 13:40 3.7 4:15 6.2 0.0 0.6 0.2 6.0 14:30 S 13 14.7 19.1 14:45 8.6 23:40 3.6 0.0 0.0 1.0 10.0 13:40 S 14 14.4 18.4 14:50 7.5 0:45 3.9 0.0 0.0 1.0 12.0 16:55 NW 15 14.1 19.9 18:45 8.1 2:40 4.3 0.1 0.0 0.9 12.0 15:05 NW 16 14.5 21.4 17:10 6.7 5:05 4.3 0.5 0.0 0.5 9.0 17:30 S 17 13.2 15.0 18:00 11.7 0:25 5.1 0.0 18.4 1.7 17.0 16:25 SSE 18 13.0 15.6 14:20 10.9 4:45 5.3 0.0 0.2 3.7 18.0 14:55 SSW 19 12.9 15.8 12:55 11.0 23:55 5.4 0.0 1.2 4.6 22.0 9:50 NW 20 12.8 15.7 14:10 10.7 0:45 5.5 0.0 2.8 3.2 17.0 12:45 NW 21 13.7 16.5 14:35 11.8 3:35 4.7 0.0 0.0 2.4 13.0 1:30 NW 22 16.3 21.2 14:10 12.9 0:05 2.3 0.4 0.2 1.7 16.0 16:20 NW 23 19.2 25.7 16:25 12.4 6:20 1.6 2.4 0.0 0.5 9.0 14:25 NW 24 19.0 24.0 14:50 13.7 6:10 1.2 1.9 0.0 0.8 7.0 16:20 E 25 17.8 23.4 15:25 12.6 5:25 1.7 1.3 0.0 1.2 9.0 0:45 E 26 18.6 24.8 14:15 13.3 4:45 1.6 1.8 0.0 0.8 9.0 12:05 ENE 27 18.3 23.9 16:05 15.0 1:25 0.9 1.0 0.6 0.4 9.0 16:40 E 28 19.2 26.7 16:05 13.2 4:05 1.4 2.3 0.2 0.1 7.0 16:40 S 29 21.4 27.9 15:45 16.1 0:30 0.6 3.7 0.0 0.5 6.0 13:40 E 30 20.4 25.0 17:45 16.4 2:30 0.3 2.4 0.2 0.1 6.0 18:00 E ------------------------------------------------------------------------------------- 14.8 27.9 29 3.7 12 127.9 21.6 29.8 1.2 22.0 19 NW Max >= 32.0: 0 Max <= 0.0: 0 Min <= 0.0: 0 Min <= -18.0: 0 Max Rain: 18.39 ON 17/06/09 Days of Rain: 12 (> .2 mm) 3 (> 2 mm) 0 (> 20 mm) Heat Base: 18.3 Cool Base: 18.3 Method: Integration