2020: Jan | Feb | Mar | Apr | May | Jun | Jul | Aug | Sep | Oct | Nov | Dec 
2019: Jan | Feb | Mar | Apr | May | Jun | Jul | Aug | Sep | Oct | Nov | Dec 
2018: Jan | Feb | Mar | Apr | May | Jun | Jul | Aug | Sep | Oct | Nov | Dec 
2017: Jan | Feb | Mar | Apr | May | Jun | Jul | Aug | Sep | Oct | Nov | Dec 
2016: Jan | Feb | Mar | Apr | May | Jun | Jul | Aug | Sep | Oct | Nov | Dec 
2015: Jan | Feb | Mar | Apr | May | Jun | Jul | Aug | Sep | Oct | Nov | Dec 
2014: Jan | Feb | Mar | Apr | May | Jun | Jul | Aug | Sep | Oct | Nov | Dec 
2013: Jan | Feb | Mar | Apr | May | Jun | Jul | Aug | Sep | Oct | Nov | Dec 
2012: Jan | Feb | Mar | Apr | May | Jun | Jul | Aug | Sep | Oct | Nov | Dec 
2011: Jan | Feb | Mar | Apr | May | Jun | Jul | Aug | Sep | Oct | Nov | Dec 
2010: Jan | Feb | Mar | Apr | May | Jun | Jul | Aug | Sep | Oct | Nov | Dec 
2009: Jan | Feb | Mar | Apr | May | Jun | Jul | Aug | Sep | Oct | Nov | Dec 
2008: Jan | Feb | Mar | Apr | May | Jun | Jul | Aug | Sep | Oct | Nov | Dec 
2007: Jan | Feb | Mar | Apr | May | Jun | Jul | Aug | Sep | Oct | Nov | Dec 

Report for 2009 07
MONTHLY CLIMATOLOGICAL SUMMARY for JUL. 2009 NAME: VantagePro2 CITY: Urswick STATE: Cumbria ELEV: 128 ft LAT: 54 09' 33" N LONG: 3 07' 24" W TEMPERATURE (C), RAIN (mm), WIND SPEED (mph) HEAT COOL AVG MEAN DEG DEG WIND DOM DAY TEMP HIGH TIME LOW TIME DAYS DAYS RAIN SPEED HIGH TIME DIR ------------------------------------------------------------------------------------ 1 21.9 28.0 16:40 17.8 6:20 0.0 3.7 7.2 0.3 7.0 18:25 NW 2 23.3 29.7 15:45 17.8 0:25 0.0 5.0 1.2 0.3 6.0 9:50 E 3 18.2 21.2 9:30 15.3 22:10 0.7 0.6 3.8 0.9 11.0 13:10 ENE 4 16.8 22.5 15:35 12.3 5:35 2.0 0.5 2.0 0.1 5.0 10:40 SSE 5 16.9 21.6 15:50 12.7 0:15 1.8 0.4 0.8 0.2 6.0 12:25 S 6 16.1 20.2 13:45 11.9 23:45 2.4 0.2 2.0 1.0 12.0 18:20 S 7 16.1 19.1 11:50 12.6 0:05 2.2 0.0 9.0 1.9 14.0 12:25 NW 8 14.9 17.4 11:55 12.4 5:10 3.3 0.0 0.0 1.9 14.0 18:35 NW 9 14.1 18.2 15:35 8.7 4:15 4.2 0.0 0.0 2.9 17.0 15:05 NW 10 13.2 17.5 13:20 7.3 00:00 5.1 0.0 0.0 1.0 13.0 13:30 NW 11 15.4 23.1 15:25 6.1 3:15 4.1 1.2 9.6 0.2 7.0 21:30 S 12 15.8 18.5 16:10 14.3 3:15 2.5 0.0 5.6 2.3 14.0 11:10 S 13 16.0 21.6 14:10 13.7 23:15 2.6 0.3 8.6 0.6 9.0 14:30 SSE 14 16.1 20.9 14:15 13.4 1:15 2.6 0.4 2.2 0.6 9.0 6:50 S 15 16.1 19.6 16:05 13.2 1:50 2.4 0.1 3.6 0.9 12.0 14:20 SSW 16 16.0 18.9 17:00 12.5 23:50 2.3 0.0 1.0 0.4 7.0 14:40 S 17 13.8 15.1 20:15 12.4 0:15 4.5 0.0 14.4 3.1 19.0 23:35 NNW 18 15.1 17.7 15:20 13.6 3:50 3.2 0.0 0.2 3.3 17.0 0:35 NW 19 15.0 18.2 15:05 12.8 5:50 3.3 0.0 0.4 1.0 11.0 15:40 SSW 20 15.0 18.2 16:50 11.0 00:00 3.3 0.0 0.0 1.8 20.0 8:15 SSW 21 13.8 18.5 17:00 8.7 2:35 4.5 0.0 10.4 0.8 7.0 17:05 ENE 22 15.2 18.4 13:50 11.1 1:05 3.1 0.0 0.8 2.8 20.0 18:25 S 23 16.1 18.7 16:45 14.6 6:25 2.2 0.0 0.0 2.6 14.0 17:50 S 24 15.3 18.6 15:40 12.8 23:45 3.0 0.0 0.6 1.8 14.0 17:40 SSW 25 14.8 19.7 16:05 8.3 6:05 3.6 0.2 0.0 0.8 10.0 9:30 NW 26 15.1 17.7 14:50 11.4 1:20 3.3 0.0 6.6 1.7 14.0 15:55 S 27 15.8 18.4 15:25 14.8 4:45 2.5 0.0 0.0 3.0 20.0 13:25 S 28 14.8 16.6 15:25 13.7 6:25 3.5 0.0 12.6 2.0 12.0 2:55 SSE 29 14.7 16.4 12:30 13.2 23:30 3.6 0.0 13.0 1.5 13.0 22:10 SSE 30 14.0 17.1 16:50 11.3 4:25 4.3 0.0 9.0 1.9 17.0 11:30 SSW 31 15.0 18.3 13:15 12.6 1:10 3.3 0.0 1.2 1.0 10.0 13:05 SSE ------------------------------------------------------------------------------------- 15.8 29.7 2 6.1 11 89.3 12.5 125.8 1.4 20.0 20 S Max >= 32.0: 0 Max <= 0.0: 0 Min <= 0.0: 0 Min <= -18.0: 0 Max Rain: 14.40 ON 17/07/09 Days of Rain: 24 (> .2 mm) 16 (> 2 mm) 0 (> 20 mm) Heat Base: 18.3 Cool Base: 18.3 Method: Integration