2020: Jan | Feb | Mar | Apr | May | Jun | Jul | Aug | Sep | Oct | Nov | Dec 
2019: Jan | Feb | Mar | Apr | May | Jun | Jul | Aug | Sep | Oct | Nov | Dec 
2018: Jan | Feb | Mar | Apr | May | Jun | Jul | Aug | Sep | Oct | Nov | Dec 
2017: Jan | Feb | Mar | Apr | May | Jun | Jul | Aug | Sep | Oct | Nov | Dec 
2016: Jan | Feb | Mar | Apr | May | Jun | Jul | Aug | Sep | Oct | Nov | Dec 
2015: Jan | Feb | Mar | Apr | May | Jun | Jul | Aug | Sep | Oct | Nov | Dec 
2014: Jan | Feb | Mar | Apr | May | Jun | Jul | Aug | Sep | Oct | Nov | Dec 
2013: Jan | Feb | Mar | Apr | May | Jun | Jul | Aug | Sep | Oct | Nov | Dec 
2012: Jan | Feb | Mar | Apr | May | Jun | Jul | Aug | Sep | Oct | Nov | Dec 
2011: Jan | Feb | Mar | Apr | May | Jun | Jul | Aug | Sep | Oct | Nov | Dec 
2010: Jan | Feb | Mar | Apr | May | Jun | Jul | Aug | Sep | Oct | Nov | Dec 
2009: Jan | Feb | Mar | Apr | May | Jun | Jul | Aug | Sep | Oct | Nov | Dec 
2008: Jan | Feb | Mar | Apr | May | Jun | Jul | Aug | Sep | Oct | Nov | Dec 
2007: Jan | Feb | Mar | Apr | May | Jun | Jul | Aug | Sep | Oct | Nov | Dec 

Report for 2009 08
MONTHLY CLIMATOLOGICAL SUMMARY for AUG. 2009 NAME: VantagePro2 CITY: Urswick STATE: Cumbria ELEV: 128 ft LAT: 54 09' 33" N LONG: 3 07' 24" W TEMPERATURE (C), RAIN (mm), WIND SPEED (mph) HEAT COOL AVG MEAN DEG DEG WIND DOM DAY TEMP HIGH TIME LOW TIME DAYS DAYS RAIN SPEED HIGH TIME DIR ------------------------------------------------------------------------------------ 1 15.1 18.5 15:40 12.3 1:15 3.2 0.0 3.4 1.9 13.0 23:35 S 2 15.1 18.3 15:40 12.7 23:15 3.2 0.0 0.2 1.5 14.0 10:10 SSW 3 16.1 19.8 14:20 12.2 2:10 2.3 0.1 3.6 0.4 9.0 15:40 SSE 4 17.4 20.4 15:10 15.9 2:30 1.2 0.3 2.6 0.8 9.0 9:55 S 5 17.3 20.8 14:40 11.9 00:00 1.6 0.5 0.0 0.6 11.0 16:15 S 6 14.9 19.8 14:15 9.8 5:25 3.5 0.1 0.0 0.6 12.0 13:40 NW 7 15.0 19.8 14:40 9.9 6:20 3.6 0.3 0.0 0.6 12.0 15:30 NW 8 15.1 19.2 15:35 9.9 2:40 3.2 0.1 0.0 0.5 10.0 12:20 S 9 16.7 20.8 14:10 12.8 5:35 1.9 0.3 0.0 0.3 7.0 14:40 S 10 16.2 19.1 16:05 13.8 00:00 2.1 0.0 8.2 1.3 11.0 8:45 SSE 11 15.1 18.1 11:45 11.4 5:15 3.2 0.0 1.2 1.0 13.0 22:40 SSW 12 15.4 17.9 12:10 12.4 23:40 2.8 0.0 0.0 1.2 13.0 15:05 NW 13 14.1 19.4 14:40 9.0 00:00 4.3 0.1 0.0 0.7 10.0 13:55 NW 14 14.4 17.7 11:40 8.4 0:45 3.9 0.0 2.2 1.4 16.0 18:30 S 15 16.9 18.4 16:50 15.7 00:00 1.4 0.0 2.8 3.8 18.0 8:55 S 16 15.8 17.5 18:00 14.6 3:15 2.5 0.0 0.0 3.2 20.0 7:20 SSW 17 16.3 18.9 14:50 14.8 3:05 2.0 0.0 0.2 2.2 19.0 8:05 SSW 18 16.4 19.3 15:45 13.9 6:05 1.9 0.0 1.2 0.3 7.0 12:35 SSE 19 18.1 20.4 11:55 16.6 6:40 0.5 0.4 2.6 0.3 9.0 10:30 SSE 20 16.9 18.4 1:25 15.0 23:30 1.3 0.0 9.8 2.7 17.0 11:15 S 21 14.9 17.1 15:00 12.7 4:20 3.4 0.0 1.0 2.6 14.0 1:25 SSW 22 15.0 18.6 15:40 12.7 6:25 3.3 0.0 0.0 0.9 11.0 11:55 SSW 23 16.6 17.7 16:50 14.8 7:15 1.7 0.0 6.6 0.5 6.0 3:15 SSE 24 15.3 19.0 15:45 10.9 7:00 3.0 0.0 5.8 0.4 7.0 2:15 S 25 14.6 18.2 14:10 10.4 21:55 3.7 0.0 4.2 0.9 10.0 1:20 S 26 15.0 17.6 16:30 10.5 0:25 3.3 0.0 8.0 1.7 13.0 9:45 S 27 15.0 18.1 14:10 10.0 6:40 3.3 0.0 1.4 1.4 15.0 22:15 S 28 13.4 16.6 15:05 10.4 7:05 4.8 0.0 6.4 4.5 21.0 6:55 SSW 29 13.7 16.4 14:35 12.4 22:05 4.6 0.0 2.4 3.8 22.0 0:20 SSW 30 14.4 16.7 23:45 10.4 7:10 3.8 0.0 13.8 1.1 14.0 22:15 S 31 16.9 18.9 13:00 14.9 23:50 1.4 0.0 7.6 2.9 16.0 6:40 S ------------------------------------------------------------------------------------- 15.6 20.8 5 8.4 14 86.1 2.3 95.1 1.5 22.0 29 S Max >= 32.0: 0 Max <= 0.0: 0 Min <= 0.0: 0 Min <= -18.0: 0 Max Rain: 13.79 ON 30/08/09 Days of Rain: 22 (> .2 mm) 16 (> 2 mm) 0 (> 20 mm) Heat Base: 18.3 Cool Base: 18.3 Method: Integration