2020: Jan | Feb | Mar | Apr | May | Jun | Jul | Aug | Sep | Oct | Nov | Dec 
2019: Jan | Feb | Mar | Apr | May | Jun | Jul | Aug | Sep | Oct | Nov | Dec 
2018: Jan | Feb | Mar | Apr | May | Jun | Jul | Aug | Sep | Oct | Nov | Dec 
2017: Jan | Feb | Mar | Apr | May | Jun | Jul | Aug | Sep | Oct | Nov | Dec 
2016: Jan | Feb | Mar | Apr | May | Jun | Jul | Aug | Sep | Oct | Nov | Dec 
2015: Jan | Feb | Mar | Apr | May | Jun | Jul | Aug | Sep | Oct | Nov | Dec 
2014: Jan | Feb | Mar | Apr | May | Jun | Jul | Aug | Sep | Oct | Nov | Dec 
2013: Jan | Feb | Mar | Apr | May | Jun | Jul | Aug | Sep | Oct | Nov | Dec 
2012: Jan | Feb | Mar | Apr | May | Jun | Jul | Aug | Sep | Oct | Nov | Dec 
2011: Jan | Feb | Mar | Apr | May | Jun | Jul | Aug | Sep | Oct | Nov | Dec 
2010: Jan | Feb | Mar | Apr | May | Jun | Jul | Aug | Sep | Oct | Nov | Dec 
2009: Jan | Feb | Mar | Apr | May | Jun | Jul | Aug | Sep | Oct | Nov | Dec 
2008: Jan | Feb | Mar | Apr | May | Jun | Jul | Aug | Sep | Oct | Nov | Dec 
2007: Jan | Feb | Mar | Apr | May | Jun | Jul | Aug | Sep | Oct | Nov | Dec 

Report for 2009 09
MONTHLY CLIMATOLOGICAL SUMMARY for SEP. 2009 NAME: VantagePro2 CITY: Urswick STATE: Cumbria ELEV: 128 ft LAT: 54 09' 33" N LONG: 3 07' 24" W TEMPERATURE (C), RAIN (mm), WIND SPEED (mph) HEAT COOL AVG MEAN DEG DEG WIND DOM DAY TEMP HIGH TIME LOW TIME DAYS DAYS RAIN SPEED HIGH TIME DIR ------------------------------------------------------------------------------------ 1 14.4 16.8 12:15 12.7 17:10 3.9 0.0 7.6 3.4 17.0 13:20 S 2 13.9 15.7 14:05 12.8 6:45 4.4 0.0 8.4 1.3 13.0 0:15 SSE 3 12.9 14.7 12:10 11.6 15:05 5.3 0.0 18.0 4.8 23.0 16:25 NW 4 13.3 16.5 14:45 11.8 10:35 5.0 0.0 3.6 5.4 26.0 13:40 NW 5 13.5 15.8 16:25 11.7 5:15 4.8 0.0 1.0 2.5 17.0 3:05 SSW 6 13.9 15.7 13:20 13.0 20:05 4.3 0.0 4.2 1.5 12.0 13:10 SSE 7 15.1 17.6 14:40 13.0 21:00 3.2 0.0 3.0 1.4 15.0 3:00 SSW 8 15.7 19.2 12:20 11.8 19:45 2.6 0.0 3.8 2.0 19.0 14:40 S 9 13.2 17.1 15:00 8.8 23:55 5.1 0.0 0.0 1.9 14.0 1:10 NW 10 11.6 18.6 14:05 5.2 7:10 6.7 0.0 0.0 0.5 11.0 15:20 NW 11 12.3 19.1 15:00 6.9 6:30 6.0 0.0 0.0 0.3 9.0 14:15 NW 12 12.1 18.8 14:15 6.1 6:00 6.2 0.0 0.0 0.4 12.0 15:35 NW 13 12.8 20.2 14:25 6.4 6:00 5.7 0.2 0.2 0.2 8.0 14:30 ENE 14 11.4 16.5 14:00 7.3 2:20 6.9 0.0 0.0 0.2 7.0 9:55 ENE 15 12.8 19.5 15:20 7.7 4:35 5.6 0.0 0.0 0.2 6.0 9:55 NE 16 11.1 16.7 15:15 5.1 7:00 7.2 0.0 0.0 0.3 7.0 12:10 NE 17 10.6 15.7 16:05 4.2 2:45 7.7 0.0 0.0 0.0 3.0 11:20 E 18 13.1 16.4 13:50 11.2 5:45 5.3 0.0 0.0 0.0 3.0 11:50 E 19 12.9 15.6 15:35 7.4 23:50 5.4 0.0 0.4 0.3 11.0 18:30 SSE 20 10.3 16.4 14:00 4.7 8:00 7.9 0.0 0.2 0.4 7.0 13:15 S 21 14.8 15.7 12:20 13.4 0:05 3.5 0.0 0.2 3.5 19.0 18:50 S 22 15.3 16.6 12:40 13.8 23:55 3.0 0.0 0.0 4.0 19.0 3:00 SSW 23 14.0 16.5 14:25 11.9 00:00 4.3 0.0 0.0 2.0 16.0 3:00 SSW 24 13.7 14.9 12:50 11.4 0:45 4.6 0.0 0.0 1.6 14.0 9:50 SSW 25 14.1 15.5 13:50 12.4 3:10 4.2 0.0 0.0 1.3 14.0 14:55 SSW 26 12.9 15.9 15:25 8.6 4:05 5.4 0.0 0.0 1.0 12.0 11:45 NW 27 14.4 15.9 11:10 11.9 0:15 3.9 0.0 0.0 0.9 13.0 12:15 SW 28 14.6 15.4 16:05 13.9 7:00 3.7 0.0 0.2 1.7 15.0 12:15 SSW 29 14.8 16.5 14:10 14.0 21:15 3.5 0.0 0.2 2.8 17.0 13:20 NW 30 14.3 15.9 12:15 12.2 00:00 3.9 0.0 0.2 2.7 16.0 23:20 NW ------------------------------------------------------------------------------------- 13.3 20.2 13 4.2 17 149.4 0.3 51.2 1.6 26.0 4 NW Max >= 32.0: 0 Max <= 0.0: 0 Min <= 0.0: 0 Min <= -18.0: 0 Max Rain: 18.01 ON 03/09/09 Days of Rain: 15 (> .2 mm) 7 (> 2 mm) 0 (> 20 mm) Heat Base: 18.3 Cool Base: 18.3 Method: Integration