2020: Jan | Feb | Mar | Apr | May | Jun | Jul | Aug | Sep | Oct | Nov | Dec 
2019: Jan | Feb | Mar | Apr | May | Jun | Jul | Aug | Sep | Oct | Nov | Dec 
2018: Jan | Feb | Mar | Apr | May | Jun | Jul | Aug | Sep | Oct | Nov | Dec 
2017: Jan | Feb | Mar | Apr | May | Jun | Jul | Aug | Sep | Oct | Nov | Dec 
2016: Jan | Feb | Mar | Apr | May | Jun | Jul | Aug | Sep | Oct | Nov | Dec 
2015: Jan | Feb | Mar | Apr | May | Jun | Jul | Aug | Sep | Oct | Nov | Dec 
2014: Jan | Feb | Mar | Apr | May | Jun | Jul | Aug | Sep | Oct | Nov | Dec 
2013: Jan | Feb | Mar | Apr | May | Jun | Jul | Aug | Sep | Oct | Nov | Dec 
2012: Jan | Feb | Mar | Apr | May | Jun | Jul | Aug | Sep | Oct | Nov | Dec 
2011: Jan | Feb | Mar | Apr | May | Jun | Jul | Aug | Sep | Oct | Nov | Dec 
2010: Jan | Feb | Mar | Apr | May | Jun | Jul | Aug | Sep | Oct | Nov | Dec 
2009: Jan | Feb | Mar | Apr | May | Jun | Jul | Aug | Sep | Oct | Nov | Dec 
2008: Jan | Feb | Mar | Apr | May | Jun | Jul | Aug | Sep | Oct | Nov | Dec 
2007: Jan | Feb | Mar | Apr | May | Jun | Jul | Aug | Sep | Oct | Nov | Dec 

Report for 2009 10
MONTHLY CLIMATOLOGICAL SUMMARY for OCT. 2009 NAME: VantagePro2 CITY: Urswick STATE: Cumbria ELEV: 128 ft LAT: 54 09' 33" N LONG: 3 07' 24" W TEMPERATURE (C), RAIN (mm), WIND SPEED (mph) HEAT COOL AVG MEAN DEG DEG WIND DOM DAY TEMP HIGH TIME LOW TIME DAYS DAYS RAIN SPEED HIGH TIME DIR ------------------------------------------------------------------------------------ 1 10.8 13.8 14:10 5.6 7:35 7.5 0.0 0.0 2.0 15.0 3:30 NW 2 12.5 14.6 15:20 10.2 3:50 5.8 0.0 3.2 2.7 19.0 23:10 SSW 3 12.9 14.5 14:30 10.8 18:15 5.4 0.0 3.8 6.4 29.0 14:15 SSW 4 9.8 13.6 14:55 7.5 8:20 8.5 0.0 4.6 1.4 17.0 2:30 NW 5 9.7 15.2 15:20 6.1 21:15 8.6 0.0 0.0 0.0 4.0 22:40 SSE 6 10.8 14.8 14:05 6.4 0:05 7.5 0.0 17.6 0.8 10.0 14:55 NNW 7 6.4 12.5 15:00 1.1 7:20 11.9 0.0 0.2 0.2 9.0 1:05 NW 8 8.0 12.7 14:05 3.5 22:30 10.3 0.0 0.8 1.0 13.0 13:30 NW 9 9.8 13.7 14:25 4.8 0:05 8.4 0.0 7.2 0.5 7.0 10:55 SSE 10 11.4 14.2 13:45 6.1 7:20 6.9 0.0 0.2 0.4 9.0 16:50 SSW 11 12.2 14.3 11:40 7.2 23:25 6.2 0.0 0.0 4.1 23.0 17:35 NNW 12 7.1 13.6 13:55 2.4 8:15 11.2 0.0 0.0 0.3 9.0 15:40 WNW 13 8.2 13.2 16:10 2.1 4:10 10.2 0.0 0.2 0.0 2.0 9:30 ESE 14 12.6 14.3 14:45 11.3 0:05 5.7 0.0 0.0 0.0 2.0 14:05 SSE 15 13.3 16.6 15:35 10.8 7:00 5.0 0.0 0.0 0.5 7.0 14:05 NW 16 10.1 14.6 14:40 3.6 22:40 8.2 0.0 0.2 0.2 7.0 14:10 NNE 17 5.9 14.0 14:40 1.3 8:10 12.3 0.0 0.0 0.0 4.0 13:05 SSW 18 8.7 12.2 23:30 3.1 0:20 9.7 0.0 6.8 0.6 11.0 20:15 S 19 11.1 13.1 15:25 9.4 19:40 7.2 0.0 13.0 1.6 11.0 0:05 SSE 20 8.8 10.3 21:15 6.8 7:50 9.5 0.0 3.6 1.8 10.0 1:25 ENE 21 11.1 14.0 14:25 9.7 4:05 7.2 0.0 3.2 1.0 7.0 2:10 ENE 22 11.6 13.5 15:30 10.6 22:15 6.7 0.0 0.0 0.9 6.0 6:00 ENE 23 11.8 13.4 16:10 10.6 22:55 6.5 0.0 0.2 0.3 9.0 11:15 SSE 24 12.9 15.5 14:15 10.8 0:50 5.4 0.0 4.2 2.9 22.0 21:00 S 25 13.2 13.9 13:40 12.4 23:00 5.1 0.0 1.0 5.9 23.0 3:00 SSW 26 12.2 15.2 12:45 10.6 20:55 6.1 0.0 0.2 1.2 19.0 1:00 NW 27 12.6 15.0 14:45 10.2 3:25 5.8 0.0 5.0 0.6 11.0 22:10 E 28 13.3 16.6 13:30 9.7 00:00 4.9 0.0 0.0 1.0 11.0 13:30 S 29 12.7 15.9 14:15 7.6 4:50 5.6 0.0 0.0 0.1 5.0 17:35 E 30 13.3 14.9 14:05 12.2 6:00 5.0 0.0 13.4 0.6 7.0 23:05 S 31 13.4 15.2 13:35 12.3 0:05 4.9 0.0 0.2 1.6 12.0 21:10 S ------------------------------------------------------------------------------------- 10.9 16.6 15 1.1 7 229.2 0.0 88.8 1.3 29.0 3 S Max >= 32.0: 0 Max <= 0.0: 0 Min <= 0.0: 0 Min <= -18.0: 0 Max Rain: 17.60 ON 06/10/09 Days of Rain: 21 (> .2 mm) 12 (> 2 mm) 0 (> 20 mm) Heat Base: 18.3 Cool Base: 18.3 Method: Integration