2020: Jan | Feb | Mar | Apr | May | Jun | Jul | Aug | Sep | Oct | Nov | Dec 
2019: Jan | Feb | Mar | Apr | May | Jun | Jul | Aug | Sep | Oct | Nov | Dec 
2018: Jan | Feb | Mar | Apr | May | Jun | Jul | Aug | Sep | Oct | Nov | Dec 
2017: Jan | Feb | Mar | Apr | May | Jun | Jul | Aug | Sep | Oct | Nov | Dec 
2016: Jan | Feb | Mar | Apr | May | Jun | Jul | Aug | Sep | Oct | Nov | Dec 
2015: Jan | Feb | Mar | Apr | May | Jun | Jul | Aug | Sep | Oct | Nov | Dec 
2014: Jan | Feb | Mar | Apr | May | Jun | Jul | Aug | Sep | Oct | Nov | Dec 
2013: Jan | Feb | Mar | Apr | May | Jun | Jul | Aug | Sep | Oct | Nov | Dec 
2012: Jan | Feb | Mar | Apr | May | Jun | Jul | Aug | Sep | Oct | Nov | Dec 
2011: Jan | Feb | Mar | Apr | May | Jun | Jul | Aug | Sep | Oct | Nov | Dec 
2010: Jan | Feb | Mar | Apr | May | Jun | Jul | Aug | Sep | Oct | Nov | Dec 
2009: Jan | Feb | Mar | Apr | May | Jun | Jul | Aug | Sep | Oct | Nov | Dec 
2008: Jan | Feb | Mar | Apr | May | Jun | Jul | Aug | Sep | Oct | Nov | Dec 
2007: Jan | Feb | Mar | Apr | May | Jun | Jul | Aug | Sep | Oct | Nov | Dec 

Report for 2009 11
MONTHLY CLIMATOLOGICAL SUMMARY for NOV. 2009 NAME: VantagePro2 CITY: Urswick STATE: Cumbria ELEV: 128 ft LAT: 54 09' 33" N LONG: 3 07' 24" W TEMPERATURE (C), RAIN (mm), WIND SPEED (mph) HEAT COOL AVG MEAN DEG DEG WIND DOM DAY TEMP HIGH TIME LOW TIME DAYS DAYS RAIN SPEED HIGH TIME DIR ------------------------------------------------------------------------------------ 1 11.1 13.3 12:20 9.3 23:10 7.2 0.0 25.0 3.7 26.0 17:05 SSW 2 9.4 11.5 12:30 7.3 16:15 8.9 0.0 7.2 3.7 21.0 8:55 SSW 3 9.7 11.9 11:40 8.1 22:50 8.6 0.0 8.2 3.2 18.0 10:35 S 4 7.5 10.9 13:35 1.6 23:45 10.8 0.0 3.6 1.5 14.0 13:40 W 5 5.8 9.3 12:40 1.4 2:40 12.5 0.0 6.0 0.1 5.0 12:15 NW 6 6.3 10.2 15:05 1.0 4:15 12.0 0.0 7.8 1.7 16.0 13:35 S 7 7.1 9.3 13:45 4.0 5:15 11.3 0.0 9.6 0.8 12.0 10:20 S 8 5.6 9.8 13:20 1.9 20:10 12.7 0.0 0.2 0.3 7.0 13:45 NNE 9 3.2 10.2 13:35 -0.8 7:25 15.1 0.0 0.2 0.0 3.0 23:00 W 10 5.8 7.2 15:00 4.0 0:35 12.5 0.0 2.6 0.0 4.0 3:10 E 11 6.8 9.3 13:30 5.2 7:45 11.5 0.0 0.6 0.7 9.0 22:05 ENE 12 9.4 10.7 15:30 7.1 0:15 8.9 0.0 2.8 2.0 16.0 16:20 S 13 9.0 12.2 23:45 7.3 19:35 9.3 0.0 12.0 1.7 18.0 1:30 S 14 9.7 12.4 1:35 8.6 23:10 8.6 0.0 4.4 3.6 22.0 1:45 S 15 8.4 11.0 14:20 6.2 2:20 9.9 0.0 1.6 1.4 15.0 9:40 S 16 9.7 11.2 14:30 7.9 2:40 8.6 0.0 2.8 4.5 24.0 12:00 S 17 10.3 11.8 12:10 9.1 18:25 7.9 0.0 1.0 4.6 22.0 0:05 SSW 18 9.7 12.9 21:50 6.7 8:40 8.6 0.0 23.2 4.4 24.0 2:00 S 19 12.1 13.3 1:10 11.3 8:20 6.2 0.0 41.6 7.6 24.0 21:15 S 20 10.3 12.6 12:35 4.1 23:30 8.0 0.0 6.0 3.6 25.0 2:35 S 21 9.8 12.8 15:30 4.8 0:05 8.5 0.0 4.0 2.6 18.0 17:10 S 22 9.3 10.7 19:55 6.8 8:15 9.0 0.0 9.6 6.1 26.0 17:50 S 23 9.8 11.1 13:20 8.9 1:25 8.4 0.0 2.0 4.8 29.0 1:20 SSW 24 10.8 12.8 15:35 7.6 23:40 7.5 0.0 11.6 5.2 23.0 14:10 S 25 9.4 10.4 11:20 7.4 23:50 8.9 0.0 0.8 7.0 31.0 7:45 SSW 26 7.6 8.8 12:35 6.5 1:55 10.7 0.0 6.4 4.0 19.0 11:20 SSW 27 6.8 8.6 13:50 4.4 21:30 11.5 0.0 9.0 2.0 16.0 9:40 S 28 3.7 6.2 13:35 1.3 8:20 14.6 0.0 0.6 0.1 9.0 1:10 E 29 5.7 6.7 18:35 4.8 0:05 12.6 0.0 8.8 3.0 20.0 19:20 ENE 30 2.3 5.9 13:35 -3.4 23:50 16.0 0.0 0.0 2.3 20.0 0:35 NNW ------------------------------------------------------------------------------------- 8.1 13.3 1 -3.4 30 306.9 0.0 219.1 2.9 31.0 25 S Max >= 32.0: 0 Max <= 0.0: 0 Min <= 0.0: 2 Min <= -18.0: 0 Max Rain: 41.61 ON 19/11/09 Days of Rain: 29 (> .2 mm) 22 (> 2 mm) 3 (> 20 mm) Heat Base: 18.3 Cool Base: 18.3 Method: Integration