2020: Jan | Feb | Mar | Apr | May | Jun | Jul | Aug | Sep | Oct | Nov | Dec 
2019: Jan | Feb | Mar | Apr | May | Jun | Jul | Aug | Sep | Oct | Nov | Dec 
2018: Jan | Feb | Mar | Apr | May | Jun | Jul | Aug | Sep | Oct | Nov | Dec 
2017: Jan | Feb | Mar | Apr | May | Jun | Jul | Aug | Sep | Oct | Nov | Dec 
2016: Jan | Feb | Mar | Apr | May | Jun | Jul | Aug | Sep | Oct | Nov | Dec 
2015: Jan | Feb | Mar | Apr | May | Jun | Jul | Aug | Sep | Oct | Nov | Dec 
2014: Jan | Feb | Mar | Apr | May | Jun | Jul | Aug | Sep | Oct | Nov | Dec 
2013: Jan | Feb | Mar | Apr | May | Jun | Jul | Aug | Sep | Oct | Nov | Dec 
2012: Jan | Feb | Mar | Apr | May | Jun | Jul | Aug | Sep | Oct | Nov | Dec 
2011: Jan | Feb | Mar | Apr | May | Jun | Jul | Aug | Sep | Oct | Nov | Dec 
2010: Jan | Feb | Mar | Apr | May | Jun | Jul | Aug | Sep | Oct | Nov | Dec 
2009: Jan | Feb | Mar | Apr | May | Jun | Jul | Aug | Sep | Oct | Nov | Dec 
2008: Jan | Feb | Mar | Apr | May | Jun | Jul | Aug | Sep | Oct | Nov | Dec 
2007: Jan | Feb | Mar | Apr | May | Jun | Jul | Aug | Sep | Oct | Nov | Dec 

Report for 2009 12
MONTHLY CLIMATOLOGICAL SUMMARY for DEC. 2009 NAME: VantagePro2 CITY: Urswick STATE: Cumbria ELEV: 128 ft LAT: 54 09' 33" N LONG: 3 07' 24" W TEMPERATURE (C), RAIN (mm), WIND SPEED (mph) HEAT COOL AVG MEAN DEG DEG WIND DOM DAY TEMP HIGH TIME LOW TIME DAYS DAYS RAIN SPEED HIGH TIME DIR ------------------------------------------------------------------------------------ 1 1.2 5.3 00:00 -4.4 2:40 17.1 0.0 3.8 2.2 17.0 17:50 S 2 6.5 9.3 13:30 4.9 6:40 10.4 0.0 1.0 1.3 16.0 0:25 S 3 6.1 7.0 14:30 4.2 22:45 12.3 0.0 2.6 5.6 23.0 8:10 NNW 4 4.6 7.9 12:15 0.5 6:50 13.7 0.0 2.0 0.7 13.0 0:20 E 5 8.1 10.2 13:55 5.3 0:05 10.2 0.0 9.8 1.8 14.0 7:20 S 6 8.9 10.3 2:40 7.0 8:55 9.4 0.0 8.8 4.1 21.0 21:15 S 7 7.4 8.9 13:15 5.6 21:05 10.9 0.0 13.0 2.7 17.0 2:50 S 8 7.8 9.7 23:45 6.3 2:50 10.5 0.0 1.4 1.8 15.0 19:35 S 9 8.9 10.8 12:50 5.3 22:45 9.4 0.0 3.2 1.6 12.0 3:45 S 10 5.8 10.3 12:55 0.7 22:55 12.5 0.0 0.4 0.5 12.0 1:15 NW 11 1.9 7.3 13:40 -0.8 23:50 16.4 0.0 0.2 0.0 3.0 9:55 E 12 1.3 7.2 13:45 -1.8 6:40 17.0 0.0 0.2 0.0 3.0 12:45 E 13 1.8 6.6 12:45 -1.5 4:25 16.5 0.0 0.2 0.1 5.0 12:10 NNE 14 2.9 6.8 22:10 -1.3 3:10 15.3 0.0 1.0 0.3 9.0 17:00 NNW 15 4.7 8.1 13:45 -0.7 21:35 13.6 0.0 0.0 0.2 6.0 12:05 NNE 16 4.8 6.6 17:05 1.8 0:55 13.4 0.0 0.2 0.9 7.0 5:50 NNE 17 1.9 4.7 1:20 -0.7 00:00 16.4 0.0 0.0 1.1 12.0 12:30 ENE 18 -1.4 1.5 13:25 -5.7 22:50 19.7 0.0 0.0 1.3 13.0 0:40 NNE 19 -2.1 4.9 17:25 -6.9 6:45 20.4 0.0 2.2 1.0 21.0 17:30 NNE 20 0.2 3.7 23:55 -5.7 5:45 18.1 0.0 6.0 3.0 28.0 13:35 NW 21 2.7 4.8 12:10 0.4 00:00 15.6 0.0 7.4 2.0 17.0 0:10 S 22 1.5 4.6 22:45 -0.3 7:00 16.8 0.0 6.4 1.3 17.0 22:15 SSW 23 2.8 6.7 13:30 -0.3 18:45 15.5 0.0 5.6 1.4 18.0 1:55 SW 24 1.0 1.9 13:25 0.2 19:45 17.3 0.0 0.4 0.1 4.0 1:25 E 25 -0.7 2.9 23:45 -4.9 8:50 19.0 0.0 1.0 0.1 5.0 23:20 N 26 3.3 6.4 12:50 -0.2 5:15 14.9 0.0 6.0 0.8 13.0 22:35 S 27 3.2 4.4 2:40 0.1 00:00 15.2 0.0 5.2 2.2 16.0 12:55 NW 28 -0.5 3.0 14:05 -3.1 6:40 18.8 0.0 0.2 0.0 4.0 11:05 ENE 29 2.1 3.9 22:05 -0.7 2:00 16.2 0.0 0.2 1.5 12.0 23:10 ENE 30 3.7 4.6 10:40 2.5 22:50 14.6 0.0 0.0 3.3 13.0 16:35 ENE 31 1.2 3.1 14:00 -3.7 00:00 17.1 0.0 0.0 0.9 12.0 0:05 NNE ------------------------------------------------------------------------------------- 3.3 10.8 9 -6.9 19 464.1 0.0 88.4 1.4 28.0 20 S Max >= 32.0: 0 Max <= 0.0: 0 Min <= 0.0: 17 Min <= -18.0: 0 Max Rain: 13.00 ON 07/12/09 Days of Rain: 26 (> .2 mm) 14 (> 2 mm) 0 (> 20 mm) Heat Base: 18.3 Cool Base: 18.3 Method: Integration