2020: Jan | Feb | Mar | Apr | May | Jun | Jul | Aug | Sep | Oct | Nov | Dec 
2019: Jan | Feb | Mar | Apr | May | Jun | Jul | Aug | Sep | Oct | Nov | Dec 
2018: Jan | Feb | Mar | Apr | May | Jun | Jul | Aug | Sep | Oct | Nov | Dec 
2017: Jan | Feb | Mar | Apr | May | Jun | Jul | Aug | Sep | Oct | Nov | Dec 
2016: Jan | Feb | Mar | Apr | May | Jun | Jul | Aug | Sep | Oct | Nov | Dec 
2015: Jan | Feb | Mar | Apr | May | Jun | Jul | Aug | Sep | Oct | Nov | Dec 
2014: Jan | Feb | Mar | Apr | May | Jun | Jul | Aug | Sep | Oct | Nov | Dec 
2013: Jan | Feb | Mar | Apr | May | Jun | Jul | Aug | Sep | Oct | Nov | Dec 
2012: Jan | Feb | Mar | Apr | May | Jun | Jul | Aug | Sep | Oct | Nov | Dec 
2011: Jan | Feb | Mar | Apr | May | Jun | Jul | Aug | Sep | Oct | Nov | Dec 
2010: Jan | Feb | Mar | Apr | May | Jun | Jul | Aug | Sep | Oct | Nov | Dec 
2009: Jan | Feb | Mar | Apr | May | Jun | Jul | Aug | Sep | Oct | Nov | Dec 
2008: Jan | Feb | Mar | Apr | May | Jun | Jul | Aug | Sep | Oct | Nov | Dec 
2007: Jan | Feb | Mar | Apr | May | Jun | Jul | Aug | Sep | Oct | Nov | Dec 

Report for 2010 01
MONTHLY CLIMATOLOGICAL SUMMARY for JAN. 2010 NAME: VantagePro2 CITY: Urswick STATE: Cumbria ELEV: 128 ft LAT: 54 09' 33" N LONG: 3 07' 24" W TEMPERATURE (C), RAIN (mm), WIND SPEED (mph) HEAT COOL AVG MEAN DEG DEG WIND DOM DAY TEMP HIGH TIME LOW TIME DAYS DAYS RAIN SPEED HIGH TIME DIR ------------------------------------------------------------------------------------ 1 -0.5 3.3 13:15 -4.2 7:00 18.8 0.0 0.0 1.0 12.0 14:10 NNW 2 1.1 3.1 12:30 -2.5 6:10 17.2 0.0 7.2 1.3 12.0 6:50 NE 3 -1.1 3.0 12:50 -4.7 23:55 19.4 0.0 0.2 0.1 4.0 0:40 E 4 -2.9 1.9 21:40 -7.1 8:15 21.2 0.0 0.0 0.0 4.0 20:55 NNE 5 -0.1 0.6 0:05 -1.5 17:55 18.3 0.0 0.0 0.7 10.0 21:10 NNE 6 -1.1 1.9 11:35 -7.9 00:00 19.4 0.0 0.2 0.9 12.0 3:10 NNE 7 -6.2 1.1 13:50 -9.6 7:40 24.5 0.0 0.0 0.0 2.0 0:50 SW 8 -4.5 2.4 12:50 -8.4 22:35 22.8 0.0 0.2 0.2 7.0 18:15 N 9 -2.2 0.7 13:45 -6.5 0:05 20.5 0.0 0.0 0.5 9.0 21:00 ENE 10 2.5 4.1 14:00 -1.1 1:10 15.8 0.0 3.0 2.6 13.0 16:05 ENE 11 1.9 2.9 0:05 1.3 7:30 16.4 0.0 7.6 1.3 9.0 0:10 E 12 2.0 2.8 12:15 1.5 2:30 16.3 0.0 0.2 1.5 11.0 20:25 E 13 0.8 1.7 12:05 -0.2 19:35 17.4 0.0 0.2 1.0 9.0 0:15 E 14 0.9 2.3 13:50 0.2 0:05 17.3 0.0 0.6 0.0 3.0 23:40 E 15 3.8 6.4 22:10 1.5 5:20 14.5 0.0 4.0 2.0 13.0 23:30 S 16 4.7 6.1 3:10 1.2 22:40 13.6 0.0 5.4 2.2 18.0 0:10 S 17 5.7 8.3 14:00 1.5 0:05 12.7 0.0 0.6 1.7 12.0 7:30 S 18 6.8 7.9 10:55 5.1 21:40 11.4 0.0 0.6 1.9 17.0 6:05 S 19 5.0 6.1 12:50 4.0 16:20 13.3 0.0 0.6 1.9 13.0 17:00 E 20 4.1 4.8 13:35 3.2 23:15 14.3 0.0 0.0 1.3 10.0 2:35 E 21 4.3 5.7 13:55 3.1 0:35 11.8 0.0 0.0 0.6 11.0 11:20 E 22 0.7 2.5 19:50 -0.3 22:40 3.1 0.0 0.0 0.0 2.0 22:50 NW 23 0.8 3.4 13:20 -2.2 6:50 17.5 0.0 0.2 0.0 4.0 12:20 N 24 2.9 4.0 14:25 1.4 19:40 15.4 0.0 0.8 0.3 6.0 15:20 NW 25 2.7 3.7 0:55 1.8 23:50 15.6 0.0 0.0 0.2 6.0 7:45 ENE 26 2.6 4.2 13:20 1.3 4:55 15.7 0.0 0.0 0.0 4.0 13:10 S 27 5.7 8.1 15:25 2.9 0:10 12.6 0.0 1.0 4.7 30.0 15:05 NW 28 5.1 7.0 13:45 2.2 1:25 13.3 0.0 2.8 3.1 17.0 15:00 NW 29 2.4 5.5 0:05 -0.4 00:00 15.8 0.0 0.8 4.1 18.0 14:50 NNW 30 -0.5 3.9 14:15 -3.7 20:35 18.8 0.0 0.0 1.6 12.0 15:10 NW 31 -0.1 4.6 12:35 -3.3 1:30 18.4 0.0 0.0 1.4 13.0 23:45 NW ------------------------------------------------------------------------------------- 1.5 8.3 17 -9.6 7 503.0 0.0 36.2 1.2 30.0 27 E Max >= 32.0: 0 Max <= 0.0: 0 Min <= 0.0: 16 Min <= -18.0: 0 Max Rain: 7.59 ON 11/01/10 Days of Rain: 19 (> .2 mm) 6 (> 2 mm) 0 (> 20 mm) Heat Base: 18.3 Cool Base: 18.3 Method: Integration