2020: Jan | Feb | Mar | Apr | May | Jun | Jul | Aug | Sep | Oct | Nov | Dec 
2019: Jan | Feb | Mar | Apr | May | Jun | Jul | Aug | Sep | Oct | Nov | Dec 
2018: Jan | Feb | Mar | Apr | May | Jun | Jul | Aug | Sep | Oct | Nov | Dec 
2017: Jan | Feb | Mar | Apr | May | Jun | Jul | Aug | Sep | Oct | Nov | Dec 
2016: Jan | Feb | Mar | Apr | May | Jun | Jul | Aug | Sep | Oct | Nov | Dec 
2015: Jan | Feb | Mar | Apr | May | Jun | Jul | Aug | Sep | Oct | Nov | Dec 
2014: Jan | Feb | Mar | Apr | May | Jun | Jul | Aug | Sep | Oct | Nov | Dec 
2013: Jan | Feb | Mar | Apr | May | Jun | Jul | Aug | Sep | Oct | Nov | Dec 
2012: Jan | Feb | Mar | Apr | May | Jun | Jul | Aug | Sep | Oct | Nov | Dec 
2011: Jan | Feb | Mar | Apr | May | Jun | Jul | Aug | Sep | Oct | Nov | Dec 
2010: Jan | Feb | Mar | Apr | May | Jun | Jul | Aug | Sep | Oct | Nov | Dec 
2009: Jan | Feb | Mar | Apr | May | Jun | Jul | Aug | Sep | Oct | Nov | Dec 
2008: Jan | Feb | Mar | Apr | May | Jun | Jul | Aug | Sep | Oct | Nov | Dec 
2007: Jan | Feb | Mar | Apr | May | Jun | Jul | Aug | Sep | Oct | Nov | Dec 

Report for 2010 02
MONTHLY CLIMATOLOGICAL SUMMARY for FEB. 2010 NAME: VantagePro2 CITY: Urswick STATE: Cumbria ELEV: 128 ft LAT: 54 09' 33" N LONG: 3 07' 24" W TEMPERATURE (C), RAIN (mm), WIND SPEED (mph) HEAT COOL AVG MEAN DEG DEG WIND DOM DAY TEMP HIGH TIME LOW TIME DAYS DAYS RAIN SPEED HIGH TIME DIR ------------------------------------------------------------------------------------ 1 1.8 5.8 23:25 -4.1 5:50 16.5 0.0 3.8 1.7 17.0 00:00 SSW 2 3.9 7.8 13:55 -2.7 00:00 14.4 0.0 1.8 2.4 17.0 2:40 NW 3 -0.7 2.0 15:20 -3.9 4:55 19.0 0.0 1.2 0.2 7.0 15:35 E 4 3.7 5.8 23:40 1.1 0:10 14.6 0.0 0.8 0.8 7.0 19:05 E 5 5.7 7.8 13:45 2.8 23:55 12.6 0.0 1.4 0.4 7.0 0:35 E 6 2.6 7.4 11:50 0.1 6:10 15.7 0.0 0.0 0.2 7.0 12:30 S 7 1.4 3.9 15:15 -1.3 8:15 16.9 0.0 0.2 0.1 4.0 2:55 E 8 2.7 4.8 12:15 1.1 8:30 15.6 0.0 0.0 0.8 11.0 15:20 ENE 9 2.4 6.6 14:05 -2.0 23:15 15.9 0.0 0.0 1.3 13.0 10:10 NNE 10 1.8 5.7 14:20 -2.1 0:10 16.5 0.0 0.0 1.4 14.0 14:25 NNE 11 -0.3 6.7 14:15 -5.9 7:35 18.7 0.0 0.0 0.2 9.0 14:55 WNW 12 3.8 8.2 13:45 0.7 0:05 14.5 0.0 0.0 0.7 9.0 8:55 NNE 13 2.5 7.2 12:55 -2.4 7:40 15.8 0.0 0.0 0.5 10.0 12:15 NNE 14 1.1 4.1 13:10 -3.6 6:20 17.2 0.0 0.6 0.0 3.0 0:30 S 15 4.2 6.2 11:40 3.1 0:10 14.1 0.0 3.4 0.9 12.0 14:00 S 16 1.7 5.2 13:15 -0.8 5:50 16.6 0.0 3.8 0.3 9.0 15:25 S 17 0.6 6.1 13:25 -2.8 6:25 17.8 0.0 0.2 0.1 4.0 13:55 E 18 1.8 4.3 12:40 -0.3 0:05 16.5 0.0 0.0 0.0 4.0 10:15 E 19 -0.2 5.6 14:30 -4.9 7:30 18.5 0.0 0.2 0.8 11.0 16:05 NW 20 -1.4 3.7 11:40 -5.7 7:05 19.7 0.0 0.0 0.2 6.0 12:15 S 21 -0.1 1.8 13:35 -4.1 23:55 18.4 0.0 3.8 0.1 5.0 3:45 ENE 22 -0.9 4.7 14:20 -5.4 2:00 19.2 0.0 1.6 0.5 9.0 15:10 ENE 23 0.1 3.2 13:45 -5.3 2:05 18.2 0.0 1.6 1.5 12.0 20:00 E 24 2.9 5.1 13:05 0.8 1:55 15.4 0.0 4.6 0.7 10.0 0:45 E 25 5.1 6.7 14:00 3.6 0:05 13.2 0.0 2.0 0.2 5.0 9:20 E 26 3.6 5.1 10:25 1.6 20:50 14.7 0.0 11.0 0.8 12.0 15:15 NW 27 3.3 6.9 14:10 0.8 3:25 15.0 0.0 0.0 0.8 6.0 13:00 ENE 28 3.8 5.8 14:15 1.8 6:55 14.5 0.0 0.0 1.5 15.0 16:00 ENE ------------------------------------------------------------------------------------- 2.0 8.2 12 -5.9 11 455.6 0.0 42.0 0.7 17.0 1 E Max >= 32.0: 0 Max <= 0.0: 0 Min <= 0.0: 17 Min <= -18.0: 0 Max Rain: 11.00 ON 26/02/10 Days of Rain: 17 (> .2 mm) 7 (> 2 mm) 0 (> 20 mm) Heat Base: 18.3 Cool Base: 18.3 Method: Integration