2020: Jan | Feb | Mar | Apr | May | Jun | Jul | Aug | Sep | Oct | Nov | Dec 
2019: Jan | Feb | Mar | Apr | May | Jun | Jul | Aug | Sep | Oct | Nov | Dec 
2018: Jan | Feb | Mar | Apr | May | Jun | Jul | Aug | Sep | Oct | Nov | Dec 
2017: Jan | Feb | Mar | Apr | May | Jun | Jul | Aug | Sep | Oct | Nov | Dec 
2016: Jan | Feb | Mar | Apr | May | Jun | Jul | Aug | Sep | Oct | Nov | Dec 
2015: Jan | Feb | Mar | Apr | May | Jun | Jul | Aug | Sep | Oct | Nov | Dec 
2014: Jan | Feb | Mar | Apr | May | Jun | Jul | Aug | Sep | Oct | Nov | Dec 
2013: Jan | Feb | Mar | Apr | May | Jun | Jul | Aug | Sep | Oct | Nov | Dec 
2012: Jan | Feb | Mar | Apr | May | Jun | Jul | Aug | Sep | Oct | Nov | Dec 
2011: Jan | Feb | Mar | Apr | May | Jun | Jul | Aug | Sep | Oct | Nov | Dec 
2010: Jan | Feb | Mar | Apr | May | Jun | Jul | Aug | Sep | Oct | Nov | Dec 
2009: Jan | Feb | Mar | Apr | May | Jun | Jul | Aug | Sep | Oct | Nov | Dec 
2008: Jan | Feb | Mar | Apr | May | Jun | Jul | Aug | Sep | Oct | Nov | Dec 
2007: Jan | Feb | Mar | Apr | May | Jun | Jul | Aug | Sep | Oct | Nov | Dec 

Report for 2010 03
MONTHLY CLIMATOLOGICAL SUMMARY for MAR. 2010 NAME: VantagePro2 CITY: Urswick STATE: Cumbria ELEV: 128 ft LAT: 54 09' 33" N LONG: 3 07' 24" W TEMPERATURE (C), RAIN (mm), WIND SPEED (mph) HEAT COOL AVG MEAN DEG DEG WIND DOM DAY TEMP HIGH TIME LOW TIME DAYS DAYS RAIN SPEED HIGH TIME DIR ------------------------------------------------------------------------------------ 1 2.4 7.6 14:25 -1.8 22:20 15.9 0.0 0.0 0.5 10.0 10:55 NW 2 2.6 8.6 14:40 -1.3 7:15 15.7 0.0 0.2 0.2 4.0 11:10 E 3 3.1 6.8 14:50 -0.3 7:05 15.2 0.0 0.0 0.8 7.0 19:20 E 4 1.4 7.9 13:15 -3.3 7:10 16.8 0.0 0.0 0.7 12.0 15:50 NW 5 2.4 8.3 14:30 -5.0 6:55 15.9 0.0 0.0 2.5 18.0 14:15 NW 6 4.6 10.2 12:20 -0.7 4:25 13.7 0.0 0.0 0.2 7.0 0:35 E 7 0.7 6.6 14:55 -3.2 22:30 17.6 0.0 0.0 0.1 7.0 12:00 S 8 0.7 9.9 14:45 -5.8 7:15 17.6 0.0 0.0 0.1 4.0 12:30 E 9 4.1 11.2 13:00 -2.7 2:20 14.3 0.0 0.0 0.2 6.0 15:30 E 10 3.2 11.3 13:40 -2.2 23:50 15.2 0.0 0.0 0.5 10.0 15:35 E 11 3.3 10.5 12:05 -4.3 7:00 15.0 0.0 0.0 1.5 16.0 14:55 NW 12 6.7 10.9 13:10 1.7 7:25 11.6 0.0 0.0 2.0 16.0 9:40 NNE 13 4.6 10.3 12:30 -2.7 6:10 13.7 0.0 0.2 3.5 18.0 15:15 NW 14 7.6 11.3 13:40 4.9 2:55 10.7 0.0 0.0 5.7 22.0 15:40 NW 15 6.8 9.7 13:45 4.7 5:50 11.5 0.0 0.0 3.2 18.0 12:35 NW 16 5.8 10.3 13:20 1.8 7:05 12.5 0.0 0.0 0.7 10.0 11:05 S 17 7.6 10.7 14:45 2.7 0:40 10.7 0.0 1.6 2.3 18.0 10:30 S 18 9.6 14.0 12:55 7.7 4:15 8.7 0.0 2.6 2.6 20.0 20:35 S 19 8.6 11.1 11:40 6.4 23:45 9.8 0.0 1.0 3.0 19.0 2:05 S 20 6.0 9.7 16:45 0.0 00:00 12.3 0.0 7.0 1.3 11.0 16:15 ENE 21 5.2 9.4 12:00 -1.1 3:35 13.1 0.0 4.2 0.9 13.0 10:35 S 22 7.7 9.9 15:30 4.6 23:40 10.6 0.0 3.0 2.8 16.0 7:00 S 23 6.9 11.5 13:30 2.1 3:10 11.4 0.0 4.6 0.8 12.0 14:25 S 24 8.9 10.9 14:40 7.4 21:05 9.4 0.0 2.2 1.3 13.0 15:45 S 25 10.0 13.1 15:45 7.6 0:50 7.3 0.0 1.4 0.4 6.0 16:55 E 26 8.9 10.7 14:55 7.4 21:50 5.2 0.0 0.0 1.0 13.0 14:25 S 27 7.8 11.3 13:40 4.6 6:00 10.5 0.0 0.0 3.2 15.0 11:05 SSW 28 6.9 10.1 13:10 2.8 23:10 10.9 0.0 0.0 3.1 19.0 11:25 W 29 5.0 8.5 00:00 1.9 3:50 13.3 0.0 17.0 1.2 11.0 16:00 ENE 30 8.1 10.8 16:55 5.2 22:05 10.3 0.0 8.4 1.0 12.0 17:25 E 31 3.7 5.4 0:25 2.7 8:00 14.6 0.0 2.8 8.7 27.0 13:35 NW ------------------------------------------------------------------------------------- 5.5 14.0 18 -5.8 8 390.9 0.0 56.2 1.8 27.0 31 S Max >= 32.0: 0 Max <= 0.0: 0 Min <= 0.0: 14 Min <= -18.0: 0 Max Rain: 16.99 ON 29/03/10 Days of Rain: 14 (> .2 mm) 9 (> 2 mm) 0 (> 20 mm) Heat Base: 18.3 Cool Base: 18.3 Method: Integration