2020: Jan | Feb | Mar | Apr | May | Jun | Jul | Aug | Sep | Oct | Nov | Dec 
2019: Jan | Feb | Mar | Apr | May | Jun | Jul | Aug | Sep | Oct | Nov | Dec 
2018: Jan | Feb | Mar | Apr | May | Jun | Jul | Aug | Sep | Oct | Nov | Dec 
2017: Jan | Feb | Mar | Apr | May | Jun | Jul | Aug | Sep | Oct | Nov | Dec 
2016: Jan | Feb | Mar | Apr | May | Jun | Jul | Aug | Sep | Oct | Nov | Dec 
2015: Jan | Feb | Mar | Apr | May | Jun | Jul | Aug | Sep | Oct | Nov | Dec 
2014: Jan | Feb | Mar | Apr | May | Jun | Jul | Aug | Sep | Oct | Nov | Dec 
2013: Jan | Feb | Mar | Apr | May | Jun | Jul | Aug | Sep | Oct | Nov | Dec 
2012: Jan | Feb | Mar | Apr | May | Jun | Jul | Aug | Sep | Oct | Nov | Dec 
2011: Jan | Feb | Mar | Apr | May | Jun | Jul | Aug | Sep | Oct | Nov | Dec 
2010: Jan | Feb | Mar | Apr | May | Jun | Jul | Aug | Sep | Oct | Nov | Dec 
2009: Jan | Feb | Mar | Apr | May | Jun | Jul | Aug | Sep | Oct | Nov | Dec 
2008: Jan | Feb | Mar | Apr | May | Jun | Jul | Aug | Sep | Oct | Nov | Dec 
2007: Jan | Feb | Mar | Apr | May | Jun | Jul | Aug | Sep | Oct | Nov | Dec 

Report for 2010 04
MONTHLY CLIMATOLOGICAL SUMMARY for APR. 2010 NAME: VantagePro2 CITY: Urswick STATE: Cumbria ELEV: 128 ft LAT: 54 09' 33" N LONG: 3 07' 24" W TEMPERATURE (C), RAIN (mm), WIND SPEED (mph) HEAT COOL AVG MEAN DEG DEG WIND DOM DAY TEMP HIGH TIME LOW TIME DAYS DAYS RAIN SPEED HIGH TIME DIR ------------------------------------------------------------------------------------ 1 5.1 8.1 14:10 2.0 22:20 13.2 0.0 0.6 5.6 25.0 3:15 NW 2 5.8 9.2 15:25 2.9 5:05 12.5 0.0 2.2 0.9 9.0 15:40 E 3 6.2 11.4 14:55 1.0 23:20 12.1 0.0 0.2 0.6 10.0 13:10 S 4 6.4 9.4 14:35 1.7 0:05 11.9 0.0 0.0 4.5 22.0 11:20 NW 5 8.1 10.9 16:30 5.2 3:15 10.2 0.0 16.0 3.8 17.0 11:50 S 6 8.9 10.6 15:35 7.0 23:35 9.4 0.0 7.0 2.7 17.0 2:10 S 7 7.1 11.7 15:05 2.2 4:55 11.2 0.0 0.2 2.3 18.0 16:30 NW 8 6.3 9.9 17:55 0.4 6:10 12.0 0.0 0.0 1.3 11.0 11:50 NW 9 9.2 14.1 15:45 5.0 5:30 9.1 0.0 0.0 0.4 7.0 16:00 S 10 10.0 17.1 14:35 3.4 5:00 8.3 0.0 0.0 0.4 6.0 14:40 NW 11 11.4 17.7 15:25 5.7 5:50 6.9 0.0 0.0 0.4 9.0 13:25 E 12 9.0 14.5 15:20 1.7 6:35 9.3 0.0 0.0 1.2 12.0 14:00 NW 13 8.3 12.8 16:00 3.3 7:05 10.0 0.0 0.0 0.8 9.0 15:40 ENE 14 8.8 15.6 14:05 3.8 6:40 9.5 0.0 0.0 1.3 11.0 10:25 ENE 15 7.3 14.3 14:55 1.3 5:45 11.0 0.0 0.0 0.8 9.0 15:25 ENE 16 7.1 13.2 12:40 0.9 6:55 8.6 0.0 0.0 2.0 14.0 14:40 NW 17 3.8 4.8 21:40 3.0 00:00 1.5 0.0 0.0 0.0 1.0 22:15 NW 18 7.8 13.5 15:15 2.8 0:40 10.5 0.0 0.0 1.0 12.0 17:25 NW 19 6.4 11.2 14:20 0.4 23:50 11.8 0.0 0.6 1.6 19.0 17:00 ENE 20 7.2 10.7 13:55 0.6 0:05 11.1 0.0 0.0 7.5 25.0 6:30 NW 21 5.3 9.9 15:40 -0.6 6:30 13.0 0.0 0.0 3.4 20.0 16:05 NW 22 5.6 11.6 15:25 -1.7 5:25 12.7 0.0 0.0 1.4 13.0 13:25 NW 23 7.7 13.2 14:15 1.8 2:40 10.6 0.0 0.0 0.6 10.0 13:55 S 24 11.8 19.1 16:30 3.5 5:40 6.5 0.1 0.0 0.4 9.0 13:10 S 25 10.9 14.6 16:05 7.2 0:45 7.3 0.0 2.4 1.7 14.0 14:30 S 26 11.5 15.0 14:05 8.3 5:45 6.8 0.0 0.8 1.5 14.0 13:45 NW 27 11.7 15.3 16:15 7.4 1:15 6.6 0.0 0.0 0.8 9.0 11:55 S 28 12.8 18.2 14:10 8.4 5:10 5.4 0.0 0.0 2.1 19.0 22:05 S 29 10.8 13.2 16:20 8.0 21:35 7.5 0.0 0.0 1.7 19.0 1:30 SSW 30 10.4 12.9 15:55 7.8 4:45 6.0 0.0 0.0 1.6 14.0 11:15 SSW ------------------------------------------------------------------------------------- 8.3 19.1 24 -1.7 22 282.7 0.1 30.0 1.8 25.0 1 S Max >= 32.0: 0 Max <= 0.0: 0 Min <= 0.0: 2 Min <= -18.0: 0 Max Rain: 16.00 ON 05/04/10 Days of Rain: 9 (> .2 mm) 4 (> 2 mm) 0 (> 20 mm) Heat Base: 18.3 Cool Base: 18.3 Method: Integration