2020: Jan | Feb | Mar | Apr | May | Jun | Jul | Aug | Sep | Oct | Nov | Dec 
2019: Jan | Feb | Mar | Apr | May | Jun | Jul | Aug | Sep | Oct | Nov | Dec 
2018: Jan | Feb | Mar | Apr | May | Jun | Jul | Aug | Sep | Oct | Nov | Dec 
2017: Jan | Feb | Mar | Apr | May | Jun | Jul | Aug | Sep | Oct | Nov | Dec 
2016: Jan | Feb | Mar | Apr | May | Jun | Jul | Aug | Sep | Oct | Nov | Dec 
2015: Jan | Feb | Mar | Apr | May | Jun | Jul | Aug | Sep | Oct | Nov | Dec 
2014: Jan | Feb | Mar | Apr | May | Jun | Jul | Aug | Sep | Oct | Nov | Dec 
2013: Jan | Feb | Mar | Apr | May | Jun | Jul | Aug | Sep | Oct | Nov | Dec 
2012: Jan | Feb | Mar | Apr | May | Jun | Jul | Aug | Sep | Oct | Nov | Dec 
2011: Jan | Feb | Mar | Apr | May | Jun | Jul | Aug | Sep | Oct | Nov | Dec 
2010: Jan | Feb | Mar | Apr | May | Jun | Jul | Aug | Sep | Oct | Nov | Dec 
2009: Jan | Feb | Mar | Apr | May | Jun | Jul | Aug | Sep | Oct | Nov | Dec 
2008: Jan | Feb | Mar | Apr | May | Jun | Jul | Aug | Sep | Oct | Nov | Dec 
2007: Jan | Feb | Mar | Apr | May | Jun | Jul | Aug | Sep | Oct | Nov | Dec 

Report for 2010 05
MONTHLY CLIMATOLOGICAL SUMMARY for MAY. 2010 NAME: VantagePro2 CITY: Urswick STATE: Cumbria ELEV: 128 ft LAT: 54 09' 33" N LONG: 3 07' 24" W TEMPERATURE (C), RAIN (mm), WIND SPEED (mph) HEAT COOL AVG MEAN DEG DEG WIND DOM DAY TEMP HIGH TIME LOW TIME DAYS DAYS RAIN SPEED HIGH TIME DIR ------------------------------------------------------------------------------------ 1 2 3 4 5 10.6 10.7 22:00 10.4 23:30 0.7 0.0 0.2 0.0 1.0 22:05 NW 6 10.9 15.0 15:40 6.3 23:50 7.4 0.0 1.4 0.6 9.0 14:25 ENE 7 8.9 14.9 15:30 3.1 5:20 9.4 0.0 0.2 1.4 11.0 11:25 NE 8 10.0 15.9 14:25 4.8 22:10 8.3 0.0 0.0 1.3 15.0 18:05 NE 9 8.6 13.9 12:20 0.5 5:20 9.7 0.0 0.0 0.9 11.0 14:55 NW 10 6.7 11.2 13:20 4.4 8:30 11.6 0.0 1.6 0.5 10.0 14:15 NE 11 6.3 12.0 13:55 -0.3 5:35 12.0 0.0 0.0 1.6 16.0 12:45 NW 12 6.2 11.6 12:45 -0.4 4:30 12.1 0.0 0.0 0.3 6.0 15:45 ENE 13 7.3 13.3 14:15 -0.4 5:05 11.0 0.0 0.0 1.7 13.0 19:50 S 14 8.5 12.9 17:35 3.9 23:45 9.8 0.0 5.4 1.4 11.0 0:20 S 15 8.9 14.0 14:55 1.4 5:45 9.4 0.0 0.0 2.1 15.0 15:35 NW 16 10.1 13.4 14:25 7.6 5:00 8.3 0.0 2.0 4.2 18.0 17:20 NW 17 10.4 14.1 14:00 4.9 23:15 7.9 0.0 0.0 2.7 15.0 13:30 NW 18 10.7 17.7 14:30 2.8 5:05 7.6 0.0 0.0 0.6 9.0 13:20 S 19 12.7 15.7 14:45 8.9 0:15 5.6 0.0 0.8 0.4 6.0 13:00 S 20 13.7 18.0 14:50 10.4 00:00 4.6 0.0 0.0 1.3 11.0 15:00 NW 21 15.7 22.5 15:15 8.7 2:05 3.5 0.9 0.2 0.6 10.0 16:45 NW 22 18.3 25.6 13:50 11.3 5:20 2.2 2.3 0.0 0.7 11.0 15:25 NW 23 16.6 23.1 13:15 10.2 4:20 2.9 1.2 0.0 1.0 12.0 16:05 NW 24 15.1 19.3 17:05 9.5 00:00 3.3 0.1 0.0 2.5 14.0 15:05 NW 25 12.4 17.8 16:30 8.2 3:35 5.9 0.0 0.0 0.6 5.0 7:35 ENE 26 10.5 15.2 16:05 4.7 23:25 7.8 0.0 0.0 0.9 12.0 16:45 NW 27 8.7 13.3 14:35 2.7 3:40 9.7 0.0 2.0 2.7 18.0 13:25 NW 28 10.0 14.4 16:35 4.7 5:30 8.3 0.0 0.2 2.3 16.0 9:10 NW 29 9.4 11.9 11:45 5.1 0:10 8.9 0.0 4.2 0.4 7.0 19:30 ENE 30 11.4 15.0 18:50 7.2 22:30 6.9 0.0 0.0 5.0 23.0 14:40 NW 31 13.4 19.3 15:00 6.1 2:25 4.9 0.0 0.0 0.5 10.0 12:50 S ------------------------------------------------------------------------------------- 10.8 25.6 22 -0.4 12 199.7 4.5 18.2 1.4 23.0 30 NW Max >= 32.0: 0 Max <= 0.0: 0 Min <= 0.0: 3 Min <= -18.0: 0 Max Rain: 5.41 ON 14/05/10 Days of Rain: 11 (> .2 mm) 4 (> 2 mm) 0 (> 20 mm) Heat Base: 18.3 Cool Base: 18.3 Method: Integration