2020: Jan | Feb | Mar | Apr | May | Jun | Jul | Aug | Sep | Oct | Nov | Dec 
2019: Jan | Feb | Mar | Apr | May | Jun | Jul | Aug | Sep | Oct | Nov | Dec 
2018: Jan | Feb | Mar | Apr | May | Jun | Jul | Aug | Sep | Oct | Nov | Dec 
2017: Jan | Feb | Mar | Apr | May | Jun | Jul | Aug | Sep | Oct | Nov | Dec 
2016: Jan | Feb | Mar | Apr | May | Jun | Jul | Aug | Sep | Oct | Nov | Dec 
2015: Jan | Feb | Mar | Apr | May | Jun | Jul | Aug | Sep | Oct | Nov | Dec 
2014: Jan | Feb | Mar | Apr | May | Jun | Jul | Aug | Sep | Oct | Nov | Dec 
2013: Jan | Feb | Mar | Apr | May | Jun | Jul | Aug | Sep | Oct | Nov | Dec 
2012: Jan | Feb | Mar | Apr | May | Jun | Jul | Aug | Sep | Oct | Nov | Dec 
2011: Jan | Feb | Mar | Apr | May | Jun | Jul | Aug | Sep | Oct | Nov | Dec 
2010: Jan | Feb | Mar | Apr | May | Jun | Jul | Aug | Sep | Oct | Nov | Dec 
2009: Jan | Feb | Mar | Apr | May | Jun | Jul | Aug | Sep | Oct | Nov | Dec 
2008: Jan | Feb | Mar | Apr | May | Jun | Jul | Aug | Sep | Oct | Nov | Dec 
2007: Jan | Feb | Mar | Apr | May | Jun | Jul | Aug | Sep | Oct | Nov | Dec 

Report for 2010 06
MONTHLY CLIMATOLOGICAL SUMMARY for JUN. 2010 NAME: VantagePro2 CITY: Urswick STATE: Cumbria ELEV: 128 ft LAT: 54 09' 33" N LONG: 3 07' 24" W TEMPERATURE (C), RAIN (mm), WIND SPEED (mph) HEAT COOL AVG MEAN DEG DEG WIND DOM DAY TEMP HIGH TIME LOW TIME DAYS DAYS RAIN SPEED HIGH TIME DIR ------------------------------------------------------------------------------------ 1 12.7 15.0 20:30 8.1 00:00 5.6 0.0 7.8 0.2 6.0 16:45 S 2 13.1 19.6 15:15 5.9 2:35 5.3 0.1 0.0 0.6 9.0 15:20 NW 3 17.1 25.5 16:35 7.3 5:05 3.3 2.1 0.0 0.2 6.0 19:50 ENE 4 17.6 24.6 16:55 12.1 5:15 1.8 1.2 0.0 0.8 9.0 17:55 S 5 6 14.2 18.2 13:50 11.2 3:00 4.0 0.0 7.6 0.7 11.0 14:25 NW 7 14.9 19.6 17:00 12.3 3:55 3.4 0.0 0.2 0.7 7.0 2:50 NW 8 14.6 18.4 13:40 12.3 23:25 3.7 0.0 5.0 0.2 5.0 13:05 ENE 9 13.3 15.3 18:10 11.4 22:55 5.0 0.0 0.2 1.2 11.0 18:55 NNE 10 13.9 18.5 13:55 8.9 00:00 4.4 0.0 0.0 1.0 11.0 0:20 NNE 11 12.0 16.9 16:30 4.8 4:30 6.3 0.0 0.0 3.2 18.0 12:55 NW 12 13.6 17.3 13:25 9.6 5:10 4.7 0.0 0.0 3.4 16.0 15:30 NNW 13 12.5 14.7 18:00 10.2 4:55 5.8 0.0 4.2 0.9 10.0 1:35 NW 14 13.1 18.4 14:35 7.3 00:00 5.2 0.0 0.0 0.4 9.0 15:10 NNE 15 12.9 17.7 14:25 6.0 3:00 5.4 0.0 0.0 1.6 13.0 15:20 NW 16 15.4 20.9 16:55 7.0 5:00 3.4 0.5 0.0 1.1 13.0 17:45 NW 17 17.5 22.9 17:40 9.8 5:35 2.1 1.4 0.0 1.3 14.0 13:50 NW 18 16.3 21.5 15:20 12.8 3:35 2.2 0.2 0.0 0.5 10.0 18:00 NW 19 13.1 19.4 15:30 8.6 5:30 5.2 0.0 0.0 1.6 14.0 16:20 N 20 12.3 17.5 15:55 5.9 5:40 6.0 0.0 0.0 1.8 15.0 17:25 NW 21 14.8 21.3 14:20 7.3 3:50 4.0 0.5 0.0 1.1 10.0 11:20 NW 22 14.6 21.3 15:25 6.8 4:45 4.1 0.4 0.0 1.0 13.0 16:10 NW 23 15.9 18.6 15:50 11.2 0:05 2.4 0.0 0.0 1.6 13.0 11:05 S 24 16.4 19.5 16:20 14.3 5:50 2.0 0.1 0.0 1.8 13.0 14:50 NW 25 17.2 22.9 16:10 12.3 00:00 2.1 1.0 0.0 0.7 9.0 13:15 S 26 18.6 23.8 17:45 11.2 1:50 1.6 1.9 0.0 1.0 12.0 13:10 NW 27 17.5 22.1 14:35 11.4 5:10 1.8 1.0 0.0 1.6 13.0 11:40 S 28 16.4 20.6 13:35 13.4 5:25 2.1 0.3 7.0 1.0 13.0 13:20 SSE 29 16.6 19.6 14:55 14.1 23:35 1.8 0.1 8.0 2.5 14.0 13:40 NW 30 17.8 23.9 14:45 11.6 4:35 2.0 1.5 0.0 0.3 6.0 19:50 S ------------------------------------------------------------------------------------- 15.0 25.5 3 4.8 11 106.8 12.4 40.0 1.2 18.0 11 NW Max >= 32.0: 0 Max <= 0.0: 0 Min <= 0.0: 0 Min <= -18.0: 0 Max Rain: 8.00 ON 29/06/10 Days of Rain: 8 (> .2 mm) 6 (> 2 mm) 0 (> 20 mm) Heat Base: 18.3 Cool Base: 18.3 Method: Integration