2020: Jan | Feb | Mar | Apr | May | Jun | Jul | Aug | Sep | Oct | Nov | Dec 
2019: Jan | Feb | Mar | Apr | May | Jun | Jul | Aug | Sep | Oct | Nov | Dec 
2018: Jan | Feb | Mar | Apr | May | Jun | Jul | Aug | Sep | Oct | Nov | Dec 
2017: Jan | Feb | Mar | Apr | May | Jun | Jul | Aug | Sep | Oct | Nov | Dec 
2016: Jan | Feb | Mar | Apr | May | Jun | Jul | Aug | Sep | Oct | Nov | Dec 
2015: Jan | Feb | Mar | Apr | May | Jun | Jul | Aug | Sep | Oct | Nov | Dec 
2014: Jan | Feb | Mar | Apr | May | Jun | Jul | Aug | Sep | Oct | Nov | Dec 
2013: Jan | Feb | Mar | Apr | May | Jun | Jul | Aug | Sep | Oct | Nov | Dec 
2012: Jan | Feb | Mar | Apr | May | Jun | Jul | Aug | Sep | Oct | Nov | Dec 
2011: Jan | Feb | Mar | Apr | May | Jun | Jul | Aug | Sep | Oct | Nov | Dec 
2010: Jan | Feb | Mar | Apr | May | Jun | Jul | Aug | Sep | Oct | Nov | Dec 
2009: Jan | Feb | Mar | Apr | May | Jun | Jul | Aug | Sep | Oct | Nov | Dec 
2008: Jan | Feb | Mar | Apr | May | Jun | Jul | Aug | Sep | Oct | Nov | Dec 
2007: Jan | Feb | Mar | Apr | May | Jun | Jul | Aug | Sep | Oct | Nov | Dec 

Report for 2010 07
MONTHLY CLIMATOLOGICAL SUMMARY for JUL. 2010 NAME: VantagePro2 CITY: Urswick STATE: Cumbria ELEV: 128 ft LAT: 54 09' 33" N LONG: 3 07' 24" W TEMPERATURE (C), RAIN (mm), WIND SPEED (mph) HEAT COOL AVG MEAN DEG DEG WIND DOM DAY TEMP HIGH TIME LOW TIME DAYS DAYS RAIN SPEED HIGH TIME DIR ------------------------------------------------------------------------------------ 1 17.5 20.3 15:25 15.5 00:00 1.1 0.3 8.6 0.9 12.0 15:35 SSE 2 16.5 20.8 15:20 13.0 3:50 2.1 0.3 4.4 2.0 14.0 10:30 SSE 3 16.4 19.7 15:30 14.2 5:05 2.1 0.2 0.0 1.7 13.0 1:45 S 4 15.9 18.9 16:45 14.2 6:00 2.4 0.0 1.2 3.1 22.0 12:10 S 5 14.8 17.8 15:30 12.1 23:05 3.5 0.0 0.0 2.6 17.0 11:35 NW 6 14.3 18.8 13:40 8.6 4:30 3.9 0.0 0.0 1.0 12.0 19:20 SSE 7 16.3 17.9 11:20 14.4 7:10 2.0 0.0 3.2 3.0 20.0 3:10 S 8 15.8 18.3 13:00 13.3 00:00 2.5 0.0 0.8 1.1 11.0 16:25 S 9 15.4 18.6 16:10 13.0 1:05 2.9 0.0 3.8 0.9 16.0 14:15 SSE 10 17.7 19.2 16:10 15.6 0:20 0.7 0.1 3.0 0.6 12.0 4:05 SSE 11 15.5 17.7 0:05 12.5 23:50 2.8 0.0 1.2 2.2 17.0 14:00 SSW 12 14.8 19.8 15:20 11.3 4:45 3.5 0.0 0.0 0.0 4.0 11:35 E 13 13.4 19.3 13:45 8.2 3:55 4.9 0.0 7.0 0.5 7.0 15:00 E 14 15.9 21.3 16:55 12.5 0:05 2.7 0.2 12.2 0.3 9.0 12:05 S 15 15.6 17.9 14:40 13.3 23:25 2.8 0.0 4.0 2.2 21.0 15:55 S 16 14.8 17.3 15:20 12.6 5:55 3.5 0.0 7.8 4.0 28.0 4:20 S 17 14.3 16.5 15:20 12.2 6:10 4.0 0.0 1.2 2.4 17.0 11:35 SSW 18 15.6 17.3 18:00 13.0 4:20 2.7 0.0 10.6 3.1 18.0 15:15 SSE 19 16.1 18.6 13:20 14.8 6:25 2.2 0.0 24.0 1.1 13.0 0:45 SSE 20 15.0 16.1 15:30 13.0 5:10 3.3 0.0 9.6 0.1 6.0 4:50 SSE 21 15.6 19.1 16:10 13.2 00:00 2.8 0.1 4.2 1.1 11.0 2:55 S 22 14.4 19.4 14:15 11.1 2:10 3.9 0.0 0.4 0.4 5.0 7:55 NE 23 14.3 18.8 15:20 10.2 23:45 4.0 0.0 0.2 0.5 11.0 17:45 NW 24 14.5 17.9 11:35 10.2 0:40 3.8 0.0 7.4 0.9 10.0 10:15 SSE 25 15.5 16.8 11:50 14.3 8:00 2.8 0.0 0.2 1.3 13.0 11:15 NW 26 16.7 19.4 16:15 15.0 1:25 1.6 0.0 0.4 1.6 13.0 9:25 NW 27 16.1 17.8 18:25 12.2 22:50 2.2 0.0 0.6 0.7 11.0 14:35 NW 28 15.2 17.8 16:50 13.2 0:05 3.1 0.0 1.4 1.9 14.0 14:40 NW 29 14.8 17.7 11:40 13.3 3:50 3.5 0.0 0.2 2.6 15.0 13:40 NW 30 14.9 16.9 10:45 12.4 4:20 3.4 0.0 5.4 1.2 14.0 21:05 SSE 31 14.9 16.7 13:30 13.1 0:10 3.4 0.0 0.0 1.2 13.0 14:10 S ------------------------------------------------------------------------------------- 15.4 21.3 14 8.2 13 90.3 1.4 123.0 1.5 28.0 16 S Max >= 32.0: 0 Max <= 0.0: 0 Min <= 0.0: 0 Min <= -18.0: 0 Max Rain: 24.00 ON 19/07/10 Days of Rain: 26 (> .2 mm) 15 (> 2 mm) 1 (> 20 mm) Heat Base: 18.3 Cool Base: 18.3 Method: Integration