2020: Jan | Feb | Mar | Apr | May | Jun | Jul | Aug | Sep | Oct | Nov | Dec 
2019: Jan | Feb | Mar | Apr | May | Jun | Jul | Aug | Sep | Oct | Nov | Dec 
2018: Jan | Feb | Mar | Apr | May | Jun | Jul | Aug | Sep | Oct | Nov | Dec 
2017: Jan | Feb | Mar | Apr | May | Jun | Jul | Aug | Sep | Oct | Nov | Dec 
2016: Jan | Feb | Mar | Apr | May | Jun | Jul | Aug | Sep | Oct | Nov | Dec 
2015: Jan | Feb | Mar | Apr | May | Jun | Jul | Aug | Sep | Oct | Nov | Dec 
2014: Jan | Feb | Mar | Apr | May | Jun | Jul | Aug | Sep | Oct | Nov | Dec 
2013: Jan | Feb | Mar | Apr | May | Jun | Jul | Aug | Sep | Oct | Nov | Dec 
2012: Jan | Feb | Mar | Apr | May | Jun | Jul | Aug | Sep | Oct | Nov | Dec 
2011: Jan | Feb | Mar | Apr | May | Jun | Jul | Aug | Sep | Oct | Nov | Dec 
2010: Jan | Feb | Mar | Apr | May | Jun | Jul | Aug | Sep | Oct | Nov | Dec 
2009: Jan | Feb | Mar | Apr | May | Jun | Jul | Aug | Sep | Oct | Nov | Dec 
2008: Jan | Feb | Mar | Apr | May | Jun | Jul | Aug | Sep | Oct | Nov | Dec 
2007: Jan | Feb | Mar | Apr | May | Jun | Jul | Aug | Sep | Oct | Nov | Dec 

Report for 2010 08
MONTHLY CLIMATOLOGICAL SUMMARY for AUG. 2010 NAME: VantagePro2 CITY: Urswick STATE: Cumbria ELEV: 128 ft LAT: 54 09' 33" N LONG: 3 07' 24" W TEMPERATURE (C), RAIN (mm), WIND SPEED (mph) HEAT COOL AVG MEAN DEG DEG WIND DOM DAY TEMP HIGH TIME LOW TIME DAYS DAYS RAIN SPEED HIGH TIME DIR ------------------------------------------------------------------------------------ 1 15.1 17.6 14:50 11.6 6:05 3.3 0.0 0.4 1.4 15.0 13:35 NW 2 15.1 19.3 13:45 10.9 3:35 3.2 0.1 0.0 1.0 13.0 14:20 NW 3 15.0 17.4 16:55 12.7 1:20 3.3 0.0 0.4 0.7 12.0 14:15 NW 4 14.4 17.4 16:25 12.2 23:50 3.9 0.0 2.0 2.8 18.0 14:20 NW 5 14.6 17.8 14:45 11.9 6:50 3.7 0.0 0.8 2.4 15.0 14:25 NW 6 14.8 16.9 15:40 12.2 2:05 3.5 0.0 2.2 1.1 13.0 23:15 S 7 16.3 19.5 15:10 14.7 6:10 2.2 0.1 0.6 1.9 15.0 18:00 NW 8 14.9 18.3 15:10 10.3 23:55 3.4 0.0 0.0 0.5 10.0 10:05 S 9 14.1 18.8 15:40 10.1 1:25 4.3 0.0 2.8 0.7 14.0 15:15 SSE 10 13.6 17.4 15:40 8.7 1:55 4.8 0.0 0.8 1.7 16.0 13:35 S 11 14.2 17.6 14:00 9.7 2:30 4.1 0.0 1.0 3.3 20.0 19:05 NW 12 15.2 19.2 13:30 13.3 4:30 3.2 0.0 6.0 2.7 17.0 16:25 NNW 13 14.4 19.4 13:00 11.3 3:05 3.9 0.0 0.4 1.2 19.0 13:25 N 14 16.1 21.2 15:20 12.6 5:20 2.8 0.5 0.0 0.6 9.0 10:50 NNE 15 16.1 21.7 12:55 10.7 6:30 2.7 0.5 0.0 0.8 11.0 15:45 NW 16 15.0 21.0 12:50 8.0 5:50 3.7 0.4 2.6 1.0 11.0 11:45 NW 17 15.1 18.0 12:25 9.6 00:00 3.2 0.0 3.2 2.2 16.0 15:05 NW 18 13.6 16.9 14:30 7.6 1:40 4.7 0.0 0.6 1.2 10.0 9:40 S 19 15.7 19.2 15:10 13.6 7:05 2.6 0.0 11.4 1.2 12.0 13:55 S 20 17.1 18.8 13:05 15.0 0:05 1.3 0.1 10.8 2.3 15.0 14:40 SSE 21 16.2 19.2 13:35 13.7 6:20 2.2 0.0 0.4 1.9 14.0 13:10 S 22 15.2 18.8 15:45 11.2 22:35 3.1 0.0 0.6 0.9 10.0 11:10 SSW 23 13.1 14.4 12:55 10.8 0:50 5.2 0.0 6.2 1.4 19.0 21:20 NW 24 13.3 16.3 14:30 10.4 9:15 5.0 0.0 3.8 3.3 19.0 18:50 NW 25 13.9 19.9 14:35 9.4 1:45 4.5 0.1 0.0 0.4 7.0 8:45 NW 26 13.6 19.4 15:00 9.4 22:50 4.7 0.0 0.0 0.4 6.0 10:50 ENE 27 11.9 17.6 14:30 5.9 6:25 6.3 0.0 0.0 1.2 15.0 14:40 NW 28 13.8 17.2 13:55 10.2 0:05 4.4 0.0 1.4 4.2 25.0 16:10 NW 29 13.3 16.1 18:05 6.5 00:00 5.0 0.0 1.2 5.6 23.0 7:10 NW 30 10.6 16.9 14:40 3.6 4:40 7.7 0.0 0.0 0.6 9.0 15:45 NW 31 10.8 18.1 14:40 5.2 4:50 7.5 0.0 0.0 0.2 9.0 15:10 SSE ------------------------------------------------------------------------------------- 14.4 21.7 15 3.6 30 123.2 1.9 59.6 1.6 25.0 28 NW Max >= 32.0: 0 Max <= 0.0: 0 Min <= 0.0: 0 Min <= -18.0: 0 Max Rain: 11.40 ON 19/08/10 Days of Rain: 22 (> .2 mm) 10 (> 2 mm) 0 (> 20 mm) Heat Base: 18.3 Cool Base: 18.3 Method: Integration