2020: Jan | Feb | Mar | Apr | May | Jun | Jul | Aug | Sep | Oct | Nov | Dec 
2019: Jan | Feb | Mar | Apr | May | Jun | Jul | Aug | Sep | Oct | Nov | Dec 
2018: Jan | Feb | Mar | Apr | May | Jun | Jul | Aug | Sep | Oct | Nov | Dec 
2017: Jan | Feb | Mar | Apr | May | Jun | Jul | Aug | Sep | Oct | Nov | Dec 
2016: Jan | Feb | Mar | Apr | May | Jun | Jul | Aug | Sep | Oct | Nov | Dec 
2015: Jan | Feb | Mar | Apr | May | Jun | Jul | Aug | Sep | Oct | Nov | Dec 
2014: Jan | Feb | Mar | Apr | May | Jun | Jul | Aug | Sep | Oct | Nov | Dec 
2013: Jan | Feb | Mar | Apr | May | Jun | Jul | Aug | Sep | Oct | Nov | Dec 
2012: Jan | Feb | Mar | Apr | May | Jun | Jul | Aug | Sep | Oct | Nov | Dec 
2011: Jan | Feb | Mar | Apr | May | Jun | Jul | Aug | Sep | Oct | Nov | Dec 
2010: Jan | Feb | Mar | Apr | May | Jun | Jul | Aug | Sep | Oct | Nov | Dec 
2009: Jan | Feb | Mar | Apr | May | Jun | Jul | Aug | Sep | Oct | Nov | Dec 
2008: Jan | Feb | Mar | Apr | May | Jun | Jul | Aug | Sep | Oct | Nov | Dec 
2007: Jan | Feb | Mar | Apr | May | Jun | Jul | Aug | Sep | Oct | Nov | Dec 

Report for 2010 09
MONTHLY CLIMATOLOGICAL SUMMARY for SEP. 2010 NAME: VantagePro2 CITY: Urswick STATE: Cumbria ELEV: 128 ft LAT: 54 09' 33" N LONG: 3 07' 24" W TEMPERATURE (C), RAIN (mm), WIND SPEED (mph) HEAT COOL AVG MEAN DEG DEG WIND DOM DAY TEMP HIGH TIME LOW TIME DAYS DAYS RAIN SPEED HIGH TIME DIR ------------------------------------------------------------------------------------ 1 12.2 20.8 15:30 5.8 1:50 6.3 0.2 0.0 0.2 7.0 16:05 NW 2 15.4 22.4 15:35 8.9 6:35 3.7 0.8 0.0 0.1 4.0 10:15 SSE 3 15.2 21.2 15:15 9.2 6:35 3.7 0.6 0.0 0.0 4.0 13:45 SSE 4 15.1 20.8 14:40 8.7 6:10 3.6 0.4 0.0 0.3 5.0 10:35 SSE 5 16.5 19.8 14:05 13.3 7:15 2.0 0.2 0.0 0.8 9.0 12:20 ENE 6 15.7 20.0 13:50 13.4 5:05 2.7 0.1 7.8 1.6 11.0 19:15 ENE 7 14.2 18.8 13:40 10.6 00:00 4.1 0.0 10.4 0.5 7.0 14:25 SSE 8 13.4 20.8 15:20 8.4 5:30 5.1 0.3 0.0 0.1 5.0 12:30 NNE 9 13.8 18.2 13:20 7.5 3:25 4.5 0.0 0.0 0.7 12.0 10:05 NW 10 16.0 18.1 14:10 13.6 4:20 2.3 0.0 13.4 2.3 17.0 11:50 S 11 15.4 16.7 11:50 13.1 23:55 2.9 0.0 8.6 1.5 13.0 11:25 S 12 14.3 16.8 14:30 12.7 5:45 4.0 0.0 2.2 2.5 15.0 10:20 NW 13 15.3 17.0 19:20 13.8 2:45 2.9 0.0 19.8 4.0 23.0 21:05 S 14 14.9 16.9 13:35 10.8 21:10 3.4 0.0 4.0 4.9 27.0 20:55 NW 15 13.0 14.8 12:00 11.5 0:35 5.3 0.0 4.0 5.7 29.0 8:15 NW 16 12.5 15.3 15:00 9.5 00:00 5.8 0.0 1.0 5.6 22.0 14:05 NW 17 10.7 14.7 14:30 7.7 5:35 7.6 0.0 0.0 3.6 16.0 9:00 NNW 18 11.3 13.7 23:55 8.7 0:10 6.9 0.0 7.6 1.1 13.0 13:10 S 19 14.3 15.3 16:25 13.6 5:25 3.9 0.0 16.4 2.4 13.0 12:10 S 20 15.2 17.6 15:25 14.2 3:35 3.1 0.0 0.4 2.0 15.0 11:05 S 21 15.9 19.4 14:25 13.0 23:45 2.5 0.1 0.0 0.0 6.0 13:45 S 22 14.2 16.7 13:15 10.9 7:05 4.1 0.0 7.8 0.3 7.0 21:55 S 23 14.4 17.1 14:10 11.5 23:40 3.8 0.0 3.0 0.6 10.0 19:30 S 24 10.3 12.9 14:30 4.5 00:00 8.0 0.0 0.2 1.8 21.0 5:50 NNE 25 6.9 13.7 14:30 1.7 6:00 11.4 0.0 0.0 0.8 10.0 10:00 N 26 7.9 15.2 15:20 1.3 6:30 10.3 0.0 0.0 0.3 10.0 10:50 N 27 11.8 14.2 16:20 7.6 1:10 6.5 0.0 0.0 0.0 4.0 9:00 ENE 28 13.7 15.9 12:40 12.4 1:50 4.6 0.0 1.6 0.1 5.0 14:30 E 29 12.8 14.7 12:20 7.3 23:20 5.5 0.0 10.4 0.6 14.0 15:10 S 30 11.7 16.2 14:50 6.9 4:00 6.6 0.0 1.4 0.3 7.0 14:50 SSE ------------------------------------------------------------------------------------- 13.5 22.4 2 1.3 26 147.4 2.7 120.0 1.5 29.0 15 S Max >= 32.0: 0 Max <= 0.0: 0 Min <= 0.0: 0 Min <= -18.0: 0 Max Rain: 19.81 ON 13/09/10 Days of Rain: 18 (> .2 mm) 13 (> 2 mm) 0 (> 20 mm) Heat Base: 18.3 Cool Base: 18.3 Method: Integration