2020: Jan | Feb | Mar | Apr | May | Jun | Jul | Aug | Sep | Oct | Nov | Dec 
2019: Jan | Feb | Mar | Apr | May | Jun | Jul | Aug | Sep | Oct | Nov | Dec 
2018: Jan | Feb | Mar | Apr | May | Jun | Jul | Aug | Sep | Oct | Nov | Dec 
2017: Jan | Feb | Mar | Apr | May | Jun | Jul | Aug | Sep | Oct | Nov | Dec 
2016: Jan | Feb | Mar | Apr | May | Jun | Jul | Aug | Sep | Oct | Nov | Dec 
2015: Jan | Feb | Mar | Apr | May | Jun | Jul | Aug | Sep | Oct | Nov | Dec 
2014: Jan | Feb | Mar | Apr | May | Jun | Jul | Aug | Sep | Oct | Nov | Dec 
2013: Jan | Feb | Mar | Apr | May | Jun | Jul | Aug | Sep | Oct | Nov | Dec 
2012: Jan | Feb | Mar | Apr | May | Jun | Jul | Aug | Sep | Oct | Nov | Dec 
2011: Jan | Feb | Mar | Apr | May | Jun | Jul | Aug | Sep | Oct | Nov | Dec 
2010: Jan | Feb | Mar | Apr | May | Jun | Jul | Aug | Sep | Oct | Nov | Dec 
2009: Jan | Feb | Mar | Apr | May | Jun | Jul | Aug | Sep | Oct | Nov | Dec 
2008: Jan | Feb | Mar | Apr | May | Jun | Jul | Aug | Sep | Oct | Nov | Dec 
2007: Jan | Feb | Mar | Apr | May | Jun | Jul | Aug | Sep | Oct | Nov | Dec 

Report for 2010 10
MONTHLY CLIMATOLOGICAL SUMMARY for OCT. 2010 NAME: VantagePro2 CITY: Urswick STATE: Cumbria ELEV: 128 ft LAT: 54 09' 33" N LONG: 3 07' 24" W TEMPERATURE (C), RAIN (mm), WIND SPEED (mph) HEAT COOL AVG MEAN DEG DEG WIND DOM DAY TEMP HIGH TIME LOW TIME DAYS DAYS RAIN SPEED HIGH TIME DIR ------------------------------------------------------------------------------------ 1 12.9 15.4 16:40 9.2 00:00 5.4 0.0 5.6 1.5 11.0 12:30 S 2 11.1 15.3 14:30 6.4 2:40 7.2 0.0 0.8 0.5 7.0 12:10 S 3 11.9 14.0 15:20 9.7 23:30 6.3 0.0 8.4 0.2 6.0 3:00 SSE 4 13.4 16.8 15:10 9.7 0:10 4.9 0.0 0.6 1.2 13.0 22:00 SSE 5 13.3 15.6 15:10 11.4 22:10 5.0 0.0 4.8 1.6 15.0 16:00 SSE 6 12.8 15.3 14:30 10.0 8:20 5.4 0.0 5.6 1.9 17.0 16:00 S 7 12.5 16.4 15:20 8.2 7:20 5.8 0.0 0.0 0.4 11.0 0:20 S 8 15.1 17.6 13:30 12.2 0:10 3.2 0.0 0.0 1.8 9.0 15:30 ENE 9 13.5 15.9 14:00 9.7 00:00 4.8 0.0 0.0 1.7 12.0 15:50 NE 10 12.5 17.8 15:10 9.2 1:00 5.8 0.0 0.0 0.6 7.0 10:50 NE 11 11.1 17.0 14:40 4.6 00:00 5.8 0.0 0.0 0.0 3.0 0:10 ENE 12 6.5 13.2 15:30 1.9 7:30 11.8 0.0 0.0 0.0 4.0 16:40 SSE 13 6.8 9.4 16:00 2.1 5:30 11.5 0.0 0.0 0.0 4.0 23:00 NNE 14 9.3 11.7 13:50 8.1 7:00 8.9 0.0 0.2 0.1 6.0 15:40 NW 15 10.4 13.2 14:00 6.9 23:50 7.9 0.0 0.0 1.8 15.0 13:40 NNW 16 6.9 13.7 14:30 1.7 7:50 11.4 0.0 0.0 0.1 5.0 0:30 NNE 17 7.9 12.4 23:40 2.3 1:20 10.4 0.0 0.0 0.9 14.0 23:30 SSW 18 11.4 13.8 13:10 8.7 23:40 6.9 0.0 5.6 3.4 18.0 18:00 NW 19 7.6 11.7 13:50 0.8 23:30 10.7 0.0 2.6 2.7 20.0 14:10 NNW 20 4.6 8.8 00:00 -1.3 7:40 13.8 0.0 0.0 1.6 14.0 14:30 NW 21 9.9 12.3 14:20 6.6 8:00 8.4 0.0 3.0 3.7 21.0 5:40 SSW 22 11.2 12.6 12:50 9.9 23:20 7.1 0.0 29.0 2.9 18.0 14:40 S 23 7.2 10.2 0:10 1.0 00:00 11.1 0.0 1.6 0.6 11.0 12:40 NNE 24 3.1 8.9 14:50 -0.8 23:20 15.3 0.0 0.2 0.2 9.0 11:40 NW 25 2.8 10.3 14:50 -3.2 8:10 15.5 0.0 0.0 0.0 5.0 15:30 SSE 26 9.6 14.2 23:20 6.3 5:00 8.7 0.0 15.8 1.2 19.0 23:30 S 27 12.6 13.9 0:10 10.9 20:00 5.7 0.0 3.0 3.4 20.0 1:30 S 28 11.8 13.3 11:30 10.2 6:50 6.5 0.0 1.2 2.0 12.0 0:30 SSE 29 12.3 14.0 17:50 9.4 19:50 6.0 0.0 2.0 3.3 28.0 18:20 S 30 9.8 12.5 14:00 8.1 00:00 8.4 0.0 4.6 1.2 13.0 13:30 SSE 31 9.2 11.7 14:20 5.1 1:50 9.1 0.0 1.2 0.0 5.0 13:50 ENE ------------------------------------------------------------------------------------- 10.0 17.8 10 -3.2 25 254.6 0.0 95.8 1.3 28.0 29 S Max >= 32.0: 0 Max <= 0.0: 0 Min <= 0.0: 3 Min <= -18.0: 0 Max Rain: 29.01 ON 22/10/10 Days of Rain: 19 (> .2 mm) 12 (> 2 mm) 1 (> 20 mm) Heat Base: 18.3 Cool Base: 18.3 Method: Integration