2020: Jan | Feb | Mar | Apr | May | Jun | Jul | Aug | Sep | Oct | Nov | Dec 
2019: Jan | Feb | Mar | Apr | May | Jun | Jul | Aug | Sep | Oct | Nov | Dec 
2018: Jan | Feb | Mar | Apr | May | Jun | Jul | Aug | Sep | Oct | Nov | Dec 
2017: Jan | Feb | Mar | Apr | May | Jun | Jul | Aug | Sep | Oct | Nov | Dec 
2016: Jan | Feb | Mar | Apr | May | Jun | Jul | Aug | Sep | Oct | Nov | Dec 
2015: Jan | Feb | Mar | Apr | May | Jun | Jul | Aug | Sep | Oct | Nov | Dec 
2014: Jan | Feb | Mar | Apr | May | Jun | Jul | Aug | Sep | Oct | Nov | Dec 
2013: Jan | Feb | Mar | Apr | May | Jun | Jul | Aug | Sep | Oct | Nov | Dec 
2012: Jan | Feb | Mar | Apr | May | Jun | Jul | Aug | Sep | Oct | Nov | Dec 
2011: Jan | Feb | Mar | Apr | May | Jun | Jul | Aug | Sep | Oct | Nov | Dec 
2010: Jan | Feb | Mar | Apr | May | Jun | Jul | Aug | Sep | Oct | Nov | Dec 
2009: Jan | Feb | Mar | Apr | May | Jun | Jul | Aug | Sep | Oct | Nov | Dec 
2008: Jan | Feb | Mar | Apr | May | Jun | Jul | Aug | Sep | Oct | Nov | Dec 
2007: Jan | Feb | Mar | Apr | May | Jun | Jul | Aug | Sep | Oct | Nov | Dec 

Report for 2010 11
MONTHLY CLIMATOLOGICAL SUMMARY for NOV. 2010 NAME: VantagePro2 CITY: Urswick STATE: Cumbria ELEV: 128 ft LAT: 54 09' 33" N LONG: 3 07' 24" W TEMPERATURE (C), RAIN (mm), WIND SPEED (mph) HEAT COOL AVG MEAN DEG DEG WIND DOM DAY TEMP HIGH TIME LOW TIME DAYS DAYS RAIN SPEED HIGH TIME DIR ------------------------------------------------------------------------------------ 1 9.6 12.9 22:10 5.1 6:00 8.7 0.0 4.6 1.6 17.0 18:50 SSE 2 11.7 13.4 18:50 9.9 20:00 6.6 0.0 11.8 4.7 26.0 18:50 S 3 10.3 11.5 00:00 9.3 17:50 7.9 0.0 5.8 2.0 17.0 5:40 SSW 4 13.5 14.5 11:40 11.5 0:10 4.8 0.0 13.2 5.3 21.0 4:10 S 5 10.7 12.4 0:40 8.2 23:20 7.6 0.0 2.6 3.2 18.0 0:50 W 6 5.4 9.6 12:50 0.8 7:50 12.9 0.0 0.4 0.8 12.0 14:10 NNW 7 4.8 8.3 13:40 0.6 7:30 13.5 0.0 0.2 1.3 24.0 21:40 S 8 5.1 6.3 22:20 3.8 4:40 13.2 0.0 9.4 2.9 20.0 1:00 S 9 5.8 8.2 12:10 1.2 00:00 12.5 0.0 0.0 2.0 14.0 9:30 NE 10 3.7 7.1 13:50 -0.8 6:20 14.6 0.0 0.0 0.9 9.0 12:20 NW 11 8.8 11.1 16:10 4.6 3:00 9.5 0.0 10.0 7.0 31.0 21:10 SSW 12 9.7 10.6 1:50 8.3 22:20 8.6 0.0 0.0 6.4 31.0 2:40 SSW 13 7.6 9.8 13:10 6.1 21:10 10.7 0.0 1.8 1.9 16.0 0:10 SSW 14 3.9 6.9 14:00 -0.1 21:50 14.3 0.0 3.2 1.2 16.0 13:20 NNW 15 3.3 7.3 13:30 -1.4 6:20 15.0 0.0 11.2 0.0 6.0 19:30 NNW 16 4.0 7.1 13:40 -0.1 3:10 14.3 0.0 0.2 0.2 5.0 22:20 E 17 6.1 7.6 3:30 4.3 0:10 12.2 0.0 3.8 1.4 12.0 15:20 S 18 6.7 8.1 21:30 5.3 5:50 11.6 0.0 2.0 0.7 9.0 3:40 E 19 5.4 9.1 13:40 2.4 23:40 12.9 0.0 0.2 0.0 3.0 22:10 ENE 20 4.4 8.8 13:40 -0.3 8:10 13.9 0.0 0.6 0.3 5.0 18:20 ENE 21 4.6 6.1 13:40 1.9 8:10 13.8 0.0 0.4 0.3 10.0 13:30 N 22 5.6 7.2 12:20 2.9 9:00 12.7 0.0 0.6 0.2 6.0 14:00 ENE 23 2.7 7.1 13:50 -2.2 21:40 15.6 0.0 0.2 0.3 9.0 12:10 NNW 24 0.2 5.2 13:30 -3.3 7:30 18.1 0.0 0.0 0.4 9.0 12:50 NNW 25 0.8 3.7 13:00 -2.4 0:30 17.4 0.0 0.0 2.0 17.0 9:10 NNW 26 -1.4 3.3 12:10 -4.5 00:00 19.7 0.0 0.0 0.1 5.0 14:40 NNW 27 -2.1 1.8 13:30 -6.8 22:40 20.4 0.0 0.2 0.7 14.0 4:30 NNE 28 -1.9 1.0 13:40 -6.8 0:10 20.2 0.0 0.0 0.1 7.0 2:40 E 29 -1.3 2.4 13:00 -5.7 8:20 19.6 0.0 0.2 0.4 9.0 23:10 NNE 30 0.1 1.9 1:50 -2.1 21:40 18.2 0.0 0.4 1.6 12.0 16:40 ENE ------------------------------------------------------------------------------------- 4.9 14.5 4 -6.8 27 401.2 0.0 83.1 1.7 31.0 11 S Max >= 32.0: 0 Max <= 0.0: 0 Min <= 0.0: 13 Min <= -18.0: 0 Max Rain: 13.21 ON 04/11/10 Days of Rain: 23 (> .2 mm) 11 (> 2 mm) 0 (> 20 mm) Heat Base: 18.3 Cool Base: 18.3 Method: Integration