2020: Jan | Feb | Mar | Apr | May | Jun | Jul | Aug | Sep | Oct | Nov | Dec 
2019: Jan | Feb | Mar | Apr | May | Jun | Jul | Aug | Sep | Oct | Nov | Dec 
2018: Jan | Feb | Mar | Apr | May | Jun | Jul | Aug | Sep | Oct | Nov | Dec 
2017: Jan | Feb | Mar | Apr | May | Jun | Jul | Aug | Sep | Oct | Nov | Dec 
2016: Jan | Feb | Mar | Apr | May | Jun | Jul | Aug | Sep | Oct | Nov | Dec 
2015: Jan | Feb | Mar | Apr | May | Jun | Jul | Aug | Sep | Oct | Nov | Dec 
2014: Jan | Feb | Mar | Apr | May | Jun | Jul | Aug | Sep | Oct | Nov | Dec 
2013: Jan | Feb | Mar | Apr | May | Jun | Jul | Aug | Sep | Oct | Nov | Dec 
2012: Jan | Feb | Mar | Apr | May | Jun | Jul | Aug | Sep | Oct | Nov | Dec 
2011: Jan | Feb | Mar | Apr | May | Jun | Jul | Aug | Sep | Oct | Nov | Dec 
2010: Jan | Feb | Mar | Apr | May | Jun | Jul | Aug | Sep | Oct | Nov | Dec 
2009: Jan | Feb | Mar | Apr | May | Jun | Jul | Aug | Sep | Oct | Nov | Dec 
2008: Jan | Feb | Mar | Apr | May | Jun | Jul | Aug | Sep | Oct | Nov | Dec 
2007: Jan | Feb | Mar | Apr | May | Jun | Jul | Aug | Sep | Oct | Nov | Dec 

Report for 2010 12
MONTHLY CLIMATOLOGICAL SUMMARY for DEC. 2010 NAME: VantagePro2 CITY: Urswick STATE: Cumbria ELEV: 128 ft LAT: 54 09' 33" N LONG: 3 07' 24" W TEMPERATURE (C), RAIN (mm), WIND SPEED (mph) HEAT COOL AVG MEAN DEG DEG WIND DOM DAY TEMP HIGH TIME LOW TIME DAYS DAYS RAIN SPEED HIGH TIME DIR ------------------------------------------------------------------------------------ 1 -1.3 0.7 13:20 -2.8 2:40 19.6 0.0 0.0 1.2 11.0 14:20 ENE 2 -1.3 2.3 13:40 -6.8 00:00 19.6 0.0 0.2 0.7 10.0 15:10 NNE 3 -3.1 1.6 23:50 -9.1 5:10 21.3 0.0 0.0 1.0 12.0 13:50 S 4 0.4 1.9 15:20 -3.6 23:30 17.8 0.0 6.0 0.1 5.0 3:30 N 5 -3.0 3.3 13:50 -7.8 23:50 21.3 0.0 0.6 0.0 4.0 4:10 N 6 -3.4 -1.8 20:50 -8.4 3:00 21.7 0.0 0.0 0.0 3.0 6:20 ENE 7 -2.5 0.6 11:10 -10.7 00:00 20.8 0.0 0.0 0.0 3.0 21:10 NNE 8 -7.9 -0.3 13:50 -12.0 8:40 26.2 0.0 0.2 0.0 4.0 23:40 E 9 1.6 5.7 23:30 -7.5 1:30 16.8 0.0 4.0 1.3 17.0 20:30 NW 10 7.1 7.7 12:40 5.6 0:10 11.2 0.0 0.8 4.4 20.0 19:00 NW 11 5.2 8.7 12:40 -1.8 23:30 13.1 0.0 0.0 2.7 21.0 3:30 NW 12 0.3 6.2 14:00 -2.9 3:40 18.0 0.0 0.2 0.0 3.0 3:50 E 13 1.5 4.7 13:50 -2.3 22:30 16.8 0.0 0.0 0.0 4.0 23:20 ENE 14 1.4 6.5 12:40 -3.2 4:20 16.9 0.0 0.0 0.2 10.0 13:20 NNE 15 3.3 7.2 21:20 -1.9 4:30 15.0 0.0 0.2 1.2 19.0 21:20 NW 16 2.8 7.9 4:20 -3.3 18:40 15.4 0.0 4.8 4.4 27.0 2:50 NW 17 -1.1 0.7 13:20 -3.0 20:40 19.4 0.0 0.0 2.4 14.0 10:00 NNW 18 -2.6 -0.3 13:50 -8.9 23:40 20.9 0.0 0.0 0.7 7.0 9:30 ENE 19 -5.2 0.8 13:50 -9.6 9:20 23.5 0.0 1.0 0.0 3.0 11:30 ESE 20 -5.3 -0.3 13:30 -11.3 22:30 23.6 0.0 0.2 0.0 3.0 3:50 ENE 21 -5.8 -1.2 13:40 -11.4 0:30 24.1 0.0 0.0 0.0 3.0 12:50 ENE 22 -2.9 2.5 13:50 -7.2 22:50 21.2 0.0 0.6 0.0 5.0 17:40 NE 23 -3.3 1.2 13:10 -7.6 22:10 21.7 0.0 0.0 0.1 9.0 11:40 N 24 -6.8 1.3 14:00 -10.2 9:00 25.1 0.0 0.2 0.0 2.0 2:00 N 25 -6.3 -0.7 12:40 -11.1 4:20 24.6 0.0 0.0 0.0 3.0 13:00 NE 26 -2.4 1.0 21:30 -7.9 2:20 20.7 0.0 0.2 0.2 7.0 20:40 NE 27 1.7 2.2 15:20 0.9 0:10 16.7 0.0 12.6 0.8 9.0 5:40 S 28 2.8 5.1 23:50 1.7 3:50 15.5 0.0 10.0 0.0 3.0 0:20 E 29 5.6 6.9 12:40 4.3 16:20 12.7 0.0 1.4 0.0 3.0 00:00 E 30 6.2 7.7 12:40 5.1 19:10 12.1 0.0 0.0 0.0 3.0 1:50 ENE 31 5.6 7.3 23:50 4.1 8:20 12.8 0.0 0.0 0.4 11.0 21:30 E ------------------------------------------------------------------------------------- -0.6 8.7 11 -12.0 8 586.2 0.0 43.2 0.7 27.0 16 NW Max >= 32.0: 0 Max <= 0.0: 6 Min <= 0.0: 25 Min <= -18.0: 0 Max Rain: 12.60 ON 27/12/10 Days of Rain: 17 (> .2 mm) 5 (> 2 mm) 0 (> 20 mm) Heat Base: 18.3 Cool Base: 18.3 Method: Integration