2020: Jan | Feb | Mar | Apr | May | Jun | Jul | Aug | Sep | Oct | Nov | Dec 
2019: Jan | Feb | Mar | Apr | May | Jun | Jul | Aug | Sep | Oct | Nov | Dec 
2018: Jan | Feb | Mar | Apr | May | Jun | Jul | Aug | Sep | Oct | Nov | Dec 
2017: Jan | Feb | Mar | Apr | May | Jun | Jul | Aug | Sep | Oct | Nov | Dec 
2016: Jan | Feb | Mar | Apr | May | Jun | Jul | Aug | Sep | Oct | Nov | Dec 
2015: Jan | Feb | Mar | Apr | May | Jun | Jul | Aug | Sep | Oct | Nov | Dec 
2014: Jan | Feb | Mar | Apr | May | Jun | Jul | Aug | Sep | Oct | Nov | Dec 
2013: Jan | Feb | Mar | Apr | May | Jun | Jul | Aug | Sep | Oct | Nov | Dec 
2012: Jan | Feb | Mar | Apr | May | Jun | Jul | Aug | Sep | Oct | Nov | Dec 
2011: Jan | Feb | Mar | Apr | May | Jun | Jul | Aug | Sep | Oct | Nov | Dec 
2010: Jan | Feb | Mar | Apr | May | Jun | Jul | Aug | Sep | Oct | Nov | Dec 
2009: Jan | Feb | Mar | Apr | May | Jun | Jul | Aug | Sep | Oct | Nov | Dec 
2008: Jan | Feb | Mar | Apr | May | Jun | Jul | Aug | Sep | Oct | Nov | Dec 
2007: Jan | Feb | Mar | Apr | May | Jun | Jul | Aug | Sep | Oct | Nov | Dec 

Report for 2011
ANNUAL CLIMATOLOGICAL SUMMARY NAME: VantagePro2 CITY: Urswick STATE: Cumbria ELEV: 128 ft LAT: 54 09' 33" N LONG: 3 07' 24" W TEMPERATURE (C), HEAT BASE 18.3, COOL BASE 18.3 DEP. HEAT COOL MEAN MEAN FROM DEG DEG MAX MAX MIN MIN YR MO MAX MIN MEAN NORM DAYS DAYS HI DATE LOW DATE >=32 <=0 <=0 <=-18 ------------------------------------------------------------------------------------ 11 1 6.3 -0.0 3.3 -0.5 465 0 10.5 13 -5.9 21 0 0 15 0 11 2 8.1 3.4 6.0 2.1 344 0 10.3 24 -1.3 8 0 0 2 0 11 3 10.3 1.7 6.0 0.2 382 0 16.9 24 -3.7 8 0 0 10 0 11 4 15.8 6.4 11.0 3.4 222 4 24.0 21 0.4 28 0 0 0 0 11 5 15.4 8.4 11.7 1.0 204 0 20.1 6 1.6 4 0 0 0 0 11 6 17.2 9.2 13.4 -0.1 154 6 26.7 3 3.7 11 0 0 0 0 11 7 19.1 10.4 14.8 -1.1 115 6 25.0 4 5.9 1 0 0 0 0 11 8 17.7 7.3 14.3 -1.4 124 1 21.4 3 -39.6 11 0 0 2 2 11 9 17.0 6.3 14.3 1.0 113 4 24.9 30 -39.6 9 0 0 3 3 11 10 13.9 -6.4 10.4 0.4 159 1 23.2 1 -39.6 2 0 1 10 10 11 11 -0.1 -12.0 -3.1 -9.6 180 0 13.7 2 -39.6 3 0 6 13 11 11 12 8.0 3.4 5.9 1.2 294 0 12.0 26 -3.0 18 0 0 5 0 ------------------------------------------------------------------------------------ 12.5 3.3 9.1 -0.3 2757 21 26.7 JUN -39.6 AUG 0 7 60 26 PRECIPITATION (mm) DEP. MAX DAYS OF RAIN FROM OBS. OVER YR MO TOTAL NORM DAY DATE .2 2 20 --------------------------------------------- 11 1 80.8 -13.2 12.0 4 22 9 0 11 2 138.2 71.2 22.8 5 25 18 1 11 3 46.8 -26.2 12.4 11 17 7 0 11 4 21.2 -38.8 8.6 14 17 1 0 11 5 102.8 43.8 15.4 16 24 13 0 11 6 70.2 4.2 17.8 12 16 9 0 11 7 74.0 17.0 13.8 16 13 10 0 11 8 127.3 55.3 16.0 10 22 15 0 11 9 128.0 48.0 23.8 3 24 15 2 11 10 125.4 32.4 16.8 12 23 17 0 11 11 80.0 -13.0 11.0 24 25 12 0 11 12 126.0 25.0 11.4 30 28 24 0 --------------------------------------------- 1120.6 205.6 23.8 SEP 256 150 3 WIND SPEED (mph) DOM YR MO AVG. HI DATE DIR --------------------------------- 11 1 1.6 30.0 8 S 11 2 2.1 39.0 3 S 11 3 1.4 28.0 31 S 11 4 2.0 29.0 4 S 11 5 2.6 27.0 14 S 11 6 1.4 20.0 21 S 11 7 1.0 21.0 17 NW 11 8 1.2 23.0 8 NW 11 9 1.7 27.0 12 S 11 10 2.0 32.0 17 S 11 11 1.9 30.0 27 S 11 12 4.0 34.0 8 S --------------------------------- 1.9 39.0 FEB S