2020: Jan | Feb | Mar | Apr | May | Jun | Jul | Aug | Sep | Oct | Nov | Dec 
2019: Jan | Feb | Mar | Apr | May | Jun | Jul | Aug | Sep | Oct | Nov | Dec 
2018: Jan | Feb | Mar | Apr | May | Jun | Jul | Aug | Sep | Oct | Nov | Dec 
2017: Jan | Feb | Mar | Apr | May | Jun | Jul | Aug | Sep | Oct | Nov | Dec 
2016: Jan | Feb | Mar | Apr | May | Jun | Jul | Aug | Sep | Oct | Nov | Dec 
2015: Jan | Feb | Mar | Apr | May | Jun | Jul | Aug | Sep | Oct | Nov | Dec 
2014: Jan | Feb | Mar | Apr | May | Jun | Jul | Aug | Sep | Oct | Nov | Dec 
2013: Jan | Feb | Mar | Apr | May | Jun | Jul | Aug | Sep | Oct | Nov | Dec 
2012: Jan | Feb | Mar | Apr | May | Jun | Jul | Aug | Sep | Oct | Nov | Dec 
2011: Jan | Feb | Mar | Apr | May | Jun | Jul | Aug | Sep | Oct | Nov | Dec 
2010: Jan | Feb | Mar | Apr | May | Jun | Jul | Aug | Sep | Oct | Nov | Dec 
2009: Jan | Feb | Mar | Apr | May | Jun | Jul | Aug | Sep | Oct | Nov | Dec 
2008: Jan | Feb | Mar | Apr | May | Jun | Jul | Aug | Sep | Oct | Nov | Dec 
2007: Jan | Feb | Mar | Apr | May | Jun | Jul | Aug | Sep | Oct | Nov | Dec 

Report for 2011 01
MONTHLY CLIMATOLOGICAL SUMMARY for JAN. 2011 NAME: VantagePro2 CITY: Urswick STATE: Cumbria ELEV: 128 ft LAT: 54 09' 33" N LONG: 3 07' 24" W TEMPERATURE (C), RAIN (mm), WIND SPEED (mph) HEAT COOL AVG MEAN DEG DEG WIND DOM DAY TEMP HIGH TIME LOW TIME DAYS DAYS RAIN SPEED HIGH TIME DIR ------------------------------------------------------------------------------------ 1 4.1 7.5 0:10 -0.6 23:00 14.2 0.0 0.2 1.1 13.0 0:50 ENE 2 0.9 3.1 13:30 -1.8 2:20 17.4 0.0 0.0 0.1 4.0 12:50 N 3 1.7 3.8 23:20 -0.3 8:30 16.6 0.0 0.0 0.4 9.0 23:50 S 4 4.8 6.2 23:10 2.7 1:20 13.5 0.0 12.0 3.7 18.0 23:50 S 5 4.4 5.9 1:00 2.0 00:00 13.8 0.0 8.8 2.7 17.0 21:10 S 6 2.3 6.1 12:20 -4.6 00:00 16.0 0.0 0.0 0.9 13.0 14:40 NNW 7 -0.2 4.2 00:00 -5.5 3:20 18.5 0.0 7.0 0.6 6.0 17:30 ENE 8 3.7 5.2 14:00 1.2 9:40 14.6 0.0 6.6 3.2 30.0 00:00 S 9 4.0 6.9 13:40 0.3 23:40 14.3 0.0 0.8 3.6 24.0 0:10 NW 10 4.3 6.5 23:30 0.9 0:10 14.0 0.0 10.8 2.3 16.0 11:40 S 11 3.9 7.2 3:00 0.2 18:10 14.4 0.0 0.8 2.3 16.0 7:20 NW 12 6.3 9.9 14:10 2.9 0:10 12.0 0.0 7.0 1.0 14.0 14:00 SSW 13 8.4 10.5 12:40 6.8 0:10 9.9 0.0 8.4 2.1 15.0 7:30 S 14 7.7 9.2 14:00 6.1 21:40 10.6 0.0 0.6 2.9 16.0 7:40 S 15 8.7 9.6 00:00 6.6 2:50 9.6 0.0 11.4 5.9 27.0 14:50 S 16 8.3 9.7 1:50 4.8 23:50 10.0 0.0 2.8 3.5 20.0 2:30 S 17 4.4 8.3 12:10 -0.9 23:50 13.9 0.0 0.2 0.3 6.0 0:10 SSW 18 1.2 6.2 14:20 -2.0 1:40 17.1 0.0 0.2 1.1 13.0 13:50 NW 19 3.4 7.8 12:30 -1.6 23:50 14.9 0.0 0.0 0.7 9.0 10:40 NW 20 -2.0 4.4 13:40 -5.3 8:00 20.3 0.0 0.2 0.2 5.0 14:30 WNW 21 -2.3 1.7 12:50 -5.9 8:40 20.6 0.0 0.2 0.0 5.0 2:10 NW 22 -0.6 3.7 14:10 -4.8 0:50 18.9 0.0 0.2 0.0 2.0 0:20 SE 23 3.9 7.4 14:30 1.6 4:30 14.3 0.0 0.0 0.0 4.0 0:30 NW 24 5.5 7.6 22:10 2.9 0:20 12.8 0.0 0.0 4.0 20.0 20:10 NW 25 6.8 8.8 12:20 3.3 00:00 11.5 0.0 0.8 3.7 18.0 1:40 NW 26 4.6 7.2 14:10 1.7 00:00 13.8 0.0 0.2 2.0 17.0 9:40 ENE 27 2.3 3.7 13:20 0.6 23:40 16.0 0.0 0.2 0.4 9.0 11:50 E 28 0.7 5.2 14:00 -4.4 00:00 17.6 0.0 0.0 0.0 5.0 12:30 E 29 -2.0 3.7 14:00 -5.9 4:40 20.3 0.0 0.0 0.0 4.0 11:30 SSE 30 0.7 2.3 13:10 -1.1 23:20 17.6 0.0 0.0 0.2 7.0 15:30 S 31 1.9 4.5 10:50 -0.4 0:10 16.4 0.0 1.4 0.7 10.0 18:40 S ------------------------------------------------------------------------------------- 3.3 10.5 13 -5.9 21 465.2 0.0 80.8 1.6 30.0 8 S Max >= 32.0: 0 Max <= 0.0: 0 Min <= 0.0: 15 Min <= -18.0: 0 Max Rain: 11.99 ON 04/01/11 Days of Rain: 22 (> .2 mm) 9 (> 2 mm) 0 (> 20 mm) Heat Base: 18.3 Cool Base: 18.3 Method: Integration