2020: Jan | Feb | Mar | Apr | May | Jun | Jul | Aug | Sep | Oct | Nov | Dec 
2019: Jan | Feb | Mar | Apr | May | Jun | Jul | Aug | Sep | Oct | Nov | Dec 
2018: Jan | Feb | Mar | Apr | May | Jun | Jul | Aug | Sep | Oct | Nov | Dec 
2017: Jan | Feb | Mar | Apr | May | Jun | Jul | Aug | Sep | Oct | Nov | Dec 
2016: Jan | Feb | Mar | Apr | May | Jun | Jul | Aug | Sep | Oct | Nov | Dec 
2015: Jan | Feb | Mar | Apr | May | Jun | Jul | Aug | Sep | Oct | Nov | Dec 
2014: Jan | Feb | Mar | Apr | May | Jun | Jul | Aug | Sep | Oct | Nov | Dec 
2013: Jan | Feb | Mar | Apr | May | Jun | Jul | Aug | Sep | Oct | Nov | Dec 
2012: Jan | Feb | Mar | Apr | May | Jun | Jul | Aug | Sep | Oct | Nov | Dec 
2011: Jan | Feb | Mar | Apr | May | Jun | Jul | Aug | Sep | Oct | Nov | Dec 
2010: Jan | Feb | Mar | Apr | May | Jun | Jul | Aug | Sep | Oct | Nov | Dec 
2009: Jan | Feb | Mar | Apr | May | Jun | Jul | Aug | Sep | Oct | Nov | Dec 
2008: Jan | Feb | Mar | Apr | May | Jun | Jul | Aug | Sep | Oct | Nov | Dec 
2007: Jan | Feb | Mar | Apr | May | Jun | Jul | Aug | Sep | Oct | Nov | Dec 

Report for 2011 02
MONTHLY CLIMATOLOGICAL SUMMARY for FEB. 2011 NAME: VantagePro2 CITY: Urswick STATE: Cumbria ELEV: 128 ft LAT: 54 09' 33" N LONG: 3 07' 24" W TEMPERATURE (C), RAIN (mm), WIND SPEED (mph) HEAT COOL AVG MEAN DEG DEG WIND DOM DAY TEMP HIGH TIME LOW TIME DAYS DAYS RAIN SPEED HIGH TIME DIR ------------------------------------------------------------------------------------ 1 7.0 8.9 11:40 2.1 0:10 11.3 0.0 9.4 3.0 16.0 3:30 S 2 7.3 8.7 14:50 5.3 3:00 11.0 0.0 3.6 4.8 21.0 7:10 S 3 6.8 9.4 21:20 4.9 7:30 11.5 0.0 0.4 5.9 39.0 21:10 S 4 8.6 9.6 19:00 6.8 7:50 9.7 0.0 7.6 7.1 31.0 19:10 S 5 7.8 9.7 2:20 6.3 00:00 10.5 0.0 22.8 2.7 32.0 0:20 S 6 7.4 9.6 14:40 5.8 20:20 10.9 0.0 13.8 2.8 29.0 13:10 S 7 6.7 9.6 9:30 2.1 22:10 11.6 0.0 3.2 5.9 35.0 10:20 S 8 3.3 7.6 14:20 -1.3 7:20 15.0 0.0 4.2 0.5 11.0 11:50 E 9 7.2 8.9 15:40 5.1 0:10 11.1 0.0 13.0 1.7 11.0 3:10 S 10 6.0 9.4 14:20 2.3 8:30 12.3 0.0 3.6 0.6 9.0 3:00 E 11 6.6 8.1 15:10 5.1 0:10 11.8 0.0 10.2 0.4 6.0 21:20 E 12 6.1 7.9 14:40 2.1 19:30 12.3 0.0 3.4 0.8 9.0 6:30 S 13 6.5 8.2 12:30 4.7 0:40 11.8 0.0 4.6 2.1 17.0 12:00 SSW 14 4.4 6.7 13:50 1.2 20:30 13.8 0.0 2.4 1.7 17.0 9:50 S 15 3.8 5.8 16:40 0.9 5:00 14.5 0.0 1.0 1.2 11.0 11:40 E 16 5.4 9.8 14:40 1.6 7:50 12.9 0.0 1.0 0.1 7.0 9:30 S 17 5.5 8.4 15:00 2.6 6:40 12.8 0.0 0.0 0.2 6.0 10:20 E 18 4.9 5.9 0:10 3.6 22:10 13.3 0.0 0.2 1.5 10.0 15:30 E 19 3.2 4.1 0:10 2.3 4:00 15.1 0.0 8.0 1.1 10.0 0:30 E 20 4.1 5.3 13:00 3.0 2:30 14.2 0.0 0.0 0.4 10.0 16:00 E 21 3.2 3.9 2:00 2.5 8:50 15.1 0.0 6.2 1.2 7.0 3:40 E 22 5.3 6.9 19:30 3.4 0:10 12.9 0.0 0.2 0.0 5.0 23:40 E 23 7.6 9.1 15:10 6.3 2:20 10.8 0.0 11.8 1.4 15.0 16:20 S 24 8.3 10.3 13:10 6.8 4:50 10.0 0.0 1.4 1.6 16.0 13:20 S 25 8.6 9.9 5:20 6.7 2:20 9.7 0.0 3.2 2.5 20.0 9:40 S 26 7.0 9.2 13:40 3.3 23:10 11.3 0.0 2.0 4.5 19.0 10:30 NW 27 5.7 9.3 13:40 1.0 00:00 12.6 0.0 1.0 3.0 20.0 12:10 NW 28 3.8 7.7 13:10 -0.3 00:00 14.5 0.0 0.0 0.3 10.0 10:20 E ------------------------------------------------------------------------------------- 6.0 10.3 24 -1.3 8 344.2 0.0 138.2 2.1 39.0 3 S Max >= 32.0: 0 Max <= 0.0: 0 Min <= 0.0: 2 Min <= -18.0: 0 Max Rain: 22.81 ON 05/02/11 Days of Rain: 25 (> .2 mm) 18 (> 2 mm) 1 (> 20 mm) Heat Base: 18.3 Cool Base: 18.3 Method: Integration